{"id":8742,"date":"2022-09-03T16:20:01","date_gmt":"2022-09-03T14:20:01","guid":{"rendered":"https:\/\/www.festivalethnos.it\/wp-content\/uploads\/2022\/09\/1200px-De_la_poes\u00eda_a_la_m\u00fasica_de_ra\u00edz_sonidos_de_la_segunda_noche_de_San_Isidro_07.jpg"},"modified":"2022-09-03T16:20:01","modified_gmt":"2022-09-03T14:20:01","slug":"1200px-de_la_poesia_a_la_musica_de_raiz_sonidos_de_la_segunda_noche_de_san_isidro_07","status":"inherit","type":"attachment","link":"https:\/\/www.festivalethnos.it\/?attachment_id=8742","title":{"rendered":"1200px-De_la_poes\u00eda_a_la_m\u00fasica_de_ra\u00edz,_sonidos_de_la_segunda_noche_de_San_Isidro_07"},"author":1,"featured_media":0,"comment_status":"closed","ping_status":"closed","template":"","meta":[],"class_list":["post-8742","attachment","type-attachment","status-inherit","hentry"],"description":{"rendered":"<p class=\"attachment\"><a href='https:\/\/www.festivalethnos.it\/wp-content\/uploads\/2022\/09\/1200px-De_la_poes\u00eda_a_la_m\u00fasica_de_ra\u00edz_sonidos_de_la_segunda_noche_de_San_Isidro_07.jpg'><img fetchpriority=\"high\" decoding=\"async\" width=\"300\" height=\"185\" src=\"https:\/\/www.festivalethnos.it\/wp-content\/uploads\/2022\/09\/1200px-De_la_poes\u00eda_a_la_m\u00fasica_de_ra\u00edz_sonidos_de_la_segunda_noche_de_San_Isidro_07-300x185.jpg\" class=\"attachment-medium size-medium\" alt=\"\" srcset=\"https:\/\/www.festivalethnos.it\/wp-content\/uploads\/2022\/09\/1200px-De_la_poes\u00eda_a_la_m\u00fasica_de_ra\u00edz_sonidos_de_la_segunda_noche_de_San_Isidro_07-300x185.jpg 300w, https:\/\/www.festivalethnos.it\/wp-content\/uploads\/2022\/09\/1200px-De_la_poes\u00eda_a_la_m\u00fasica_de_ra\u00edz_sonidos_de_la_segunda_noche_de_San_Isidro_07-690x426.jpg 690w, https:\/\/www.festivalethnos.it\/wp-content\/uploads\/2022\/09\/1200px-De_la_poes\u00eda_a_la_m\u00fasica_de_ra\u00edz_sonidos_de_la_segunda_noche_de_San_Isidro_07-768x474.jpg 768w, https:\/\/www.festivalethnos.it\/wp-content\/uploads\/2022\/09\/1200px-De_la_poes\u00eda_a_la_m\u00fasica_de_ra\u00edz_sonidos_de_la_segunda_noche_de_San_Isidro_07-720x445.jpg 720w, https:\/\/www.festivalethnos.it\/wp-content\/uploads\/2022\/09\/1200px-De_la_poes\u00eda_a_la_m\u00fasica_de_ra\u00edz_sonidos_de_la_segunda_noche_de_San_Isidro_07-188x116.jpg 188w, https:\/\/www.festivalethnos.it\/wp-content\/uploads\/2022\/09\/1200px-De_la_poes\u00eda_a_la_m\u00fasica_de_ra\u00edz_sonidos_de_la_segunda_noche_de_San_Isidro_07.jpg 1200w\" sizes=\"(max-width: 300px) 100vw, 300px\" \/><\/a><\/p>\n"},"caption":{"rendered":""},"alt_text":"","media_type":"image","mime_type":"image\/jpeg","media_details":{"width":1200,"height":741,"file":"2022\/09\/1200px-De_la_poes\u00eda_a_la_m\u00fasica_de_ra\u00edz_sonidos_de_la_segunda_noche_de_San_Isidro_07.jpg","sizes":{"medium":{"file":"1200px-De_la_poes\u00eda_a_la_m\u00fasica_de_ra\u00edz_sonidos_de_la_segunda_noche_de_San_Isidro_07-300x185.jpg","width":300,"height":185,"mime_type":"image\/jpeg","source_url":"https:\/\/www.festivalethnos.it\/wp-content\/uploads\/2022\/09\/1200px-De_la_poes\u00eda_a_la_m\u00fasica_de_ra\u00edz_sonidos_de_la_segunda_noche_de_San_Isidro_07-300x185.jpg"},"large":{"file":"1200px-De_la_poes\u00eda_a_la_m\u00fasica_de_ra\u00edz_sonidos_de_la_segunda_noche_de_San_Isidro_07-690x426.jpg","width":690,"height":426,"mime_type":"image\/jpeg","source_url":"https:\/\/www.festivalethnos.it\/wp-content\/uploads\/2022\/09\/1200px-De_la_poes\u00eda_a_la_m\u00fasica_de_ra\u00edz_sonidos_de_la_segunda_noche_de_San_Isidro_07-690x426.jpg"},"thumbnail":{"file":"1200px-De_la_poes\u00eda_a_la_m\u00fasica_de_ra\u00edz_sonidos_de_la_segunda_noche_de_San_Isidro_07-150x150.jpg","width":150,"height":150,"mime_type":"image\/jpeg","source_url":"https:\/\/www.festivalethnos.it\/wp-content\/uploads\/2022\/09\/1200px-De_la_poes\u00eda_a_la_m\u00fasica_de_ra\u00edz_sonidos_de_la_segunda_noche_de_San_Isidro_07-150x150.jpg"},"medium_large":{"file":"1200px-De_la_poes\u00eda_a_la_m\u00fasica_de_ra\u00edz_sonidos_de_la_segunda_noche_de_San_Isidro_07-768x474.jpg","width":768,"height":474,"mime_type":"image\/jpeg","source_url":"https:\/\/www.festivalethnos.it\/wp-content\/uploads\/2022\/09\/1200px-De_la_poes\u00eda_a_la_m\u00fasica_de_ra\u00edz_sonidos_de_la_segunda_noche_de_San_Isidro_07-768x474.jpg"},"post-thumbnail":{"file":"1200px-De_la_poes\u00eda_a_la_m\u00fasica_de_ra\u00edz_sonidos_de_la_segunda_noche_de_San_Isidro_07-280x210.jpg","width":280,"height":210,"mime_type":"image\/jpeg","source_url":"https:\/\/www.festivalethnos.it\/wp-content\/uploads\/2022\/09\/1200px-De_la_poes\u00eda_a_la_m\u00fasica_de_ra\u00edz_sonidos_de_la_segunda_noche_de_San_Isidro_07-280x210.jpg"},"screen-shot":{"file":"1200px-De_la_poes\u00eda_a_la_m\u00fasica_de_ra\u00edz_sonidos_de_la_segunda_noche_de_San_Isidro_07-720x445.jpg","width":720,"height":445,"mime_type":"image\/jpeg","source_url":"https:\/\/www.festivalethnos.it\/wp-content\/uploads\/2022\/09\/1200px-De_la_poes\u00eda_a_la_m\u00fasica_de_ra\u00edz_sonidos_de_la_segunda_noche_de_San_Isidro_07-720x445.jpg"},"form-edit-image-preview":{"file":"1200px-De_la_poes\u00eda_a_la_m\u00fasica_de_ra\u00edz_sonidos_de_la_segunda_noche_de_San_Isidro_07-188x116.jpg","width":188,"height":116,"mime_type":"image\/jpeg","source_url":"https:\/\/www.festivalethnos.it\/wp-content\/uploads\/2022\/09\/1200px-De_la_poes\u00eda_a_la_m\u00fasica_de_ra\u00edz_sonidos_de_la_segunda_noche_de_San_Isidro_07-188x116.jpg"},"maxslider_slide":{"file":"1200px-De_la_poes\u00eda_a_la_m\u00fasica_de_ra\u00edz_sonidos_de_la_segunda_noche_de_San_Isidro_07-750x450.jpg","width":750,"height":450,"mime_type":"image\/jpeg","source_url":"https:\/\/www.festivalethnos.it\/wp-content\/uploads\/2022\/09\/1200px-De_la_poes\u00eda_a_la_m\u00fasica_de_ra\u00edz_sonidos_de_la_segunda_noche_de_San_Isidro_07-750x450.jpg"},"sow-carousel-default":{"file":"1200px-De_la_poes\u00eda_a_la_m\u00fasica_de_ra\u00edz_sonidos_de_la_segunda_noche_de_San_Isidro_07-272x182.jpg","width":272,"height":182,"mime_type":"image\/jpeg","source_url":"https:\/\/www.festivalethnos.it\/wp-content\/uploads\/2022\/09\/1200px-De_la_poes\u00eda_a_la_m\u00fasica_de_ra\u00edz_sonidos_de_la_segunda_noche_de_San_Isidro_07-272x182.jpg"},"full":{"file":"1200px-De_la_poes\u00eda_a_la_m\u00fasica_de_ra\u00edz_sonidos_de_la_segunda_noche_de_San_Isidro_07.jpg","width":1200,"height":741,"mime_type":"image\/jpeg","source_url":"https:\/\/www.festivalethnos.it\/wp-content\/uploads\/2022\/09\/1200px-De_la_poes\u00eda_a_la_m\u00fasica_de_ra\u00edz_sonidos_de_la_segunda_noche_de_San_Isidro_07.jpg"}},"image_meta":{"aperture":"0","credit":"nabscab","camera":"","caption":"","created_timestamp":"0","copyright":"nabscab","focal_length":"0","iso":"0","shutter_speed":"0","title":"","orientation":"0","keywords":[]}},"post":8740,"source_url":"https:\/\/www.festivalethnos.it\/wp-content\/uploads\/2022\/09\/1200px-De_la_poes\u00eda_a_la_m\u00fasica_de_ra\u00edz_sonidos_de_la_segunda_noche_de_San_Isidro_07.jpg","_links":{"self":[{"href":"https:\/\/www.festivalethnos.it\/index.php?rest_route=\/wp\/v2\/media\/8742","targetHints":{"allow":["GET"]}}],"collection":[{"href":"https:\/\/www.festivalethnos.it\/index.php?rest_route=\/wp\/v2\/media"}],"about":[{"href":"https:\/\/www.festivalethnos.it\/index.php?rest_route=\/wp\/v2\/types\/attachment"}],"author":[{"embeddable":true,"href":"https:\/\/www.festivalethnos.it\/index.php?rest_route=\/wp\/v2\/users\/1"}],"replies":[{"embeddable":true,"href":"https:\/\/www.festivalethnos.it\/index.php?rest_route=%2Fwp%2Fv2%2Fcomments&post=8742"}],"wp:attached-to":[{"embeddable":true,"post_type":"page","id":8740,"href":"https:\/\/www.festivalethnos.it\/index.php?rest_route=\/wp\/v2\/pages\/8740"}],"curies":[{"name":"wp","href":"https:\/\/api.w.org\/{rel}","templated":true}]}}

https://www.festivalethnos.it/wp-content/uploads/2022/09/1200px-De_la_poesía_a_la_música_de_raíz_sonidos_de_la_segunda_noche_de_San_Isidro_07.jpg

1200px-De_la_poesía_a_la_música_de_raíz,_sonidos_de_la_segunda_noche_de_San_Isidro_07

<p class="attachment"><a href='https://www.festivalethnos.it/wp-content/uploads/2022/09/1200px-De_la_poesía_a_la_música_de_raíz_sonidos_de_la_segunda_noche_de_San_Isidro_07.jpg'><img fetchpriority="high" decoding="async" width="300" height="185" src="https://www.festivalethnos.it/wp-content/uploads/2022/09/1200px-De_la_poesía_a_la_música_de_raíz_sonidos_de_la_segunda_noche_de_San_Isidro_07-300x185.jpg" class="attachment-medium size-medium" alt="" srcset="https://www.festivalethnos.it/wp-content/uploads/2022/09/1200px-De_la_poesía_a_la_música_de_raíz_sonidos_de_la_segunda_noche_de_San_Isidro_07-300x185.jpg 300w, https://www.festivalethnos.it/wp-content/uploads/2022/09/1200px-De_la_poesía_a_la_música_de_raíz_sonidos_de_la_segunda_noche_de_San_Isidro_07-690x426.jpg 690w, https://www.festivalethnos.it/wp-content/uploads/2022/09/1200px-De_la_poesía_a_la_música_de_raíz_sonidos_de_la_segunda_noche_de_San_Isidro_07-768x474.jpg 768w, https://www.festivalethnos.it/wp-content/uploads/2022/09/1200px-De_la_poesía_a_la_música_de_raíz_sonidos_de_la_segunda_noche_de_San_Isidro_07-720x445.jpg 720w, https://www.festivalethnos.it/wp-content/uploads/2022/09/1200px-De_la_poesía_a_la_música_de_raíz_sonidos_de_la_segunda_noche_de_San_Isidro_07-188x116.jpg 188w, https://www.festivalethnos.it/wp-content/uploads/2022/09/1200px-De_la_poesía_a_la_música_de_raíz_sonidos_de_la_segunda_noche_de_San_Isidro_07.jpg 1200w" sizes="(max-width: 300px) 100vw, 300px" /></a></p>

2022/09/1200px-De_la_poesía_a_la_música_de_raíz_sonidos_de_la_segunda_noche_de_San_Isidro_07.jpg

1200px-De_la_poesía_a_la_música_de_raíz_sonidos_de_la_segunda_noche_de_San_Isidro_07-300x185.jpg

https://www.festivalethnos.it/wp-content/uploads/2022/09/1200px-De_la_poesía_a_la_música_de_raíz_sonidos_de_la_segunda_noche_de_San_Isidro_07-300x185.jpg

1200px-De_la_poesía_a_la_música_de_raíz_sonidos_de_la_segunda_noche_de_San_Isidro_07-690x426.jpg

https://www.festivalethnos.it/wp-content/uploads/2022/09/1200px-De_la_poesía_a_la_música_de_raíz_sonidos_de_la_segunda_noche_de_San_Isidro_07-690x426.jpg

1200px-De_la_poesía_a_la_música_de_raíz_sonidos_de_la_segunda_noche_de_San_Isidro_07-150x150.jpg

https://www.festivalethnos.it/wp-content/uploads/2022/09/1200px-De_la_poesía_a_la_música_de_raíz_sonidos_de_la_segunda_noche_de_San_Isidro_07-150x150.jpg

1200px-De_la_poesía_a_la_música_de_raíz_sonidos_de_la_segunda_noche_de_San_Isidro_07-768x474.jpg

https://www.festivalethnos.it/wp-content/uploads/2022/09/1200px-De_la_poesía_a_la_música_de_raíz_sonidos_de_la_segunda_noche_de_San_Isidro_07-768x474.jpg

1200px-De_la_poesía_a_la_música_de_raíz_sonidos_de_la_segunda_noche_de_San_Isidro_07-280x210.jpg

https://www.festivalethnos.it/wp-content/uploads/2022/09/1200px-De_la_poesía_a_la_música_de_raíz_sonidos_de_la_segunda_noche_de_San_Isidro_07-280x210.jpg

1200px-De_la_poesía_a_la_música_de_raíz_sonidos_de_la_segunda_noche_de_San_Isidro_07-720x445.jpg

https://www.festivalethnos.it/wp-content/uploads/2022/09/1200px-De_la_poesía_a_la_música_de_raíz_sonidos_de_la_segunda_noche_de_San_Isidro_07-720x445.jpg

1200px-De_la_poesía_a_la_música_de_raíz_sonidos_de_la_segunda_noche_de_San_Isidro_07-188x116.jpg

https://www.festivalethnos.it/wp-content/uploads/2022/09/1200px-De_la_poesía_a_la_música_de_raíz_sonidos_de_la_segunda_noche_de_San_Isidro_07-188x116.jpg

1200px-De_la_poesía_a_la_música_de_raíz_sonidos_de_la_segunda_noche_de_San_Isidro_07-750x450.jpg

https://www.festivalethnos.it/wp-content/uploads/2022/09/1200px-De_la_poesía_a_la_música_de_raíz_sonidos_de_la_segunda_noche_de_San_Isidro_07-750x450.jpg

1200px-De_la_poesía_a_la_música_de_raíz_sonidos_de_la_segunda_noche_de_San_Isidro_07-272x182.jpg

https://www.festivalethnos.it/wp-content/uploads/2022/09/1200px-De_la_poesía_a_la_música_de_raíz_sonidos_de_la_segunda_noche_de_San_Isidro_07-272x182.jpg

1200px-De_la_poesía_a_la_música_de_raíz_sonidos_de_la_segunda_noche_de_San_Isidro_07.jpg
