{"id":3156,"date":"2015-09-04T20:10:19","date_gmt":"2015-09-04T18:10:19","guid":{"rendered":"http:\/\/www.festivalethnos.it\/?page_id=3156"},"modified":"2017-09-07T14:57:06","modified_gmt":"2017-09-07T12:57:06","slug":"fatoumata-diawara","status":"publish","type":"page","link":"https:\/\/www.festivalethnos.it\/?page_id=3156","title":{"rendered":"Lura"},"content":{"rendered":"<p><img fetchpriority=\"high\" decoding=\"async\" class=\"alignNONE wp-image-5058 size-full\" src=\"http:\/\/www.festivalethnos.it\/wp-content\/uploads\/2015\/09\/LURA.jpg\" alt=\"\" width=\"950\" height=\"350\" srcset=\"https:\/\/www.festivalethnos.it\/wp-content\/uploads\/2015\/09\/LURA.jpg 950w, https:\/\/www.festivalethnos.it\/wp-content\/uploads\/2015\/09\/LURA-300x111.jpg 300w, https:\/\/www.festivalethnos.it\/wp-content\/uploads\/2015\/09\/LURA-768x283.jpg 768w, https:\/\/www.festivalethnos.it\/wp-content\/uploads\/2015\/09\/LURA-690x254.jpg 690w, https:\/\/www.festivalethnos.it\/wp-content\/uploads\/2015\/09\/LURA-720x265.jpg 720w\" sizes=\"(max-width: 950px) 100vw, 950px\" \/><\/a><\/p>\n<p><strong>GIOVEDI 16 SETTEMBRE<\/strong><br \/>\n<span style=\"color: #10447b;\">SAN GIORGIO A CREMANO (NA)<\/span><br \/>\nVilla Vannucchi &#8211; Via Roma, 47<br \/>\nore 21.00\u00a0Serata inaugurale<br \/>\nIngresso gratuito fino ad esaurimento posti.<\/p>\n<p><strong>Lura<\/strong> (Portogallo\/Capo Verde)<br \/>\nAveva diciassette anni Lura, cantante portoghese di origine capoverdiana, quando scopr\u00ec la sua voce, cos\u00ec profonda e sensuale, grazie ad un duetto con Juka, cantante africano di successo di musica zouk. A 21 anni il suo primo album, intriso di sonorit\u00e0 zouk e r&amp;b, destinato soprattutto ai giovani, conteneva \u201cNha Vida\u201d, che fu scelto per essere inserito nel progetto musicale Red Hot+ Lisbon, un disco a sostegno della lotta contro l\u2019AIDS. Considerata una delle maggiori esponenti della musica di Capo Verde nel mondo, con l\u2019etichetta Lusafrica nel 2004 usc\u00ec il suo primo vero lavoro capoverdiano, Di Korpu Ku Alma, che gir\u00f2 pi\u00f9 di dieci paesi, inclusi gli USA, l\u2019Italia e il Regno Unito, raccogliendo enormi consensi, e attestando la giovane cantante prodigio tra le nuove promesse della musica internazionale che ben presto avrebbe riempito gli stadi. Candidata a prestigiosi premi, come il BBC World Music Album britannico e il Victoire de la Musique francese, i suoi lavori successivi sono costellati di collaborazioni con illustri personaggi come Cesaria Evora. Ultimo successo \u00e8 l\u2019album Heran\u00e7a, uscito nel 2015, in cui Lura si concentra sullo stimolante ritmo allegro del Funan\u00e0, cos\u00ec vibrante e cos\u00ec tremendamente danzabile. Il suo concerto \u00e8 una piacevole opportunit\u00e0 di riconnetterci con l\u2019intensit\u00e0 di Capo Verde e dei suoi abitanti, tra tradizione e multicultura, che ci lascia un gradevole ricordo dell\u2019essenza pi\u00f9 sacra e sublime del batunque e del funan\u00e0.<\/p>\n<p><em>Line up:<\/em><\/p>\n<p><strong>Lura:<\/strong> voce<br \/>\n<strong>Toy Vieira:<\/strong> piano<br \/>\n<strong>Johnny Fonseca:<\/strong> chitarra<br \/>\n<strong> Just Wody:<\/strong> basso<br \/>\n<strong>Tuur Moens:<\/strong> percussioni<\/p>\n<p>[divider_line]<\/p>\n<p><iframe width=\"560\" height=\"315\" src=\"https:\/\/www.youtube.com\/embed\/C_u0M2p4s14\" frameborder=\"0\" allowfullscreen><\/iframe><\/p>\n","protected":false},"excerpt":{"rendered":"<p>GIOVEDI 16 SETTEMBRE SAN GIORGIO A CREMANO (NA) Villa Vannucchi &#8211; Via Roma, 47 ore 21.00\u00a0Serata inaugurale Ingresso gratuito fino ad esaurimento posti. Lura (Portogallo\/Capo Verde) Aveva diciassette anni Lura, cantante portoghese di origine capoverdiana, quando scopr\u00ec la sua voce, cos\u00ec profonda e sensuale, grazie ad un duetto con Juka, cantante africano di successo di&hellip;<\/p>\n","protected":false},"author":1,"featured_media":0,"parent":0,"menu_order":0,"comment_status":"closed","ping_status":"closed","template":"","meta":{"footnotes":""},"class_list":["post-3156","page","type-page","status-publish","hentry"],"_links":{"self":[{"href":"https:\/\/www.festivalethnos.it\/index.php?rest_route=\/wp\/v2\/pages\/3156","targetHints":{"allow":["GET"]}}],"collection":[{"href":"https:\/\/www.festivalethnos.it\/index.php?rest_route=\/wp\/v2\/pages"}],"about":[{"href":"https:\/\/www.festivalethnos.it\/index.php?rest_route=\/wp\/v2\/types\/page"}],"author":[{"embeddable":true,"href":"https:\/\/www.festivalethnos.it\/index.php?rest_route=\/wp\/v2\/users\/1"}],"replies":[{"embeddable":true,"href":"https:\/\/www.festivalethnos.it\/index.php?rest_route=%2Fwp%2Fv2%2Fcomments&post=3156"}],"version-history":[{"count":28,"href":"https:\/\/www.festivalethnos.it\/index.php?rest_route=\/wp\/v2\/pages\/3156\/revisions"}],"predecessor-version":[{"id":5088,"href":"https:\/\/www.festivalethnos.it\/index.php?rest_route=\/wp\/v2\/pages\/3156\/revisions\/5088"}],"wp:attachment":[{"href":"https:\/\/www.festivalethnos.it\/index.php?rest_route=%2Fwp%2Fv2%2Fmedia&parent=3156"}],"curies":[{"name":"wp","href":"https:\/\/api.w.org\/{rel}","templated":true}]}}

<p><img fetchpriority="high" decoding="async" class="alignNONE wp-image-5058 size-full" src="http://www.festivalethnos.it/wp-content/uploads/2015/09/LURA.jpg" alt="" width="950" height="350" srcset="https://www.festivalethnos.it/wp-content/uploads/2015/09/LURA.jpg 950w, https://www.festivalethnos.it/wp-content/uploads/2015/09/LURA-300x111.jpg 300w, https://www.festivalethnos.it/wp-content/uploads/2015/09/LURA-768x283.jpg 768w, https://www.festivalethnos.it/wp-content/uploads/2015/09/LURA-690x254.jpg 690w, https://www.festivalethnos.it/wp-content/uploads/2015/09/LURA-720x265.jpg 720w" sizes="(max-width: 950px) 100vw, 950px" /></a></p>
<p><strong>GIOVEDI 16 SETTEMBRE</strong><br />
<span style="color: #10447b;">SAN GIORGIO A CREMANO (NA)</span><br />
Villa Vannucchi &#8211; Via Roma, 47<br />
ore 21.00 Serata inaugurale<br />
Ingresso gratuito fino ad esaurimento posti.</p>
<p><strong>Lura</strong> (Portogallo/Capo Verde)<br />
Aveva diciassette anni Lura, cantante portoghese di origine capoverdiana, quando scoprì la sua voce, così profonda e sensuale, grazie ad un duetto con Juka, cantante africano di successo di musica zouk. A 21 anni il suo primo album, intriso di sonorità zouk e r&amp;b, destinato soprattutto ai giovani, conteneva “Nha Vida”, che fu scelto per essere inserito nel progetto musicale Red Hot+ Lisbon, un disco a sostegno della lotta contro l’AIDS. Considerata una delle maggiori esponenti della musica di Capo Verde nel mondo, con l’etichetta Lusafrica nel 2004 uscì il suo primo vero lavoro capoverdiano, Di Korpu Ku Alma, che girò più di dieci paesi, inclusi gli USA, l’Italia e il Regno Unito, raccogliendo enormi consensi, e attestando la giovane cantante prodigio tra le nuove promesse della musica internazionale che ben presto avrebbe riempito gli stadi. Candidata a prestigiosi premi, come il BBC World Music Album britannico e il Victoire de la Musique francese, i suoi lavori successivi sono costellati di collaborazioni con illustri personaggi come Cesaria Evora. Ultimo successo è l’album Herança, uscito nel 2015, in cui Lura si concentra sullo stimolante ritmo allegro del Funanà, così vibrante e così tremendamente danzabile. Il suo concerto è una piacevole opportunità di riconnetterci con l’intensità di Capo Verde e dei suoi abitanti, tra tradizione e multicultura, che ci lascia un gradevole ricordo dell’essenza più sacra e sublime del batunque e del funanà.</p>
<p><em>Line up:</em></p>
<p><strong>Lura:</strong> voce<br />
<strong>Toy Vieira:</strong> piano<br />
<strong>Johnny Fonseca:</strong> chitarra<br />
<strong> Just Wody:</strong> basso<br />
<strong>Tuur Moens:</strong> percussioni</p>
<p>[divider_line]</p>
<p><iframe width="560" height="315" src="https://www.youtube.com/embed/C_u0M2p4s14" frameborder="0" allowfullscreen></iframe></p>

<p>GIOVEDI 16 SETTEMBRE SAN GIORGIO A CREMANO (NA) Villa Vannucchi &#8211; Via Roma, 47 ore 21.00 Serata inaugurale Ingresso gratuito fino ad esaurimento posti. Lura (Portogallo/Capo Verde) Aveva diciassette anni Lura, cantante portoghese di origine capoverdiana, quando scoprì la sua voce, così profonda e sensuale, grazie ad un duetto con Juka, cantante africano di successo di&hellip;</p>
