{"id":3204,"date":"2015-09-05T16:05:34","date_gmt":"2015-09-05T14:05:34","guid":{"rendered":"http:\/\/www.festivalethnos.it\/?page_id=3204"},"modified":"2018-09-24T10:02:22","modified_gmt":"2018-09-24T08:02:22","slug":"sondorgo","status":"publish","type":"page","link":"https:\/\/www.festivalethnos.it\/?page_id=3204","title":{"rendered":"S\u014fnd\u014frg\u014f"},"content":{"rendered":"<p><img fetchpriority=\"high\" decoding=\"async\" class=\"alignnone size-full wp-image-3205\" src=\"http:\/\/www.festivalethnos.it\/wp-content\/uploads\/2015\/09\/songo.jpg\" alt=\"songo\" width=\"764\" height=\"290\" \/><\/p>\n<p><strong>SABATO 19 SETTEMBRE<\/strong><br \/>\n<span style=\"color: #ff252c;\">ERCOLANO<\/span><br \/>\nParco sul mare di Villa Favorita,\u00a0Via Gabriele D\u2019Annunzio<br \/>\nore 21:00<\/p>\n<p>I S\u00f6nd\u00f6rg\u0151 (UNGHERIA), guidati dai fratelli Eredics sono uno dei gruppi di musica ungherese pi\u00f9 interessanti e attivi del mondo. Suonano uno stile di musica che \u00e8 estremamente attraente, poco conosciuta e molto diversa da quella tradizionale. Il loro scopo \u00e8 quello di promuovere e preservare le tradizioni delle minoranze slave che si sono insediate in Ungheria. In contrasto con la maggior parte dei gruppi di musica balcanica, il gruppo S\u00f6nd\u00f6rg\u0151 non \u00e8 formato prevalentemente da ottoni ma si tratta di una band di tamburitza. La tamburitza \u00e8 un piccolo strumento simile al mandolino che si suona con agili pizzicate e che a volte viene accompagnata dalla fisarmonica o da strumenti a fiato. Gli Eredics, tre fratelli e un cugino, provengono da un villaggio chiamato Szentendre che si trova sul Danubio nei pressi di Budapest. Questo paesino \u00e8 un centro ricco di tradizioni slave che danno un sapore caratteristico alla musica e che hanno visto nascere molti artisti importanti come il maestro zingaro Jozsef Kovacs, leader dell\u2019orchestra di tamburitza Moh\u00e1cs, e le voci di Antal Kovacs e Katya Tompos. I S\u00f6nd\u00f6rg\u0151 ci faranno scoprire la delicata bellezza e la frizzante potenza di una differente musica balcanica.<\/p>\n<p><strong>\u00c1ron Eredics<\/strong> tambura, tambura samica, derbuka, voce, alto tambura, <strong>Benjamin Eredics<\/strong> kontra tambura, tromba, voce, <strong>D\u00e1vid Eredics<\/strong> clarinetto, sassofono, kaval, tambura, alto tambura, voce, <strong>Salamon Eredics<\/strong> fisarmonica, shepherd flute, hulusi, alto tambura, cello tambura, <strong>Attila Buz\u00e1s<\/strong> tambura basso, cello tambura, tapan, voce.<\/p>\n<p><iframe hcb-fetch-image-from=\"https:\/\/www.youtube.com\/watch?v=YNB69_KTjNo\" title=\"So\u0308ndo\u0308rgo\u030b - 2014 Lotus World Music &amp; Arts Festival\" width=\"1410\" height=\"793\" src=\"https:\/\/www.youtube.com\/embed\/YNB69_KTjNo?feature=oembed\" frameborder=\"0\" allow=\"accelerometer; autoplay; clipboard-write; encrypted-media; gyroscope; picture-in-picture; web-share\" referrerpolicy=\"strict-origin-when-cross-origin\" allowfullscreen><\/iframe><\/p>\n<p>Ingresso gratuito fino ad esaurimento posti<\/p>\n","protected":false},"excerpt":{"rendered":"<p>SABATO 19 SETTEMBRE ERCOLANO Parco sul mare di Villa Favorita,\u00a0Via Gabriele D\u2019Annunzio ore 21:00 I S\u00f6nd\u00f6rg\u0151 (UNGHERIA), guidati dai fratelli Eredics sono uno dei gruppi di musica ungherese pi\u00f9 interessanti e attivi del mondo. Suonano uno stile di musica che \u00e8 estremamente attraente, poco conosciuta e molto diversa da quella tradizionale. Il loro scopo \u00e8&hellip;<\/p>\n","protected":false},"author":1,"featured_media":0,"parent":0,"menu_order":0,"comment_status":"closed","ping_status":"closed","template":"","meta":{"footnotes":""},"class_list":["post-3204","page","type-page","status-publish","hentry"],"_links":{"self":[{"href":"https:\/\/www.festivalethnos.it\/index.php?rest_route=\/wp\/v2\/pages\/3204","targetHints":{"allow":["GET"]}}],"collection":[{"href":"https:\/\/www.festivalethnos.it\/index.php?rest_route=\/wp\/v2\/pages"}],"about":[{"href":"https:\/\/www.festivalethnos.it\/index.php?rest_route=\/wp\/v2\/types\/page"}],"author":[{"embeddable":true,"href":"https:\/\/www.festivalethnos.it\/index.php?rest_route=\/wp\/v2\/users\/1"}],"replies":[{"embeddable":true,"href":"https:\/\/www.festivalethnos.it\/index.php?rest_route=%2Fwp%2Fv2%2Fcomments&post=3204"}],"version-history":[{"count":8,"href":"https:\/\/www.festivalethnos.it\/index.php?rest_route=\/wp\/v2\/pages\/3204\/revisions"}],"predecessor-version":[{"id":3740,"href":"https:\/\/www.festivalethnos.it\/index.php?rest_route=\/wp\/v2\/pages\/3204\/revisions\/3740"}],"wp:attachment":[{"href":"https:\/\/www.festivalethnos.it\/index.php?rest_route=%2Fwp%2Fv2%2Fmedia&parent=3204"}],"curies":[{"name":"wp","href":"https:\/\/api.w.org\/{rel}","templated":true}]}}