{"id":3232,"date":"2015-09-05T17:31:46","date_gmt":"2015-09-05T15:31:46","guid":{"rendered":"http:\/\/www.festivalethnos.it\/?page_id=3232"},"modified":"2018-09-24T10:03:01","modified_gmt":"2018-09-24T08:03:01","slug":"evi-evanmoni-ovadia","status":"publish","type":"page","link":"https:\/\/www.festivalethnos.it\/?page_id=3232","title":{"rendered":"EV\u00cc EV\u00c0N\/MONI OVADIA"},"content":{"rendered":"<p><img fetchpriority=\"high\" decoding=\"async\" class=\"alignnone size-full wp-image-3229\" src=\"http:\/\/www.festivalethnos.it\/wp-content\/uploads\/2015\/09\/ebrei.jpg\" alt=\"ebrei\" width=\"764\" height=\"290\" \/><br \/>\n<strong>DOMENICA 20 SETTEMBRE<\/strong><br \/>\n<span style=\"color: #ff252c;\">SAN GIORGIO A CREMANO<\/span><br \/>\nVilla Vannucchi, Via Cavalli di Bronzo<br \/>\nore 21:00<\/p>\n<p><strong>Ev\u00ec Ev\u00e0n con la partecipazione di Moni Ovadia (Grecia\/ Italia)<\/strong><br \/>\nSette anni fa gli Ev\u00ec Ev\u00e0n esordivano a Roma con il primo concerto di musica rebetika, un genere musicale conosciuto da pochi ellenofili, sebbene la sua tradizione sia lunga quasi un secolo. Dai tavoli delle taverne greche al grande palco dell\u02bcAuditorium del Parco della Musica, dai festival di paese alle trasmissioni con radio e televisioni nazionali, anno dopo anno gli Ev\u00ec Ev\u00e0n sono diventati \u201c il riferimento del rebetiko in Italia\u201d. Al loro ultimo album intitolato Reb\u00e8tiki Diadrom\u00ec (Itinerario Rebetiko), orgogliosamente autoprodotto, hanno voluto collaborare anche Moni Ovadia, Daniele Sepe, Vinicio Capossela, Sofia Labropoulou e Nikos Nikolopoulos. In questi anni gli Ev\u00ec Ev\u00e0n hanno portato il rebetiko in tutta Italia contribuendo a diffondere la conoscenza di una musica che nasce dal cuore e la cui arteria passa per il bouzouki. Il concerto \u201cItinerario Rebetiko\u201d che gli Ev\u00ec Ev\u00e0n presenter\u00e0 al Festival Ethnos sar\u00e0 arricchito dalla partecipazione straordinaria di Moni Ovadia che, da profondo conoscitore della lingua e della cultura greca, cucir\u00e0 insieme i brani musicali degli Ev\u00ec Ev\u00e0n con il racconto della nascita e delle caratteristiche del Rebetiko. La sua affabulazione affascinante trasciner\u00e0 il pubblico in un labirinto di digressioni: dalla recitazione di poesie dei grandi poeti neoellenici come Giorgos Ritsos ai ricordi d\u2019infanzia; dall\u2019etimologia delle parole che fanno del greco la lingua comune europea ai canti imparati dal nonno. Intellettuale raffinato, attore e scrittore, Moni Ovadia si far\u00e0 coinvolgere anche nella danza dei macellai, il hassaposerviko, il ballo da cui il compositore Mikis Theodorakis prese ispirazione per il celebre brano conosciuto in tutto il mondo come il sirtaki.<\/p>\n<p><strong>Dimitris Kotsiouros <\/strong>bouzouki, baglamas, tzouras, oud <strong>Georgios Strimpakos<\/strong> canto, baglamas, <strong>Emiliano Maiorani<\/strong> chitarra, <strong>Francesco di Cristofaro<\/strong> fisarmonica, tzouras<br \/>\n<strong>Daniele Ercoli<\/strong> contrabbasso, <strong>Luca Cioffi<\/strong> percussioni, <strong>Dimitris Evaggelou<\/strong> danza<\/p>\n<p><a href=\"https:\/\/www.youtube.com\/watch?v=NEjEphaRrA8\">https:\/\/www.youtube.com\/watch?v=NEjEphaRrA8<\/a><\/p>\n<p>Ingresso gratuito fino ad esaurimento posti.<\/p>\n<p>[divider_line]<\/p>\n<p><strong>Stage di danze rebetike con Dimitris Evaggelou<\/strong><br \/>\nterrazza di Villa Vannucchi<br \/>\nore 18:00<\/p>\n<p>Dimitris Evaggelou \u00e9 nato e cresciuto sul monte Pilio, in Grecia. La sua infanzia \u00e8 stata popolata dai miti dei centauri e dalle tradizioni del luogo. Coreografo, danzatore, improvvisatore, insegnante e curatore di corsi di danza. Ha studiato le danze tradizionali greche in diverse regioni della Grecia e ha concentrato le sue energie nelle danze rebetike e nelle coreografie teatrali tratte da ricerche nell\u2019area del Mediterraneo.<br \/>\nPer il Festival Ethnos terr\u00e0 un seminario gratuito di danze rebetike, i balli che ancora oggi si ballano nelle taverne di Atene dopo molti brindisi di ouzo e retzina.<\/p>\n<p>Info &amp; Prenotazioni : info@festivalethnos.it<\/p>\n","protected":false},"excerpt":{"rendered":"<p>DOMENICA 20 SETTEMBRE SAN GIORGIO A CREMANO Villa Vannucchi, Via Cavalli di Bronzo ore 21:00 Ev\u00ec Ev\u00e0n con la partecipazione di Moni Ovadia (Grecia\/ Italia) Sette anni fa gli Ev\u00ec Ev\u00e0n esordivano a Roma con il primo concerto di musica rebetika, un genere musicale conosciuto da pochi ellenofili, sebbene la sua tradizione sia lunga quasi&hellip;<\/p>\n","protected":false},"author":1,"featured_media":0,"parent":0,"menu_order":0,"comment_status":"closed","ping_status":"closed","template":"","meta":{"footnotes":""},"class_list":["post-3232","page","type-page","status-publish","hentry"],"_links":{"self":[{"href":"https:\/\/www.festivalethnos.it\/index.php?rest_route=\/wp\/v2\/pages\/3232","targetHints":{"allow":["GET"]}}],"collection":[{"href":"https:\/\/www.festivalethnos.it\/index.php?rest_route=\/wp\/v2\/pages"}],"about":[{"href":"https:\/\/www.festivalethnos.it\/index.php?rest_route=\/wp\/v2\/types\/page"}],"author":[{"embeddable":true,"href":"https:\/\/www.festivalethnos.it\/index.php?rest_route=\/wp\/v2\/users\/1"}],"replies":[{"embeddable":true,"href":"https:\/\/www.festivalethnos.it\/index.php?rest_route=%2Fwp%2Fv2%2Fcomments&post=3232"}],"version-history":[{"count":6,"href":"https:\/\/www.festivalethnos.it\/index.php?rest_route=\/wp\/v2\/pages\/3232\/revisions"}],"predecessor-version":[{"id":3719,"href":"https:\/\/www.festivalethnos.it\/index.php?rest_route=\/wp\/v2\/pages\/3232\/revisions\/3719"}],"wp:attachment":[{"href":"https:\/\/www.festivalethnos.it\/index.php?rest_route=%2Fwp%2Fv2%2Fmedia&parent=3232"}],"curies":[{"name":"wp","href":"https:\/\/api.w.org\/{rel}","templated":true}]}}

EVÌ EVÀN/MONI OVADIA

<p><img fetchpriority="high" decoding="async" class="alignnone size-full wp-image-3229" src="http://www.festivalethnos.it/wp-content/uploads/2015/09/ebrei.jpg" alt="ebrei" width="764" height="290" /><br />
<strong>DOMENICA 20 SETTEMBRE</strong><br />
<span style="color: #ff252c;">SAN GIORGIO A CREMANO</span><br />
Villa Vannucchi, Via Cavalli di Bronzo<br />
ore 21:00</p>
<p><strong>Evì Evàn con la partecipazione di Moni Ovadia (Grecia/ Italia)</strong><br />
Sette anni fa gli Evì Evàn esordivano a Roma con il primo concerto di musica rebetika, un genere musicale conosciuto da pochi ellenofili, sebbene la sua tradizione sia lunga quasi un secolo. Dai tavoli delle taverne greche al grande palco dellʼAuditorium del Parco della Musica, dai festival di paese alle trasmissioni con radio e televisioni nazionali, anno dopo anno gli Evì Evàn sono diventati “ il riferimento del rebetiko in Italia”. Al loro ultimo album intitolato Rebètiki Diadromì (Itinerario Rebetiko), orgogliosamente autoprodotto, hanno voluto collaborare anche Moni Ovadia, Daniele Sepe, Vinicio Capossela, Sofia Labropoulou e Nikos Nikolopoulos. In questi anni gli Evì Evàn hanno portato il rebetiko in tutta Italia contribuendo a diffondere la conoscenza di una musica che nasce dal cuore e la cui arteria passa per il bouzouki. Il concerto “Itinerario Rebetiko” che gli Evì Evàn presenterà al Festival Ethnos sarà arricchito dalla partecipazione straordinaria di Moni Ovadia che, da profondo conoscitore della lingua e della cultura greca, cucirà insieme i brani musicali degli Evì Evàn con il racconto della nascita e delle caratteristiche del Rebetiko. La sua affabulazione affascinante trascinerà il pubblico in un labirinto di digressioni: dalla recitazione di poesie dei grandi poeti neoellenici come Giorgos Ritsos ai ricordi d’infanzia; dall’etimologia delle parole che fanno del greco la lingua comune europea ai canti imparati dal nonno. Intellettuale raffinato, attore e scrittore, Moni Ovadia si farà coinvolgere anche nella danza dei macellai, il hassaposerviko, il ballo da cui il compositore Mikis Theodorakis prese ispirazione per il celebre brano conosciuto in tutto il mondo come il sirtaki.</p>
<p><strong>Dimitris Kotsiouros </strong>bouzouki, baglamas, tzouras, oud <strong>Georgios Strimpakos</strong> canto, baglamas, <strong>Emiliano Maiorani</strong> chitarra, <strong>Francesco di Cristofaro</strong> fisarmonica, tzouras<br />
<strong>Daniele Ercoli</strong> contrabbasso, <strong>Luca Cioffi</strong> percussioni, <strong>Dimitris Evaggelou</strong> danza</p>
<p><a href="https://www.youtube.com/watch?v=NEjEphaRrA8">https://www.youtube.com/watch?v=NEjEphaRrA8</a></p>
<p>Ingresso gratuito fino ad esaurimento posti.</p>
<p>[divider_line]</p>
<p><strong>Stage di danze rebetike con Dimitris Evaggelou</strong><br />
terrazza di Villa Vannucchi<br />
ore 18:00</p>
<p>Dimitris Evaggelou é nato e cresciuto sul monte Pilio, in Grecia. La sua infanzia è stata popolata dai miti dei centauri e dalle tradizioni del luogo. Coreografo, danzatore, improvvisatore, insegnante e curatore di corsi di danza. Ha studiato le danze tradizionali greche in diverse regioni della Grecia e ha concentrato le sue energie nelle danze rebetike e nelle coreografie teatrali tratte da ricerche nell’area del Mediterraneo.<br />
Per il Festival Ethnos terrà un seminario gratuito di danze rebetike, i balli che ancora oggi si ballano nelle taverne di Atene dopo molti brindisi di ouzo e retzina.</p>
<p>Info &amp; Prenotazioni : info@festivalethnos.it</p>

<p>DOMENICA 20 SETTEMBRE SAN GIORGIO A CREMANO Villa Vannucchi, Via Cavalli di Bronzo ore 21:00 Evì Evàn con la partecipazione di Moni Ovadia (Grecia/ Italia) Sette anni fa gli Evì Evàn esordivano a Roma con il primo concerto di musica rebetika, un genere musicale conosciuto da pochi ellenofili, sebbene la sua tradizione sia lunga quasi&hellip;</p>
