{"id":3240,"date":"2015-09-05T17:47:15","date_gmt":"2015-09-05T15:47:15","guid":{"rendered":"http:\/\/www.festivalethnos.it\/?page_id=3240"},"modified":"2018-09-24T10:04:17","modified_gmt":"2018-09-24T08:04:17","slug":"teresa-de-sio","status":"publish","type":"page","link":"https:\/\/www.festivalethnos.it\/?page_id=3240","title":{"rendered":"Teresa De Sio"},"content":{"rendered":"<p><img fetchpriority=\"high\" decoding=\"async\" class=\"alignnone size-full wp-image-3241\" src=\"http:\/\/www.festivalethnos.it\/wp-content\/uploads\/2015\/09\/desio.jpg\" alt=\"desio\" width=\"764\" height=\"290\" \/><\/p>\n<p><strong>GIOVEDI 24 SETTEMBRE<\/strong><br \/>\n<span style=\"color: #ff252c;\">ERCOLANO<\/span><br \/>\nTeatro San Luigi Orione (Centro Don Orione), Ercolano<br \/>\nvia Vesuvio, 15<br \/>\nore 21:00<\/p>\n<p>Un concerto diviso tra folk e canzone d\u2019autore, pizzica e danza energetica.Sempre di pi\u00f9 Teresa De Sio si erge a paladina della difesa culturale della musica e del pensiero del Sud dell\u2019Italia, dopo \u201cA Sud A Sud\u201d, una sorta di manifesto e \u201cSacco e Fuoco Deluxe\u201d tra storie di briganti e visioni meridionali, ecco varare il \u201cTutto Cambia Tour\/Elettroacustica\u201d. Un\u2019artista \u201cin movimento\u201d, sempre pronta al passo successivo: approda alla musica appena ventenne nell\u2019ensemble Musicanova, prosegue negli anni ottanta conquistando un successo assoluto e folgorante, due milioni di dischi venduti in tre anni e tre dischi, una infinita serie di concerti e raggiunge uno status di inamovibile. Con gli anni novanta abbandona il dialetto napoletano per una visione pi\u00f9 cantautoriale e poetica, collaborando, tra gli altri con Fabrizio De Andr\u00e9 e Piero Pel\u00f9. Con l\u2019arrivo degli anni duemila, ecco il ritorno energetico e creativo alla musica folk, divenendo punto di riferimento come donna, musicista e autrice \u201csudista\u201d per tutte le giovani band meridionali per quello che sembra essere un nuovo rinascimento folk rock.<\/p>\n<p><strong>Teresa De Sio<\/strong> voce, chitarra acustica, chitarra a botta, percussioni, <strong>Sas\u00e0 Flauto<\/strong> chitarra acustica e elettrica, <strong>H.E.R <\/strong>violino, <strong>Francesco Santalucia<\/strong> tastiere, <strong>Vittorio Longobardi<\/strong> basso elettrico, <strong>Pasquale Angelini<\/strong> batteria e percussioni.<\/p>\n<p><iframe hcb-fetch-image-from=\"https:\/\/www.youtube.com\/watch?v=_BUhWClahUw\" title=\"TERESA DE SIO- BRIGANTESSA\" width=\"1333\" height=\"1000\" src=\"https:\/\/www.youtube.com\/embed\/_BUhWClahUw?feature=oembed\" frameborder=\"0\" allow=\"accelerometer; autoplay; clipboard-write; encrypted-media; gyroscope; picture-in-picture; web-share\" referrerpolicy=\"strict-origin-when-cross-origin\" allowfullscreen><\/iframe><\/p>\n<p>Ingresso gratuito fino ad esaurimento posti.<\/p>\n","protected":false},"excerpt":{"rendered":"<p>GIOVEDI 24 SETTEMBRE ERCOLANO Teatro San Luigi Orione (Centro Don Orione), Ercolano via Vesuvio, 15 ore 21:00 Un concerto diviso tra folk e canzone d\u2019autore, pizzica e danza energetica.Sempre di pi\u00f9 Teresa De Sio si erge a paladina della difesa culturale della musica e del pensiero del Sud dell\u2019Italia, dopo \u201cA Sud A Sud\u201d, una&hellip;<\/p>\n","protected":false},"author":1,"featured_media":0,"parent":0,"menu_order":0,"comment_status":"closed","ping_status":"closed","template":"","meta":{"footnotes":""},"class_list":["post-3240","page","type-page","status-publish","hentry"],"_links":{"self":[{"href":"https:\/\/www.festivalethnos.it\/index.php?rest_route=\/wp\/v2\/pages\/3240","targetHints":{"allow":["GET"]}}],"collection":[{"href":"https:\/\/www.festivalethnos.it\/index.php?rest_route=\/wp\/v2\/pages"}],"about":[{"href":"https:\/\/www.festivalethnos.it\/index.php?rest_route=\/wp\/v2\/types\/page"}],"author":[{"embeddable":true,"href":"https:\/\/www.festivalethnos.it\/index.php?rest_route=\/wp\/v2\/users\/1"}],"replies":[{"embeddable":true,"href":"https:\/\/www.festivalethnos.it\/index.php?rest_route=%2Fwp%2Fv2%2Fcomments&post=3240"}],"version-history":[{"count":10,"href":"https:\/\/www.festivalethnos.it\/index.php?rest_route=\/wp\/v2\/pages\/3240\/revisions"}],"predecessor-version":[{"id":3866,"href":"https:\/\/www.festivalethnos.it\/index.php?rest_route=\/wp\/v2\/pages\/3240\/revisions\/3866"}],"wp:attachment":[{"href":"https:\/\/www.festivalethnos.it\/index.php?rest_route=%2Fwp%2Fv2%2Fmedia&parent=3240"}],"curies":[{"name":"wp","href":"https:\/\/api.w.org\/{rel}","templated":true}]}}

<p><img fetchpriority="high" decoding="async" class="alignnone size-full wp-image-3241" src="http://www.festivalethnos.it/wp-content/uploads/2015/09/desio.jpg" alt="desio" width="764" height="290" /></p>
<p><strong>GIOVEDI 24 SETTEMBRE</strong><br />
<span style="color: #ff252c;">ERCOLANO</span><br />
Teatro San Luigi Orione (Centro Don Orione), Ercolano<br />
via Vesuvio, 15<br />
ore 21:00</p>
<p>Un concerto diviso tra folk e canzone d’autore, pizzica e danza energetica.Sempre di più Teresa De Sio si erge a paladina della difesa culturale della musica e del pensiero del Sud dell’Italia, dopo “A Sud A Sud”, una sorta di manifesto e “Sacco e Fuoco Deluxe” tra storie di briganti e visioni meridionali, ecco varare il “Tutto Cambia Tour/Elettroacustica”. Un’artista “in movimento”, sempre pronta al passo successivo: approda alla musica appena ventenne nell’ensemble Musicanova, prosegue negli anni ottanta conquistando un successo assoluto e folgorante, due milioni di dischi venduti in tre anni e tre dischi, una infinita serie di concerti e raggiunge uno status di inamovibile. Con gli anni novanta abbandona il dialetto napoletano per una visione più cantautoriale e poetica, collaborando, tra gli altri con Fabrizio De André e Piero Pelù. Con l’arrivo degli anni duemila, ecco il ritorno energetico e creativo alla musica folk, divenendo punto di riferimento come donna, musicista e autrice “sudista” per tutte le giovani band meridionali per quello che sembra essere un nuovo rinascimento folk rock.</p>
<p><strong>Teresa De Sio</strong> voce, chitarra acustica, chitarra a botta, percussioni, <strong>Sasà Flauto</strong> chitarra acustica e elettrica, <strong>H.E.R </strong>violino, <strong>Francesco Santalucia</strong> tastiere, <strong>Vittorio Longobardi</strong> basso elettrico, <strong>Pasquale Angelini</strong> batteria e percussioni.</p>
<p><iframe hcb-fetch-image-from="https://www.youtube.com/watch?v=_BUhWClahUw" title="TERESA DE SIO- BRIGANTESSA" width="1333" height="1000" src="https://www.youtube.com/embed/_BUhWClahUw?feature=oembed" frameborder="0" allow="accelerometer; autoplay; clipboard-write; encrypted-media; gyroscope; picture-in-picture; web-share" referrerpolicy="strict-origin-when-cross-origin" allowfullscreen></iframe></p>
<p>Ingresso gratuito fino ad esaurimento posti.</p>

<p>GIOVEDI 24 SETTEMBRE ERCOLANO Teatro San Luigi Orione (Centro Don Orione), Ercolano via Vesuvio, 15 ore 21:00 Un concerto diviso tra folk e canzone d’autore, pizzica e danza energetica.Sempre di più Teresa De Sio si erge a paladina della difesa culturale della musica e del pensiero del Sud dell’Italia, dopo “A Sud A Sud”, una&hellip;</p>
