{"id":3245,"date":"2015-09-05T18:24:34","date_gmt":"2015-09-05T16:24:34","guid":{"rendered":"http:\/\/www.festivalethnos.it\/?page_id=3245"},"modified":"2018-09-24T10:04:46","modified_gmt":"2018-09-24T08:04:46","slug":"bassekou-kouyate-ngoni-ba","status":"publish","type":"page","link":"https:\/\/www.festivalethnos.it\/?page_id=3245","title":{"rendered":"Bassekou Kouyat\u00e9 &#038; Ngoni Ba"},"content":{"rendered":"<p><img fetchpriority=\"high\" decoding=\"async\" class=\"alignnone size-full wp-image-3246\" src=\"http:\/\/www.festivalethnos.it\/wp-content\/uploads\/2015\/09\/afri.jpg\" alt=\"afri\" width=\"764\" height=\"290\" \/><\/p>\n<p><strong>VENERDI 25 SETTEMBRE<\/strong><br \/>\n<span style=\"color: #ff252c;\">SAN GIORGIO A CREMANO<\/span><br \/>\nVilla Vannucchi, Via Cavalli di Bronzo<br \/>\nore 21:00<\/p>\n<p>Bassekou \u00e8 senza dubbio il pi\u00f9 innovativo ed eccitante musicista maliano emerso negli ultimi anni. Dopo aver sfidato la tradizione continua a spingere i confini del suo antico patrimonio musicale adattandolo alla modernit\u00e0 e portando la sua musica in tutto il mondo con la sua fenomenale band N&#8217;goni Ba e tre album tra cui &#8220;Jama Ko&#8221; che ha sancito definitivamente il suo successo posizionandolo al primo posto nelle pi\u00f9 importanti classifiche di World Music.. In Mali la popolarit\u00e0 del gruppo ha contribuito alla rinascita di uno strumento a lungo trascurato e ad un rinnovato interesse per la musica bamana. Oggi in Mali non passa una settimana senza che Bassekou sia contattato da qualche giovane musicista che vuole avvicinarsi allo n&#8217;goni. Bassekou Kouyat\u00e9 e Ngoni ba \u00e8 diventata una delle band pi\u00f9 influenti del nostro secolo trasmettendo alle nuove generazioni il messaggio importante di quanta vita e anima ancora ci siano nelle antiche tradizioni musicali.<\/p>\n<p><strong>Bassekou Kouyate<\/strong> ngoni,\u00a0<strong>Amy Sacko<\/strong> voce, <strong>Mamadou Kouyate<\/strong> ngoni basso, <strong>Mahamadou Tounkara<\/strong> yabara, tama (percussioni), <strong>Moctar Kouyate<\/strong> calebasse<\/p>\n<p><iframe hcb-fetch-image-from=\"https:\/\/www.youtube.com\/watch?v=t2vQAmySTfw\" title=\"Bassekou Kouyate &amp; Ngoni ba - &quot;Jama ko&quot; (2013)\" width=\"1410\" height=\"793\" src=\"https:\/\/www.youtube.com\/embed\/t2vQAmySTfw?feature=oembed\" frameborder=\"0\" allow=\"accelerometer; autoplay; clipboard-write; encrypted-media; gyroscope; picture-in-picture; web-share\" referrerpolicy=\"strict-origin-when-cross-origin\" allowfullscreen><\/iframe><\/p>\n<p>Ingresso gratuito fino ad esaurimento posti.<\/p>\n","protected":false},"excerpt":{"rendered":"<p>VENERDI 25 SETTEMBRE SAN GIORGIO A CREMANO Villa Vannucchi, Via Cavalli di Bronzo ore 21:00 Bassekou \u00e8 senza dubbio il pi\u00f9 innovativo ed eccitante musicista maliano emerso negli ultimi anni. Dopo aver sfidato la tradizione continua a spingere i confini del suo antico patrimonio musicale adattandolo alla modernit\u00e0 e portando la sua musica in tutto&hellip;<\/p>\n","protected":false},"author":1,"featured_media":0,"parent":0,"menu_order":0,"comment_status":"closed","ping_status":"closed","template":"","meta":{"footnotes":""},"class_list":["post-3245","page","type-page","status-publish","hentry"],"_links":{"self":[{"href":"https:\/\/www.festivalethnos.it\/index.php?rest_route=\/wp\/v2\/pages\/3245","targetHints":{"allow":["GET"]}}],"collection":[{"href":"https:\/\/www.festivalethnos.it\/index.php?rest_route=\/wp\/v2\/pages"}],"about":[{"href":"https:\/\/www.festivalethnos.it\/index.php?rest_route=\/wp\/v2\/types\/page"}],"author":[{"embeddable":true,"href":"https:\/\/www.festivalethnos.it\/index.php?rest_route=\/wp\/v2\/users\/1"}],"replies":[{"embeddable":true,"href":"https:\/\/www.festivalethnos.it\/index.php?rest_route=%2Fwp%2Fv2%2Fcomments&post=3245"}],"version-history":[{"count":7,"href":"https:\/\/www.festivalethnos.it\/index.php?rest_route=\/wp\/v2\/pages\/3245\/revisions"}],"predecessor-version":[{"id":3742,"href":"https:\/\/www.festivalethnos.it\/index.php?rest_route=\/wp\/v2\/pages\/3245\/revisions\/3742"}],"wp:attachment":[{"href":"https:\/\/www.festivalethnos.it\/index.php?rest_route=%2Fwp%2Fv2%2Fmedia&parent=3245"}],"curies":[{"name":"wp","href":"https:\/\/api.w.org\/{rel}","templated":true}]}}

Bassekou Kouyaté &#038; Ngoni Ba

<p><img fetchpriority="high" decoding="async" class="alignnone size-full wp-image-3246" src="http://www.festivalethnos.it/wp-content/uploads/2015/09/afri.jpg" alt="afri" width="764" height="290" /></p>
<p><strong>VENERDI 25 SETTEMBRE</strong><br />
<span style="color: #ff252c;">SAN GIORGIO A CREMANO</span><br />
Villa Vannucchi, Via Cavalli di Bronzo<br />
ore 21:00</p>
<p>Bassekou è senza dubbio il più innovativo ed eccitante musicista maliano emerso negli ultimi anni. Dopo aver sfidato la tradizione continua a spingere i confini del suo antico patrimonio musicale adattandolo alla modernità e portando la sua musica in tutto il mondo con la sua fenomenale band N&#8217;goni Ba e tre album tra cui &#8220;Jama Ko&#8221; che ha sancito definitivamente il suo successo posizionandolo al primo posto nelle più importanti classifiche di World Music.. In Mali la popolarità del gruppo ha contribuito alla rinascita di uno strumento a lungo trascurato e ad un rinnovato interesse per la musica bamana. Oggi in Mali non passa una settimana senza che Bassekou sia contattato da qualche giovane musicista che vuole avvicinarsi allo n&#8217;goni. Bassekou Kouyaté e Ngoni ba è diventata una delle band più influenti del nostro secolo trasmettendo alle nuove generazioni il messaggio importante di quanta vita e anima ancora ci siano nelle antiche tradizioni musicali.</p>
<p><strong>Bassekou Kouyate</strong> ngoni, <strong>Amy Sacko</strong> voce, <strong>Mamadou Kouyate</strong> ngoni basso, <strong>Mahamadou Tounkara</strong> yabara, tama (percussioni), <strong>Moctar Kouyate</strong> calebasse</p>
<p><iframe hcb-fetch-image-from="https://www.youtube.com/watch?v=t2vQAmySTfw" title="Bassekou Kouyate &amp; Ngoni ba - &quot;Jama ko&quot; (2013)" width="1410" height="793" src="https://www.youtube.com/embed/t2vQAmySTfw?feature=oembed" frameborder="0" allow="accelerometer; autoplay; clipboard-write; encrypted-media; gyroscope; picture-in-picture; web-share" referrerpolicy="strict-origin-when-cross-origin" allowfullscreen></iframe></p>
<p>Ingresso gratuito fino ad esaurimento posti.</p>

<p>VENERDI 25 SETTEMBRE SAN GIORGIO A CREMANO Villa Vannucchi, Via Cavalli di Bronzo ore 21:00 Bassekou è senza dubbio il più innovativo ed eccitante musicista maliano emerso negli ultimi anni. Dopo aver sfidato la tradizione continua a spingere i confini del suo antico patrimonio musicale adattandolo alla modernità e portando la sua musica in tutto&hellip;</p>
