{"id":4063,"date":"2016-09-04T13:29:10","date_gmt":"2016-09-04T11:29:10","guid":{"rendered":"http:\/\/www.festivalethnos.it\/?page_id=4063"},"modified":"2017-09-17T11:37:24","modified_gmt":"2017-09-17T09:37:24","slug":"mieko-miyazaki","status":"publish","type":"page","link":"https:\/\/www.festivalethnos.it\/?page_id=4063","title":{"rendered":"Lo C\u00f2r de la Plana"},"content":{"rendered":"<p><img fetchpriority=\"high\" decoding=\"async\" class=\"alignNONE wp-image-5430 size-full\" src=\"http:\/\/www.festivalethnos.it\/wp-content\/uploads\/2016\/09\/LOCOR2.jpg\" alt=\"\" width=\"950\" height=\"350\" srcset=\"https:\/\/www.festivalethnos.it\/wp-content\/uploads\/2016\/09\/LOCOR2.jpg 950w, https:\/\/www.festivalethnos.it\/wp-content\/uploads\/2016\/09\/LOCOR2-300x111.jpg 300w, https:\/\/www.festivalethnos.it\/wp-content\/uploads\/2016\/09\/LOCOR2-768x283.jpg 768w, https:\/\/www.festivalethnos.it\/wp-content\/uploads\/2016\/09\/LOCOR2-690x254.jpg 690w, https:\/\/www.festivalethnos.it\/wp-content\/uploads\/2016\/09\/LOCOR2-720x265.jpg 720w\" sizes=\"(max-width: 950px) 100vw, 950px\" \/><\/p>\n<p><strong>DOMENICA 17 SETTEMBRE<\/strong><br \/>\n<span style=\"color: #10447b;\">SOMMA VESUVIANA (NA)<\/span><br \/>\nPiazza Santa Maria del Pozzo<br \/>\nore 21.00<br \/>\nCon la partecipazione delle <em>Paranze sommesi<\/em><br \/>\nIngresso gratuito fino ad esaurimento posti.<\/p>\n<p><strong>Lo C\u00f2r de la Plana<\/strong> (Francia)<br \/>\nSedici anni fa, nel quartiere de La Plaine, Marsiglia, Lo C\u00f2r de la Plana irrompeva nel mondo della musica occitana reinventando la vocalit\u00e0 meridionale, mescolandola alle sonorit\u00e0 arcaiche di un Mediterraneo selvaggio e ricco di fusioni. Percussioni e voci compongono l\u2019emblematica band che trasporta il pubblico in un rituale rudimentale e minimale, accompagnati da qualsiasi battito essenziale che il corpo pu\u00f2 produrre: mani, piedi, pelle, al ritmo di bendir (grossi tamburi del Nord Africa) e tamburelli. La band interroga la memoria nelle sue turbolenze, nelle oscenit\u00e0 dionisiache che essa pu\u00f2 risvegliare. Questa memoria incandescente costituisce da sempre il materiale di lavoro della band, che sa bene come renderlo unico e universale, perch\u00e9, come ci racconta il suo stesso nome, in Lo C\u00f2r batte prima di tutto il cuore. Durante il loro concerto, riconosceremo ogni singola influenza, dalla musica concreta ai Ramones, da Bartok ai Velvet Underground, dai tratti sahariani del deserto al Sud Italia. Fondatrice di uno stile nuovo di polifonia maschile provenzale, tra canzoni religiose, da ballo e politiche, con i loro tre album acclamati da critici, professionisti e pubblico, Lo C\u00f2r de la Plana \u00e8 diventata la band di riferimento della creazione musicale occitana contemporanea. Il loro concerto semina una estatica allegria dove danzare diventa necessario.<\/p>\n<p><em>Line up:<\/em><\/p>\n<p><strong>Manu Th\u00e9ron:<\/strong> voce, bendir, tamburi a cornice<br \/>\n<strong>Benjamin Novarino-Giana:<\/strong> voce, piedi<br \/>\n<strong>S\u00e9bastien Spessa:<\/strong> voce, bendir, tamburi a cornice<br \/>\n<strong>Denis Sampieri:<\/strong> voce, bendir, tamburi a cornice<br \/>\n<strong>Rodin Kaufmann:<\/strong> voce, piedi<\/p>\n<p>[divider_line]<\/p>\n<p><iframe src=\"https:\/\/www.youtube.com\/embed\/53AipLCzOGA\" width=\"560\" height=\"315\" frameborder=\"0\" allowfullscreen=\"allowfullscreen\"><\/iframe><\/p>\n","protected":false},"excerpt":{"rendered":"<p>DOMENICA 17 SETTEMBRE SOMMA VESUVIANA (NA) Piazza Santa Maria del Pozzo ore 21.00 Con la partecipazione delle Paranze sommesi Ingresso gratuito fino ad esaurimento posti. Lo C\u00f2r de la Plana (Francia) Sedici anni fa, nel quartiere de La Plaine, Marsiglia, Lo C\u00f2r de la Plana irrompeva nel mondo della musica occitana reinventando la vocalit\u00e0 meridionale,&hellip;<\/p>\n","protected":false},"author":1,"featured_media":0,"parent":0,"menu_order":0,"comment_status":"closed","ping_status":"closed","template":"","meta":{"footnotes":""},"class_list":["post-4063","page","type-page","status-publish","hentry"],"_links":{"self":[{"href":"https:\/\/www.festivalethnos.it\/index.php?rest_route=\/wp\/v2\/pages\/4063","targetHints":{"allow":["GET"]}}],"collection":[{"href":"https:\/\/www.festivalethnos.it\/index.php?rest_route=\/wp\/v2\/pages"}],"about":[{"href":"https:\/\/www.festivalethnos.it\/index.php?rest_route=\/wp\/v2\/types\/page"}],"author":[{"embeddable":true,"href":"https:\/\/www.festivalethnos.it\/index.php?rest_route=\/wp\/v2\/users\/1"}],"replies":[{"embeddable":true,"href":"https:\/\/www.festivalethnos.it\/index.php?rest_route=%2Fwp%2Fv2%2Fcomments&post=4063"}],"version-history":[{"count":15,"href":"https:\/\/www.festivalethnos.it\/index.php?rest_route=\/wp\/v2\/pages\/4063\/revisions"}],"predecessor-version":[{"id":5089,"href":"https:\/\/www.festivalethnos.it\/index.php?rest_route=\/wp\/v2\/pages\/4063\/revisions\/5089"}],"wp:attachment":[{"href":"https:\/\/www.festivalethnos.it\/index.php?rest_route=%2Fwp%2Fv2%2Fmedia&parent=4063"}],"curies":[{"name":"wp","href":"https:\/\/api.w.org\/{rel}","templated":true}]}}

Lo Còr de la Plana

<p><img fetchpriority="high" decoding="async" class="alignNONE wp-image-5430 size-full" src="http://www.festivalethnos.it/wp-content/uploads/2016/09/LOCOR2.jpg" alt="" width="950" height="350" srcset="https://www.festivalethnos.it/wp-content/uploads/2016/09/LOCOR2.jpg 950w, https://www.festivalethnos.it/wp-content/uploads/2016/09/LOCOR2-300x111.jpg 300w, https://www.festivalethnos.it/wp-content/uploads/2016/09/LOCOR2-768x283.jpg 768w, https://www.festivalethnos.it/wp-content/uploads/2016/09/LOCOR2-690x254.jpg 690w, https://www.festivalethnos.it/wp-content/uploads/2016/09/LOCOR2-720x265.jpg 720w" sizes="(max-width: 950px) 100vw, 950px" /></p>
<p><strong>DOMENICA 17 SETTEMBRE</strong><br />
<span style="color: #10447b;">SOMMA VESUVIANA (NA)</span><br />
Piazza Santa Maria del Pozzo<br />
ore 21.00<br />
Con la partecipazione delle <em>Paranze sommesi</em><br />
Ingresso gratuito fino ad esaurimento posti.</p>
<p><strong>Lo Còr de la Plana</strong> (Francia)<br />
Sedici anni fa, nel quartiere de La Plaine, Marsiglia, Lo Còr de la Plana irrompeva nel mondo della musica occitana reinventando la vocalità meridionale, mescolandola alle sonorità arcaiche di un Mediterraneo selvaggio e ricco di fusioni. Percussioni e voci compongono l’emblematica band che trasporta il pubblico in un rituale rudimentale e minimale, accompagnati da qualsiasi battito essenziale che il corpo può produrre: mani, piedi, pelle, al ritmo di bendir (grossi tamburi del Nord Africa) e tamburelli. La band interroga la memoria nelle sue turbolenze, nelle oscenità dionisiache che essa può risvegliare. Questa memoria incandescente costituisce da sempre il materiale di lavoro della band, che sa bene come renderlo unico e universale, perché, come ci racconta il suo stesso nome, in Lo Còr batte prima di tutto il cuore. Durante il loro concerto, riconosceremo ogni singola influenza, dalla musica concreta ai Ramones, da Bartok ai Velvet Underground, dai tratti sahariani del deserto al Sud Italia. Fondatrice di uno stile nuovo di polifonia maschile provenzale, tra canzoni religiose, da ballo e politiche, con i loro tre album acclamati da critici, professionisti e pubblico, Lo Còr de la Plana è diventata la band di riferimento della creazione musicale occitana contemporanea. Il loro concerto semina una estatica allegria dove danzare diventa necessario.</p>
<p><em>Line up:</em></p>
<p><strong>Manu Théron:</strong> voce, bendir, tamburi a cornice<br />
<strong>Benjamin Novarino-Giana:</strong> voce, piedi<br />
<strong>Sébastien Spessa:</strong> voce, bendir, tamburi a cornice<br />
<strong>Denis Sampieri:</strong> voce, bendir, tamburi a cornice<br />
<strong>Rodin Kaufmann:</strong> voce, piedi</p>
<p>[divider_line]</p>
<p><iframe src="https://www.youtube.com/embed/53AipLCzOGA" width="560" height="315" frameborder="0" allowfullscreen="allowfullscreen"></iframe></p>

<p>DOMENICA 17 SETTEMBRE SOMMA VESUVIANA (NA) Piazza Santa Maria del Pozzo ore 21.00 Con la partecipazione delle Paranze sommesi Ingresso gratuito fino ad esaurimento posti. Lo Còr de la Plana (Francia) Sedici anni fa, nel quartiere de La Plaine, Marsiglia, Lo Còr de la Plana irrompeva nel mondo della musica occitana reinventando la vocalità meridionale,&hellip;</p>
