{"id":4121,"date":"2016-09-05T09:42:39","date_gmt":"2016-09-05T07:42:39","guid":{"rendered":"http:\/\/www.festivalethnos.it\/?page_id=4121"},"modified":"2017-09-07T14:59:22","modified_gmt":"2017-09-07T12:59:22","slug":"palenque-la-papayera","status":"publish","type":"page","link":"https:\/\/www.festivalethnos.it\/?page_id=4121","title":{"rendered":"Bandadriatica"},"content":{"rendered":"<p><img fetchpriority=\"high\" decoding=\"async\" class=\"alignNONE wp-image-5067 size-full\" src=\"http:\/\/www.festivalethnos.it\/wp-content\/uploads\/2016\/09\/BANDA-1.jpg\" alt=\"\" width=\"950\" height=\"350\" srcset=\"https:\/\/www.festivalethnos.it\/wp-content\/uploads\/2016\/09\/BANDA-1.jpg 950w, https:\/\/www.festivalethnos.it\/wp-content\/uploads\/2016\/09\/BANDA-1-300x111.jpg 300w, https:\/\/www.festivalethnos.it\/wp-content\/uploads\/2016\/09\/BANDA-1-768x283.jpg 768w, https:\/\/www.festivalethnos.it\/wp-content\/uploads\/2016\/09\/BANDA-1-690x254.jpg 690w, https:\/\/www.festivalethnos.it\/wp-content\/uploads\/2016\/09\/BANDA-1-720x265.jpg 720w\" sizes=\"(max-width: 950px) 100vw, 950px\" \/><\/a><\/p>\n<p><strong>SABATO 23 SETTEMBRE<\/strong><br \/>\n<span style=\"color: #10447b;\">CASANDRINO\u00a0&#8211; NA<\/span><br \/>\nPiazza Umberto I<br \/>\nore 21.00<br \/>\nIngresso gratuito fino ad esaurimento posti.<\/p>\n<p><strong>Bandadriatica<\/strong> (Italia)<br \/>\nTrasportata dai venti vorticosi che illuminano le coste dell\u2019Adriatico, la BandAdriatica voga sul mare agitato della musica salentina con elementi balcanici e nordafricani. Partendo dalla banda tradizionale che in Puglia anima le feste, le processioni e i funerali, il viaggio si espande verso un Mediterraneo dove i linguaggi, come una complessa \u201cbabilonia\u201d, si armonizzano sulle melodie popolari nel fervore meticcio delle citt\u00e0 portuali. Dieci anni di ricerca sulle matrici musicali comuni delle sponde del Mare Adriatico, confrontandosi con le musiche balcaniche, con le fanfare Serbe e il Nord Africa e spingendosi fino al Mediterraneo pi\u00f9 orientale. Il loro ultimo lavoro discografico, Babilonia, si spinge sino alla Turchia, al Libano, all\u2019Armenia, e riscrive la musica tradizionale, con brani inediti nei testi e nelle musiche. Il loro concerto \u00e8 un contagioso momento divertente e piacevole, una magnifica turbolenza che si nutre di testi ben scritti e di una musica che suona come un fulmine a ciel sereno. Il pubblico assaporer\u00e0 generi e linguaggi diversi, dalla tradizione salentina e mediorientale, al new balcan e afro, armonizzati dal desiderio di superamento del concetto di \u201cconfine\u201d. BandAdriatica ci parler\u00e0 della possibilit\u00e0 concreta di trasformare la nostra percezione del concetto di diversit\u00e0 culturale.<\/p>\n<p><strong>Claudio Prima<\/strong>:\u00a0organetto, voce<br \/>\n<strong>Emanuele Coluccia<\/strong>: sax contralto<br \/>\n<strong>Andrea Perrone<\/strong>: tromba<br \/>\n<strong>Vincenzo Grasso<\/strong>: clarinetto, sax tenore<br \/>\n<strong>Gaetano Carrozzo<\/strong>: trombone<br \/>\n<strong>Morris Pellizzari<\/strong>: chitarra elettrica, baglama saz, kamale\u0300 ngonii<br \/>\n<strong>Giuseppe Spedicato<\/strong>: basso<br \/>\n<strong>Ovidio Venturoso<\/strong>: batteria<\/p>\n<p>[divider_line]<\/p>\n<p><iframe width=\"560\" height=\"315\" src=\"https:\/\/www.youtube.com\/embed\/HkbiBWgTVzU\" frameborder=\"0\" allowfullscreen><\/iframe><\/p>\n<p>&nbsp;<\/p>\n","protected":false},"excerpt":{"rendered":"<p>SABATO 23 SETTEMBRE CASANDRINO\u00a0&#8211; NA Piazza Umberto I ore 21.00 Ingresso gratuito fino ad esaurimento posti. Bandadriatica (Italia) Trasportata dai venti vorticosi che illuminano le coste dell\u2019Adriatico, la BandAdriatica voga sul mare agitato della musica salentina con elementi balcanici e nordafricani. Partendo dalla banda tradizionale che in Puglia anima le feste, le processioni e i&hellip;<\/p>\n","protected":false},"author":1,"featured_media":0,"parent":0,"menu_order":0,"comment_status":"closed","ping_status":"closed","template":"","meta":{"footnotes":""},"class_list":["post-4121","page","type-page","status-publish","hentry"],"_links":{"self":[{"href":"https:\/\/www.festivalethnos.it\/index.php?rest_route=\/wp\/v2\/pages\/4121","targetHints":{"allow":["GET"]}}],"collection":[{"href":"https:\/\/www.festivalethnos.it\/index.php?rest_route=\/wp\/v2\/pages"}],"about":[{"href":"https:\/\/www.festivalethnos.it\/index.php?rest_route=\/wp\/v2\/types\/page"}],"author":[{"embeddable":true,"href":"https:\/\/www.festivalethnos.it\/index.php?rest_route=\/wp\/v2\/users\/1"}],"replies":[{"embeddable":true,"href":"https:\/\/www.festivalethnos.it\/index.php?rest_route=%2Fwp%2Fv2%2Fcomments&post=4121"}],"version-history":[{"count":10,"href":"https:\/\/www.festivalethnos.it\/index.php?rest_route=\/wp\/v2\/pages\/4121\/revisions"}],"predecessor-version":[{"id":5094,"href":"https:\/\/www.festivalethnos.it\/index.php?rest_route=\/wp\/v2\/pages\/4121\/revisions\/5094"}],"wp:attachment":[{"href":"https:\/\/www.festivalethnos.it\/index.php?rest_route=%2Fwp%2Fv2%2Fmedia&parent=4121"}],"curies":[{"name":"wp","href":"https:\/\/api.w.org\/{rel}","templated":true}]}}

<p><img fetchpriority="high" decoding="async" class="alignNONE wp-image-5067 size-full" src="http://www.festivalethnos.it/wp-content/uploads/2016/09/BANDA-1.jpg" alt="" width="950" height="350" srcset="https://www.festivalethnos.it/wp-content/uploads/2016/09/BANDA-1.jpg 950w, https://www.festivalethnos.it/wp-content/uploads/2016/09/BANDA-1-300x111.jpg 300w, https://www.festivalethnos.it/wp-content/uploads/2016/09/BANDA-1-768x283.jpg 768w, https://www.festivalethnos.it/wp-content/uploads/2016/09/BANDA-1-690x254.jpg 690w, https://www.festivalethnos.it/wp-content/uploads/2016/09/BANDA-1-720x265.jpg 720w" sizes="(max-width: 950px) 100vw, 950px" /></a></p>
<p><strong>SABATO 23 SETTEMBRE</strong><br />
<span style="color: #10447b;">CASANDRINO &#8211; NA</span><br />
Piazza Umberto I<br />
ore 21.00<br />
Ingresso gratuito fino ad esaurimento posti.</p>
<p><strong>Bandadriatica</strong> (Italia)<br />
Trasportata dai venti vorticosi che illuminano le coste dell’Adriatico, la BandAdriatica voga sul mare agitato della musica salentina con elementi balcanici e nordafricani. Partendo dalla banda tradizionale che in Puglia anima le feste, le processioni e i funerali, il viaggio si espande verso un Mediterraneo dove i linguaggi, come una complessa “babilonia”, si armonizzano sulle melodie popolari nel fervore meticcio delle città portuali. Dieci anni di ricerca sulle matrici musicali comuni delle sponde del Mare Adriatico, confrontandosi con le musiche balcaniche, con le fanfare Serbe e il Nord Africa e spingendosi fino al Mediterraneo più orientale. Il loro ultimo lavoro discografico, Babilonia, si spinge sino alla Turchia, al Libano, all’Armenia, e riscrive la musica tradizionale, con brani inediti nei testi e nelle musiche. Il loro concerto è un contagioso momento divertente e piacevole, una magnifica turbolenza che si nutre di testi ben scritti e di una musica che suona come un fulmine a ciel sereno. Il pubblico assaporerà generi e linguaggi diversi, dalla tradizione salentina e mediorientale, al new balcan e afro, armonizzati dal desiderio di superamento del concetto di “confine”. BandAdriatica ci parlerà della possibilità concreta di trasformare la nostra percezione del concetto di diversità culturale.</p>
<p><strong>Claudio Prima</strong>: organetto, voce<br />
<strong>Emanuele Coluccia</strong>: sax contralto<br />
<strong>Andrea Perrone</strong>: tromba<br />
<strong>Vincenzo Grasso</strong>: clarinetto, sax tenore<br />
<strong>Gaetano Carrozzo</strong>: trombone<br />
<strong>Morris Pellizzari</strong>: chitarra elettrica, baglama saz, kamalè ngonii<br />
<strong>Giuseppe Spedicato</strong>: basso<br />
<strong>Ovidio Venturoso</strong>: batteria</p>
<p>[divider_line]</p>
<p><iframe width="560" height="315" src="https://www.youtube.com/embed/HkbiBWgTVzU" frameborder="0" allowfullscreen></iframe></p>
<p>&nbsp;</p>
