{"id":4296,"date":"2016-09-06T13:27:07","date_gmt":"2016-09-06T11:27:07","guid":{"rendered":"http:\/\/www.festivalethnos.it\/?page_id=4296"},"modified":"2017-09-07T15:00:48","modified_gmt":"2017-09-07T13:00:48","slug":"daby-toure","status":"publish","type":"page","link":"https:\/\/www.festivalethnos.it\/?page_id=4296","title":{"rendered":"Oumou Sangar\u00e9"},"content":{"rendered":"<p><img fetchpriority=\"high\" decoding=\"async\" class=\"aligncNONE wp-image-5056 size-full\" src=\"http:\/\/www.festivalethnos.it\/wp-content\/uploads\/2016\/09\/Oumou-Sangar\u00e9.jpg\" alt=\"\" width=\"950\" height=\"350\" srcset=\"https:\/\/www.festivalethnos.it\/wp-content\/uploads\/2016\/09\/Oumou-Sangar\u00e9.jpg 950w, https:\/\/www.festivalethnos.it\/wp-content\/uploads\/2016\/09\/Oumou-Sangar\u00e9-300x111.jpg 300w, https:\/\/www.festivalethnos.it\/wp-content\/uploads\/2016\/09\/Oumou-Sangar\u00e9-768x283.jpg 768w, https:\/\/www.festivalethnos.it\/wp-content\/uploads\/2016\/09\/Oumou-Sangar\u00e9-690x254.jpg 690w, https:\/\/www.festivalethnos.it\/wp-content\/uploads\/2016\/09\/Oumou-Sangar\u00e9-720x265.jpg 720w\" sizes=\"(max-width: 950px) 100vw, 950px\" \/><\/a><\/p>\n<p><strong>SABATO 30 SETTEMBRE<\/strong><br \/>\n<span style=\"color: #10447b;\">SAN GIORGIO A CREMANO (NA)<\/span><br \/>\nVilla Vannucchi, via Roma, 47<br \/>\nore 21.00<br \/>\nIngresso gratuito fino ad esaurimento posti.<\/p>\n<p><strong>Oumou Sangar\u00e9<\/strong> (Mali)<br \/>\nCantautrice del Mali, stella di prima grandezza della scena internazionale, Oumou Sangar\u00e8 \u00e8 ambasciatrice della musica africana nel mondo, insignita nel 2001 dell\u2019International Music Council\/Unesco Music Prize per il suo contributo \u201call\u2019arricchimento e allo sviluppo della musica, della pace, della comprensione tra popoli e della cooperazione internazionale\u201d. Cantautrice, esponente nella lotta per i diritti delle donne, portavoce della sua generazione e delle donne in genere, Oumou \u00e8 molto pi\u00f9 di una semplice \u201ccantante\u201d. \u00c8 semmai un fenomeno sociale, per i valori che incarna e per i quali si batte. Nata da genitori emigrati nel sud del Niger, dopo le prime esperienze di musica tradizionale, fonda un proprio sound basato sugli stili della sua terra d\u2019origine, Wassoulou, fondendo la tradizione dei rituali di caccia, in cui le donne cantano e gli uomini ballano, dei canti devozionali e di preghiera, con melodie costruite su scala pentatonica. Avendo raggiunto la fama nel 1989 con il suo Moussolou, Oumou Sangar\u00e8 rimane la pi\u00f9 nota virtuosa della musica wassoulou, di cui si serve per cantare nella propria lingua madre le ingiustizie della vita in Africa Occidentale come la poligamia e i matrimoni combinati. Nel 2003 \u00e8 stata nominata ambasciatrice di buona volont\u00e0 della FAO.<\/p>\n<p><em>Line up:<\/em><\/p>\n<p><strong> Oumou Sangar\u00e9<\/strong>: voce<br \/>\n<strong>Guimba Kouyate<\/strong>: chitarra<br \/>\n<strong>Elise Blanchard<\/strong>: basso<br \/>\n<strong>Mamounata Guira<\/strong>: seconda voce<br \/>\n<strong>Jonathan Grandcamp<\/strong>: percussioni<br \/>\n<strong>Abou Boubacar Diarra<\/strong>: kamele ngoni<br \/>\n<strong>Woridio Tounkara <\/strong>: seconda voce<br \/>\n<strong>Alexandre Millet<\/strong>: tastiere<\/p>\n<p>[divider_line]<\/p>\n<p><iframe width=\"560\" height=\"315\" src=\"https:\/\/www.youtube.com\/embed\/t4eXmjhudb8\" frameborder=\"0\" allowfullscreen><\/iframe><\/p>\n<p>&nbsp;<\/p>\n","protected":false},"excerpt":{"rendered":"<p>SABATO 30 SETTEMBRE SAN GIORGIO A CREMANO (NA) Villa Vannucchi, via Roma, 47 ore 21.00 Ingresso gratuito fino ad esaurimento posti. Oumou Sangar\u00e9 (Mali) Cantautrice del Mali, stella di prima grandezza della scena internazionale, Oumou Sangar\u00e8 \u00e8 ambasciatrice della musica africana nel mondo, insignita nel 2001 dell\u2019International Music Council\/Unesco Music Prize per il suo contributo&hellip;<\/p>\n","protected":false},"author":1,"featured_media":0,"parent":0,"menu_order":0,"comment_status":"closed","ping_status":"closed","template":"","meta":{"footnotes":""},"class_list":["post-4296","page","type-page","status-publish","hentry"],"_links":{"self":[{"href":"https:\/\/www.festivalethnos.it\/index.php?rest_route=\/wp\/v2\/pages\/4296","targetHints":{"allow":["GET"]}}],"collection":[{"href":"https:\/\/www.festivalethnos.it\/index.php?rest_route=\/wp\/v2\/pages"}],"about":[{"href":"https:\/\/www.festivalethnos.it\/index.php?rest_route=\/wp\/v2\/types\/page"}],"author":[{"embeddable":true,"href":"https:\/\/www.festivalethnos.it\/index.php?rest_route=\/wp\/v2\/users\/1"}],"replies":[{"embeddable":true,"href":"https:\/\/www.festivalethnos.it\/index.php?rest_route=%2Fwp%2Fv2%2Fcomments&post=4296"}],"version-history":[{"count":17,"href":"https:\/\/www.festivalethnos.it\/index.php?rest_route=\/wp\/v2\/pages\/4296\/revisions"}],"predecessor-version":[{"id":5097,"href":"https:\/\/www.festivalethnos.it\/index.php?rest_route=\/wp\/v2\/pages\/4296\/revisions\/5097"}],"wp:attachment":[{"href":"https:\/\/www.festivalethnos.it\/index.php?rest_route=%2Fwp%2Fv2%2Fmedia&parent=4296"}],"curies":[{"name":"wp","href":"https:\/\/api.w.org\/{rel}","templated":true}]}}

Oumou Sangaré

<p><img fetchpriority="high" decoding="async" class="aligncNONE wp-image-5056 size-full" src="http://www.festivalethnos.it/wp-content/uploads/2016/09/Oumou-Sangaré.jpg" alt="" width="950" height="350" srcset="https://www.festivalethnos.it/wp-content/uploads/2016/09/Oumou-Sangaré.jpg 950w, https://www.festivalethnos.it/wp-content/uploads/2016/09/Oumou-Sangaré-300x111.jpg 300w, https://www.festivalethnos.it/wp-content/uploads/2016/09/Oumou-Sangaré-768x283.jpg 768w, https://www.festivalethnos.it/wp-content/uploads/2016/09/Oumou-Sangaré-690x254.jpg 690w, https://www.festivalethnos.it/wp-content/uploads/2016/09/Oumou-Sangaré-720x265.jpg 720w" sizes="(max-width: 950px) 100vw, 950px" /></a></p>
<p><strong>SABATO 30 SETTEMBRE</strong><br />
<span style="color: #10447b;">SAN GIORGIO A CREMANO (NA)</span><br />
Villa Vannucchi, via Roma, 47<br />
ore 21.00<br />
Ingresso gratuito fino ad esaurimento posti.</p>
<p><strong>Oumou Sangaré</strong> (Mali)<br />
Cantautrice del Mali, stella di prima grandezza della scena internazionale, Oumou Sangarè è ambasciatrice della musica africana nel mondo, insignita nel 2001 dell’International Music Council/Unesco Music Prize per il suo contributo “all’arricchimento e allo sviluppo della musica, della pace, della comprensione tra popoli e della cooperazione internazionale”. Cantautrice, esponente nella lotta per i diritti delle donne, portavoce della sua generazione e delle donne in genere, Oumou è molto più di una semplice “cantante”. È semmai un fenomeno sociale, per i valori che incarna e per i quali si batte. Nata da genitori emigrati nel sud del Niger, dopo le prime esperienze di musica tradizionale, fonda un proprio sound basato sugli stili della sua terra d’origine, Wassoulou, fondendo la tradizione dei rituali di caccia, in cui le donne cantano e gli uomini ballano, dei canti devozionali e di preghiera, con melodie costruite su scala pentatonica. Avendo raggiunto la fama nel 1989 con il suo Moussolou, Oumou Sangarè rimane la più nota virtuosa della musica wassoulou, di cui si serve per cantare nella propria lingua madre le ingiustizie della vita in Africa Occidentale come la poligamia e i matrimoni combinati. Nel 2003 è stata nominata ambasciatrice di buona volontà della FAO.</p>
<p><em>Line up:</em></p>
<p><strong> Oumou Sangaré</strong>: voce<br />
<strong>Guimba Kouyate</strong>: chitarra<br />
<strong>Elise Blanchard</strong>: basso<br />
<strong>Mamounata Guira</strong>: seconda voce<br />
<strong>Jonathan Grandcamp</strong>: percussioni<br />
<strong>Abou Boubacar Diarra</strong>: kamele ngoni<br />
<strong>Woridio Tounkara </strong>: seconda voce<br />
<strong>Alexandre Millet</strong>: tastiere</p>
<p>[divider_line]</p>
<p><iframe width="560" height="315" src="https://www.youtube.com/embed/t4eXmjhudb8" frameborder="0" allowfullscreen></iframe></p>
<p>&nbsp;</p>

<p>SABATO 30 SETTEMBRE SAN GIORGIO A CREMANO (NA) Villa Vannucchi, via Roma, 47 ore 21.00 Ingresso gratuito fino ad esaurimento posti. Oumou Sangaré (Mali) Cantautrice del Mali, stella di prima grandezza della scena internazionale, Oumou Sangarè è ambasciatrice della musica africana nel mondo, insignita nel 2001 dell’International Music Council/Unesco Music Prize per il suo contributo&hellip;</p>
