{"id":6960,"date":"2019-09-11T23:24:37","date_gmt":"2019-09-11T21:24:37","guid":{"rendered":"http:\/\/www.festivalethnos.it\/?page_id=6960"},"modified":"2019-09-12T15:52:33","modified_gmt":"2019-09-12T13:52:33","slug":"egschiglen-2-2-6","status":"publish","type":"page","link":"https:\/\/www.festivalethnos.it\/?page_id=6960","title":{"rendered":"Chicuelo"},"content":{"rendered":"<p><img fetchpriority=\"high\" decoding=\"async\" class=\"alignone wp-image-6967 size-full\" src=\"http:\/\/www.festivalethnos.it\/wp-content\/uploads\/2019\/09\/chicu.jpg\" alt=\"\" width=\"950\" height=\"435\" srcset=\"https:\/\/www.festivalethnos.it\/wp-content\/uploads\/2019\/09\/chicu.jpg 950w, https:\/\/www.festivalethnos.it\/wp-content\/uploads\/2019\/09\/chicu-300x137.jpg 300w, https:\/\/www.festivalethnos.it\/wp-content\/uploads\/2019\/09\/chicu-768x352.jpg 768w, https:\/\/www.festivalethnos.it\/wp-content\/uploads\/2019\/09\/chicu-690x316.jpg 690w, https:\/\/www.festivalethnos.it\/wp-content\/uploads\/2019\/09\/chicu-720x330.jpg 720w\" sizes=\"(max-width: 950px) 100vw, 950px\" \/><\/p>\n<h2>SABATO 14 SETTEMBRE<br \/>\n<span style=\"color: #10447b;\">SAN GIORGIO A CREMANO (NA)<\/span><\/h2>\n<p><strong>Villa Vannucchi<\/strong>, via Roma, 47<br \/>\nore 20.30<br \/>\nIngresso gratuito fino ad esaurimento posti.<\/p>\n<p>&nbsp;<\/p>\n<h3>Chicuelo<\/h3>\n<p>Dopo aver lavorato a lungo con altri artisti, Chicuelo ha trovato il tempo e i temi per affrontare il suo nuovo e atteso progetto come solista, U\u00f1a y carne, una produzione di Accords Crois\u00e9s, a cura di Discmedi e Taller de M\u00fasics in Spagna e Accords Crois\u00e9s nel resto del mondo. Undici anni dopo il suo ultimo album solista, Diapasi\u00f3n, Chicuelo presenta un album formato da una raccolta di otto buler\u00edas, tanghi, guajiras, rumbas, sevillanas, tanguillos e ronde\u00f1asthat che lo afferma come uno dei chitarristi pi\u00f9 importanti della scena del flamenco e anche come compositore notevole. In questo progetto, Chicuelo ha composto quasi tutte le canzoni e ha avuto la partecipazione di rinomati musicisti della scena flamenca e jazz, come il trombettista Carlos Sarduy, il bassista Carles Benavent e il violoncellista Mart\u00edn Mel\u00e9ndez.<br \/>\nU\u00f1a y carne viene dopo molto tempo di lavoro insieme ad altri artisti, gli ultimi due con il pianista Marco Mezquida (Conexi\u00f3n, 2017) e la cantante Marinah (Sinton\u00edas, 2016).<br \/>\nDieci anni di esperienza come musicista e chitarrista che danno al nuovo album nuove forme in termini di ritmo e armonia, nuove voci e strumenti.<\/p>\n<p>Formazione<br \/>\n<strong>Juan G\u00f3mez \u201cChicuelo\u201d:<\/strong> <em>chitarra<\/em><br \/>\n<strong>Joaqu\u00edn G\u00f3mez:<\/strong> <em>voce<\/em><br \/>\n<strong>Carlos Caro:<\/strong> <em>violino<\/em><br \/>\n<strong>Carlos Sarduy:<\/strong> <em>tromba<\/em><br \/>\n<strong>Javi Martin:<\/strong> <em>basso elettrico<\/em><br \/>\n<strong>Paco de Mode:<\/strong> <em>percussioni<\/em><\/p>\n<p>&nbsp;<\/p>\n<p><iframe width=\"560\" height=\"315\" src=\"https:\/\/www.youtube.com\/embed\/-bmn01o2jaM\" frameborder=\"0\" allow=\"accelerometer; autoplay; encrypted-media; gyroscope; picture-in-picture\" allowfullscreen><\/iframe><\/p>\n<p>&nbsp;<\/p>\n<p>&nbsp;<\/p>\n<p><img decoding=\"async\" class=\"alignnone size-full wp-image-3579\" src=\"http:\/\/www.festivalethnos.it\/wp-content\/uploads\/2019\/09\/sponsor-footer2.png\" alt=\"sponsor-completo-home\" width=\"966\" height=\"130\" \/><\/p>\n","protected":false},"excerpt":{"rendered":"<p>SABATO 14 SETTEMBRE SAN GIORGIO A CREMANO (NA) Villa Vannucchi, via Roma, 47 ore 20.30 Ingresso gratuito fino ad esaurimento posti. &nbsp; Chicuelo Dopo aver lavorato a lungo con altri artisti, Chicuelo ha trovato il tempo e i temi per affrontare il suo nuovo e atteso progetto come solista, U\u00f1a y carne, una produzione di&hellip;<\/p>\n","protected":false},"author":1,"featured_media":0,"parent":0,"menu_order":0,"comment_status":"closed","ping_status":"closed","template":"","meta":{"footnotes":""},"class_list":["post-6960","page","type-page","status-publish","hentry"],"_links":{"self":[{"href":"https:\/\/www.festivalethnos.it\/index.php?rest_route=\/wp\/v2\/pages\/6960","targetHints":{"allow":["GET"]}}],"collection":[{"href":"https:\/\/www.festivalethnos.it\/index.php?rest_route=\/wp\/v2\/pages"}],"about":[{"href":"https:\/\/www.festivalethnos.it\/index.php?rest_route=\/wp\/v2\/types\/page"}],"author":[{"embeddable":true,"href":"https:\/\/www.festivalethnos.it\/index.php?rest_route=\/wp\/v2\/users\/1"}],"replies":[{"embeddable":true,"href":"https:\/\/www.festivalethnos.it\/index.php?rest_route=%2Fwp%2Fv2%2Fcomments&post=6960"}],"version-history":[{"count":8,"href":"https:\/\/www.festivalethnos.it\/index.php?rest_route=\/wp\/v2\/pages\/6960\/revisions"}],"predecessor-version":[{"id":6978,"href":"https:\/\/www.festivalethnos.it\/index.php?rest_route=\/wp\/v2\/pages\/6960\/revisions\/6978"}],"wp:attachment":[{"href":"https:\/\/www.festivalethnos.it\/index.php?rest_route=%2Fwp%2Fv2%2Fmedia&parent=6960"}],"curies":[{"name":"wp","href":"https:\/\/api.w.org\/{rel}","templated":true}]}}

<p><img fetchpriority="high" decoding="async" class="alignone wp-image-6967 size-full" src="http://www.festivalethnos.it/wp-content/uploads/2019/09/chicu.jpg" alt="" width="950" height="435" srcset="https://www.festivalethnos.it/wp-content/uploads/2019/09/chicu.jpg 950w, https://www.festivalethnos.it/wp-content/uploads/2019/09/chicu-300x137.jpg 300w, https://www.festivalethnos.it/wp-content/uploads/2019/09/chicu-768x352.jpg 768w, https://www.festivalethnos.it/wp-content/uploads/2019/09/chicu-690x316.jpg 690w, https://www.festivalethnos.it/wp-content/uploads/2019/09/chicu-720x330.jpg 720w" sizes="(max-width: 950px) 100vw, 950px" /></p>
<h2>SABATO 14 SETTEMBRE<br />
<span style="color: #10447b;">SAN GIORGIO A CREMANO (NA)</span></h2>
<p><strong>Villa Vannucchi</strong>, via Roma, 47<br />
ore 20.30<br />
Ingresso gratuito fino ad esaurimento posti.</p>
<p>&nbsp;</p>
<h3>Chicuelo</h3>
<p>Dopo aver lavorato a lungo con altri artisti, Chicuelo ha trovato il tempo e i temi per affrontare il suo nuovo e atteso progetto come solista, Uña y carne, una produzione di Accords Croisés, a cura di Discmedi e Taller de Músics in Spagna e Accords Croisés nel resto del mondo. Undici anni dopo il suo ultimo album solista, Diapasión, Chicuelo presenta un album formato da una raccolta di otto bulerías, tanghi, guajiras, rumbas, sevillanas, tanguillos e rondeñasthat che lo afferma come uno dei chitarristi più importanti della scena del flamenco e anche come compositore notevole. In questo progetto, Chicuelo ha composto quasi tutte le canzoni e ha avuto la partecipazione di rinomati musicisti della scena flamenca e jazz, come il trombettista Carlos Sarduy, il bassista Carles Benavent e il violoncellista Martín Meléndez.<br />
Uña y carne viene dopo molto tempo di lavoro insieme ad altri artisti, gli ultimi due con il pianista Marco Mezquida (Conexión, 2017) e la cantante Marinah (Sintonías, 2016).<br />
Dieci anni di esperienza come musicista e chitarrista che danno al nuovo album nuove forme in termini di ritmo e armonia, nuove voci e strumenti.</p>
<p>Formazione<br />
<strong>Juan Gómez “Chicuelo”:</strong> <em>chitarra</em><br />
<strong>Joaquín Gómez:</strong> <em>voce</em><br />
<strong>Carlos Caro:</strong> <em>violino</em><br />
<strong>Carlos Sarduy:</strong> <em>tromba</em><br />
<strong>Javi Martin:</strong> <em>basso elettrico</em><br />
<strong>Paco de Mode:</strong> <em>percussioni</em></p>
<p>&nbsp;</p>
<p><iframe width="560" height="315" src="https://www.youtube.com/embed/-bmn01o2jaM" frameborder="0" allow="accelerometer; autoplay; encrypted-media; gyroscope; picture-in-picture" allowfullscreen></iframe></p>
<p>&nbsp;</p>
<p>&nbsp;</p>
<p><img decoding="async" class="alignnone size-full wp-image-3579" src="http://www.festivalethnos.it/wp-content/uploads/2019/09/sponsor-footer2.png" alt="sponsor-completo-home" width="966" height="130" /></p>

<p>SABATO 14 SETTEMBRE SAN GIORGIO A CREMANO (NA) Villa Vannucchi, via Roma, 47 ore 20.30 Ingresso gratuito fino ad esaurimento posti. &nbsp; Chicuelo Dopo aver lavorato a lungo con altri artisti, Chicuelo ha trovato il tempo e i temi per affrontare il suo nuovo e atteso progetto come solista, Uña y carne, una produzione di&hellip;</p>
