{"id":7004,"date":"2019-09-12T00:39:25","date_gmt":"2019-09-11T22:39:25","guid":{"rendered":"http:\/\/www.festivalethnos.it\/?page_id=7004"},"modified":"2019-09-26T09:44:45","modified_gmt":"2019-09-26T07:44:45","slug":"egschiglen-2-2-6-2-9","status":"publish","type":"page","link":"https:\/\/www.festivalethnos.it\/?page_id=7004","title":{"rendered":"Teresa De Sio"},"content":{"rendered":"<p><img fetchpriority=\"high\" decoding=\"async\" class=\"alignnone wp-image-6964 size-full\" src=\"http:\/\/www.festivalethnos.it\/wp-content\/uploads\/2019\/09\/teresa.jpg\" alt=\"\" width=\"950\" height=\"435\" srcset=\"https:\/\/www.festivalethnos.it\/wp-content\/uploads\/2019\/09\/teresa.jpg 950w, https:\/\/www.festivalethnos.it\/wp-content\/uploads\/2019\/09\/teresa-300x137.jpg 300w, https:\/\/www.festivalethnos.it\/wp-content\/uploads\/2019\/09\/teresa-768x352.jpg 768w, https:\/\/www.festivalethnos.it\/wp-content\/uploads\/2019\/09\/teresa-690x316.jpg 690w, https:\/\/www.festivalethnos.it\/wp-content\/uploads\/2019\/09\/teresa-720x330.jpg 720w\" sizes=\"(max-width: 950px) 100vw, 950px\" \/><\/p>\n<h2>DOMENICA 29 SETTEMBRE<br \/>\n<span style=\"color: #10447b;\">SAN GIORGIO A CREMANO (NA)<\/span><\/h2>\n<p><strong>Arena di Villa Vannucchi<\/strong>, via Roma, 47<br \/>\nore 20.30<br \/>\nIngresso gratuito fino ad esaurimento posti.<br \/>\nApertura cancelli ore 20.15<\/p>\n<p>&nbsp;<\/p>\n<h3>Teresa De Sio<\/h3>\n<p>Puro Desiderio, il nuovo disco e il nuovo tour di Teresa De Sio. Un album che segna il passaggio in<br \/>\nuna nuova era della creativit\u00e0 di Teresa De Sio. A due anni dall\u2019uscita del lavoro devozionale \u201cTeresa canta Pino\u201d dedicato all\u2019amico Pino Danele, dopo una intensa ricerca e divulgazione sulla musica folk, testimoniata da dischi e docufilm tra cui Craj premiato al Festival del Cinema di Venezia, dopo i fortunatissimi romanzi \u201cMetti il diavolo a Ballare\u201d e \u201cL\u2019Attentissima\u201d la cantaurice con questo disco, svela al pubblico un suo mondo musicale e poetico intimo, rimasto a lungo privato. Un disco e un concerto che scava, parla di sentimento e suona contemporaneo. Un suono elettro\/acustico potentissimo e innovativo.  Ancora una volta Teresa De Sio riesce a sorprendere per la capacit\u00e0 di ricerca, per la voglia di libert\u00e0 e la capacit\u00e0 di innovare e attraversare mondi musicali solo apparentemente lontani ed unirli in modo semplice, come pi\u00f9 volte ha gi\u00e0 saputo fare nella sua carriera. Accompagnata da sei straordinari musicisti e polistrumentisti, Puro Desiderio \u00e8 un concerto potente intenso ed emozionante.<\/p>\n<p>Formazione<br \/>\n<strong>Teresa De Sio:<\/strong> <em>oce, chitarra<\/em><br \/>\n<strong>Francesco Santalucia:<\/strong> <em>tastiere, direzione<\/em><br \/>\n<strong>Antonio Ragosta:<\/strong> <em>chitarre<\/em><br \/>\n<strong>Marco Bartaccioni:<\/strong> <em> steel, pedal steel, chitarre <\/em><br \/>\n<strong>Pasquale Angelini<\/strong> <em>batteria<\/em><br \/>\n<strong>Vittorio Longobardi:<\/strong> <em>basso<\/em><br \/>\n<strong>Giovanni Astorino:<\/strong> <em>violoncello, sint, percussioni<\/em><\/p>\n<p>&nbsp;<\/p>\n<p><iframe width=\"560\" height=\"315\" src=\"https:\/\/www.youtube.com\/embed\/oICKPQdAKQg\" frameborder=\"0\" allow=\"accelerometer; autoplay; encrypted-media; gyroscope; picture-in-picture\" allowfullscreen><\/iframe><\/p>\n<p>&nbsp;<\/p>\n<p>&nbsp;<\/p>\n<p><img decoding=\"async\" class=\"alignnone size-full wp-image-3579\" src=\"http:\/\/www.festivalethnos.it\/wp-content\/uploads\/2019\/09\/sponsor-footer2.png\" alt=\"sponsor-completo-home\" width=\"966\" height=\"130\" \/><\/p>\n","protected":false},"excerpt":{"rendered":"<p>DOMENICA 29 SETTEMBRE SAN GIORGIO A CREMANO (NA) Arena di Villa Vannucchi, via Roma, 47 ore 20.30 Ingresso gratuito fino ad esaurimento posti. Apertura cancelli ore 20.15 &nbsp; Teresa De Sio Puro Desiderio, il nuovo disco e il nuovo tour di Teresa De Sio. Un album che segna il passaggio in una nuova era della&hellip;<\/p>\n","protected":false},"author":1,"featured_media":0,"parent":0,"menu_order":0,"comment_status":"closed","ping_status":"closed","template":"","meta":{"footnotes":""},"class_list":["post-7004","page","type-page","status-publish","hentry"],"_links":{"self":[{"href":"https:\/\/www.festivalethnos.it\/index.php?rest_route=\/wp\/v2\/pages\/7004","targetHints":{"allow":["GET"]}}],"collection":[{"href":"https:\/\/www.festivalethnos.it\/index.php?rest_route=\/wp\/v2\/pages"}],"about":[{"href":"https:\/\/www.festivalethnos.it\/index.php?rest_route=\/wp\/v2\/types\/page"}],"author":[{"embeddable":true,"href":"https:\/\/www.festivalethnos.it\/index.php?rest_route=\/wp\/v2\/users\/1"}],"replies":[{"embeddable":true,"href":"https:\/\/www.festivalethnos.it\/index.php?rest_route=%2Fwp%2Fv2%2Fcomments&post=7004"}],"version-history":[{"count":2,"href":"https:\/\/www.festivalethnos.it\/index.php?rest_route=\/wp\/v2\/pages\/7004\/revisions"}],"predecessor-version":[{"id":7290,"href":"https:\/\/www.festivalethnos.it\/index.php?rest_route=\/wp\/v2\/pages\/7004\/revisions\/7290"}],"wp:attachment":[{"href":"https:\/\/www.festivalethnos.it\/index.php?rest_route=%2Fwp%2Fv2%2Fmedia&parent=7004"}],"curies":[{"name":"wp","href":"https:\/\/api.w.org\/{rel}","templated":true}]}}

<p><img fetchpriority="high" decoding="async" class="alignnone wp-image-6964 size-full" src="http://www.festivalethnos.it/wp-content/uploads/2019/09/teresa.jpg" alt="" width="950" height="435" srcset="https://www.festivalethnos.it/wp-content/uploads/2019/09/teresa.jpg 950w, https://www.festivalethnos.it/wp-content/uploads/2019/09/teresa-300x137.jpg 300w, https://www.festivalethnos.it/wp-content/uploads/2019/09/teresa-768x352.jpg 768w, https://www.festivalethnos.it/wp-content/uploads/2019/09/teresa-690x316.jpg 690w, https://www.festivalethnos.it/wp-content/uploads/2019/09/teresa-720x330.jpg 720w" sizes="(max-width: 950px) 100vw, 950px" /></p>
<h2>DOMENICA 29 SETTEMBRE<br />
<span style="color: #10447b;">SAN GIORGIO A CREMANO (NA)</span></h2>
<p><strong>Arena di Villa Vannucchi</strong>, via Roma, 47<br />
ore 20.30<br />
Ingresso gratuito fino ad esaurimento posti.<br />
Apertura cancelli ore 20.15</p>
<p>&nbsp;</p>
<h3>Teresa De Sio</h3>
<p>Puro Desiderio, il nuovo disco e il nuovo tour di Teresa De Sio. Un album che segna il passaggio in<br />
una nuova era della creatività di Teresa De Sio. A due anni dall’uscita del lavoro devozionale “Teresa canta Pino” dedicato all’amico Pino Danele, dopo una intensa ricerca e divulgazione sulla musica folk, testimoniata da dischi e docufilm tra cui Craj premiato al Festival del Cinema di Venezia, dopo i fortunatissimi romanzi “Metti il diavolo a Ballare” e “L’Attentissima” la cantaurice con questo disco, svela al pubblico un suo mondo musicale e poetico intimo, rimasto a lungo privato. Un disco e un concerto che scava, parla di sentimento e suona contemporaneo. Un suono elettro/acustico potentissimo e innovativo.  Ancora una volta Teresa De Sio riesce a sorprendere per la capacità di ricerca, per la voglia di libertà e la capacità di innovare e attraversare mondi musicali solo apparentemente lontani ed unirli in modo semplice, come più volte ha già saputo fare nella sua carriera. Accompagnata da sei straordinari musicisti e polistrumentisti, Puro Desiderio è un concerto potente intenso ed emozionante.</p>
<p>Formazione<br />
<strong>Teresa De Sio:</strong> <em>oce, chitarra</em><br />
<strong>Francesco Santalucia:</strong> <em>tastiere, direzione</em><br />
<strong>Antonio Ragosta:</strong> <em>chitarre</em><br />
<strong>Marco Bartaccioni:</strong> <em> steel, pedal steel, chitarre </em><br />
<strong>Pasquale Angelini</strong> <em>batteria</em><br />
<strong>Vittorio Longobardi:</strong> <em>basso</em><br />
<strong>Giovanni Astorino:</strong> <em>violoncello, sint, percussioni</em></p>
<p>&nbsp;</p>
<p><iframe width="560" height="315" src="https://www.youtube.com/embed/oICKPQdAKQg" frameborder="0" allow="accelerometer; autoplay; encrypted-media; gyroscope; picture-in-picture" allowfullscreen></iframe></p>
<p>&nbsp;</p>
<p>&nbsp;</p>
<p><img decoding="async" class="alignnone size-full wp-image-3579" src="http://www.festivalethnos.it/wp-content/uploads/2019/09/sponsor-footer2.png" alt="sponsor-completo-home" width="966" height="130" /></p>
