{"id":7036,"date":"2019-09-12T01:29:19","date_gmt":"2019-09-11T23:29:19","guid":{"rendered":"http:\/\/www.festivalethnos.it\/?page_id=7036"},"modified":"2019-09-12T01:29:19","modified_gmt":"2019-09-11T23:29:19","slug":"egschiglen-2-2-6-2-10-4","status":"publish","type":"page","link":"https:\/\/www.festivalethnos.it\/?page_id=7036","title":{"rendered":"Workshop di ritmi, danze e strumenti"},"content":{"rendered":"<p><img fetchpriority=\"high\" decoding=\"async\" class=\"alignnone wp-image-7014 size-full\" src=\"http:\/\/www.festivalethnos.it\/wp-content\/uploads\/2019\/09\/WORKSHOP-LOTI.jpg\" alt=\"\" width=\"950\" height=\"435\" srcset=\"https:\/\/www.festivalethnos.it\/wp-content\/uploads\/2019\/09\/WORKSHOP-LOTI.jpg 950w, https:\/\/www.festivalethnos.it\/wp-content\/uploads\/2019\/09\/WORKSHOP-LOTI-300x137.jpg 300w, https:\/\/www.festivalethnos.it\/wp-content\/uploads\/2019\/09\/WORKSHOP-LOTI-768x352.jpg 768w, https:\/\/www.festivalethnos.it\/wp-content\/uploads\/2019\/09\/WORKSHOP-LOTI-690x316.jpg 690w, https:\/\/www.festivalethnos.it\/wp-content\/uploads\/2019\/09\/WORKSHOP-LOTI-720x330.jpg 720w\" sizes=\"(max-width: 950px) 100vw, 950px\" \/><\/p>\n<h2>GIOVEDI 26 SETTEMBRE<br \/>\n<span style=\"color: #10447b;\">TORRE ANNUNZIATA (NA)<\/span><\/h2>\n<p><strong>sale del Liceo statale Pitagora &#8211; B. Croce<\/strong>,corso Umberto I<br \/>\nore 16.00<br \/>\n<em>con il Caf\u00e8 Loti: Nando Citarella, Stefano Saletti, Pejman Tadayon<\/em><\/p>\n<h3>&#8220;Navigando sulle rotte&#8221; dal Mediterraneo all&#8217;Oriente &#8211; Workshop di ritmi, danze e strumenti <\/h3>\n<p>Un viaggio nei ritmi, nelle melodie e nelle danze del Mediterraneo e della tradizione Sufi, alla scoperta degli elementi di connessione tra le varie tradizioni.<br \/>\nNella prima parte del laboratorio saranno approfondite le tecniche dei vari strumenti suonati dal Caf\u00e8 Loti: oud, bouzouki, saz, setar, bamtar, daf, ney, tamburi a cornice, tamburello. Ci si soffermer\u00e0 sulle scale e su alcuni dei temi musicali pi\u00f9 caratteristici delle varie culture, sulle caratteristiche e la storia degli strumenti e di come da sempre esista un legame forte tra i vari Paesi che si affacciano sul Mediterraneo e con le tradizioni mediorientali e orientali. La seconda parte del workshop sar\u00e0 dedicata alla danza, ai movimenti e alla tecnica primaria della danza spirituale Sufi dei Dervisci rotanti.<br \/>\nAl termine del workshop sar\u00e0 organizzato un momento collettivo, una sorta di rituale in cui gli stessi partecipanti, utilizzando la conoscenza pratica appresa durante l\u2019incontro, potranno suonare e danzare i ritmi della musica sufi.<\/p>\n<p>Il workshop \u00e8 aperto a tutti, non serve una specifica preparazione musicale, si pu\u00f2 partecipare con uno strumento oppure solamente con il canto o con la danza. Si consiglia di portare abiti comodi, preferibilmente una gonna per la danza e qualsiasi strumento a percussione.<\/p>\n<p>Dove: sale del Liceo statale Pitagora &#8211; B.Croce \u2013 succursale Cristo Re, corso Umberto I (accanto a Villa Parnaso, luogo del concerto di Caf\u00e8 Loti)<br \/>\nQuando: ore 16:00<br \/>\nDurata: circa 2 ore dalle 16 alle 18<br \/>\nModalit\u00e0 di partecipazione: la partecipazione \u00e8 gratuita.<br \/>\nE\u2019 gradita la prenotazione via mail all\u2019indirizzo <a href=\"mailto:prenotazioniethnos@gmail.com\">prenotazioniethnos@gmail.com<\/a><\/p>\n<p>&nbsp;<\/p>\n<p>&nbsp;<\/p>\n<p><img decoding=\"async\" class=\"alignnone size-full wp-image-3579\" src=\"http:\/\/www.festivalethnos.it\/wp-content\/uploads\/2019\/09\/sponsor-footer2.png\" alt=\"sponsor-completo-home\" width=\"966\" height=\"130\" \/><\/p>\n","protected":false},"excerpt":{"rendered":"<p>GIOVEDI 26 SETTEMBRE TORRE ANNUNZIATA (NA) sale del Liceo statale Pitagora &#8211; B. Croce,corso Umberto I ore 16.00 con il Caf\u00e8 Loti: Nando Citarella, Stefano Saletti, Pejman Tadayon &#8220;Navigando sulle rotte&#8221; dal Mediterraneo all&#8217;Oriente &#8211; Workshop di ritmi, danze e strumenti Un viaggio nei ritmi, nelle melodie e nelle danze del Mediterraneo e della tradizione&hellip;<\/p>\n","protected":false},"author":1,"featured_media":0,"parent":0,"menu_order":0,"comment_status":"closed","ping_status":"closed","template":"","meta":{"footnotes":""},"class_list":["post-7036","page","type-page","status-publish","hentry"],"_links":{"self":[{"href":"https:\/\/www.festivalethnos.it\/index.php?rest_route=\/wp\/v2\/pages\/7036","targetHints":{"allow":["GET"]}}],"collection":[{"href":"https:\/\/www.festivalethnos.it\/index.php?rest_route=\/wp\/v2\/pages"}],"about":[{"href":"https:\/\/www.festivalethnos.it\/index.php?rest_route=\/wp\/v2\/types\/page"}],"author":[{"embeddable":true,"href":"https:\/\/www.festivalethnos.it\/index.php?rest_route=\/wp\/v2\/users\/1"}],"replies":[{"embeddable":true,"href":"https:\/\/www.festivalethnos.it\/index.php?rest_route=%2Fwp%2Fv2%2Fcomments&post=7036"}],"version-history":[{"count":1,"href":"https:\/\/www.festivalethnos.it\/index.php?rest_route=\/wp\/v2\/pages\/7036\/revisions"}],"predecessor-version":[{"id":7037,"href":"https:\/\/www.festivalethnos.it\/index.php?rest_route=\/wp\/v2\/pages\/7036\/revisions\/7037"}],"wp:attachment":[{"href":"https:\/\/www.festivalethnos.it\/index.php?rest_route=%2Fwp%2Fv2%2Fmedia&parent=7036"}],"curies":[{"name":"wp","href":"https:\/\/api.w.org\/{rel}","templated":true}]}}

<p><img fetchpriority="high" decoding="async" class="alignnone wp-image-7014 size-full" src="http://www.festivalethnos.it/wp-content/uploads/2019/09/WORKSHOP-LOTI.jpg" alt="" width="950" height="435" srcset="https://www.festivalethnos.it/wp-content/uploads/2019/09/WORKSHOP-LOTI.jpg 950w, https://www.festivalethnos.it/wp-content/uploads/2019/09/WORKSHOP-LOTI-300x137.jpg 300w, https://www.festivalethnos.it/wp-content/uploads/2019/09/WORKSHOP-LOTI-768x352.jpg 768w, https://www.festivalethnos.it/wp-content/uploads/2019/09/WORKSHOP-LOTI-690x316.jpg 690w, https://www.festivalethnos.it/wp-content/uploads/2019/09/WORKSHOP-LOTI-720x330.jpg 720w" sizes="(max-width: 950px) 100vw, 950px" /></p>
<h2>GIOVEDI 26 SETTEMBRE<br />
<span style="color: #10447b;">TORRE ANNUNZIATA (NA)</span></h2>
<p><strong>sale del Liceo statale Pitagora &#8211; B. Croce</strong>,corso Umberto I<br />
ore 16.00<br />
<em>con il Cafè Loti: Nando Citarella, Stefano Saletti, Pejman Tadayon</em></p>
<h3>&#8220;Navigando sulle rotte&#8221; dal Mediterraneo all&#8217;Oriente &#8211; Workshop di ritmi, danze e strumenti </h3>
<p>Un viaggio nei ritmi, nelle melodie e nelle danze del Mediterraneo e della tradizione Sufi, alla scoperta degli elementi di connessione tra le varie tradizioni.<br />
Nella prima parte del laboratorio saranno approfondite le tecniche dei vari strumenti suonati dal Cafè Loti: oud, bouzouki, saz, setar, bamtar, daf, ney, tamburi a cornice, tamburello. Ci si soffermerà sulle scale e su alcuni dei temi musicali più caratteristici delle varie culture, sulle caratteristiche e la storia degli strumenti e di come da sempre esista un legame forte tra i vari Paesi che si affacciano sul Mediterraneo e con le tradizioni mediorientali e orientali. La seconda parte del workshop sarà dedicata alla danza, ai movimenti e alla tecnica primaria della danza spirituale Sufi dei Dervisci rotanti.<br />
Al termine del workshop sarà organizzato un momento collettivo, una sorta di rituale in cui gli stessi partecipanti, utilizzando la conoscenza pratica appresa durante l’incontro, potranno suonare e danzare i ritmi della musica sufi.</p>
<p>Il workshop è aperto a tutti, non serve una specifica preparazione musicale, si può partecipare con uno strumento oppure solamente con il canto o con la danza. Si consiglia di portare abiti comodi, preferibilmente una gonna per la danza e qualsiasi strumento a percussione.</p>
<p>Dove: sale del Liceo statale Pitagora &#8211; B.Croce – succursale Cristo Re, corso Umberto I (accanto a Villa Parnaso, luogo del concerto di Cafè Loti)<br />
Quando: ore 16:00<br />
Durata: circa 2 ore dalle 16 alle 18<br />
Modalità di partecipazione: la partecipazione è gratuita.<br />
E’ gradita la prenotazione via mail all’indirizzo <a href="mailto:prenotazioniethnos@gmail.com">prenotazioniethnos@gmail.com</a></p>
<p>&nbsp;</p>
<p>&nbsp;</p>
<p><img decoding="async" class="alignnone size-full wp-image-3579" src="http://www.festivalethnos.it/wp-content/uploads/2019/09/sponsor-footer2.png" alt="sponsor-completo-home" width="966" height="130" /></p>

<p>GIOVEDI 26 SETTEMBRE TORRE ANNUNZIATA (NA) sale del Liceo statale Pitagora &#8211; B. Croce,corso Umberto I ore 16.00 con il Cafè Loti: Nando Citarella, Stefano Saletti, Pejman Tadayon &#8220;Navigando sulle rotte&#8221; dal Mediterraneo all&#8217;Oriente &#8211; Workshop di ritmi, danze e strumenti Un viaggio nei ritmi, nelle melodie e nelle danze del Mediterraneo e della tradizione&hellip;</p>
