{"id":8154,"date":"2021-09-02T10:29:09","date_gmt":"2021-09-02T08:29:09","guid":{"rendered":"https:\/\/www.festivalethnos.it\/?page_id=8154"},"modified":"2021-09-06T11:15:18","modified_gmt":"2021-09-06T09:15:18","slug":"marala","status":"publish","type":"page","link":"https:\/\/www.festivalethnos.it\/?page_id=8154","title":{"rendered":"Marala"},"content":{"rendered":"<p>&nbsp;<\/p>\n<p><img fetchpriority=\"high\" decoding=\"async\" class=\"alignnone size-full wp-image-7610\" src=\"https:\/\/www.festivalethnos.it\/wp-content\/uploads\/2021\/09\/lunga-marala.png\" alt=\"\" width=\"950\" height=\"400\" \/><\/p>\n<h2>DOMENICA 12 SETTEMBRE <span style=\"color: #d03742;\">ERCOLANO<\/span><\/h2>\n<p><strong>Parco sul mare &#8211; Villa Favorita<\/strong>,<br \/>\nVia Gabriele D&#8217;Annunzio<br \/>\nore 18:00 &#8211; 19:30<\/p>\n<h2>Concerto di <span style=\"color: #d03742;\">MARALA<\/span><\/h2>\n<h3>in \u201c Marala Binaural\u201d<br \/>\nConcerto con ascolto in cuffia<\/h3>\n<p>Marala Trio (Spagna) \u00e8 una band composta da Selma Bruna, Clara Fiol e Sandra Monfort. Tre musiciste e compositrici provenienti da Catalogna, Baleari e Valencia. La complicit\u00e0 delle loro voci e dei loro corpi \u00e8 evidente sul palcoscenico. Vengono mostrate cos\u00ec come sono: coraggiose e femministe, sveglie e consapevoli ma anche sensibili e vulnerabili, carismatiche e virtuose. \u201cA trenc d&#8217;alba \u201c espressione catalana che significa \u201cquando la notte \u00e8 rotta dall&#8217;alba\u201d \u00e8 la loro prima pubblicazione. In esso possiamo ascoltare 10 canzoni ispirate alla musica popolare catalana; voci della tradizione, vicinanza e nudit\u00e0 si mescolano con chitarre e strumenti a percussione. Nei loro live, le tre cantanti maiorchine utilizzano un microfono binaurale, un sofisticato dispositivo tecnologico che cattura il suono proprio come fa l&#8217;orecchio umano. Il pubblico attraverso le cuffie wireless sar\u00e0 condotto in una suggestiva e coinvolgente esperienza di ascolto nell\u2019affascinate Parco sul Mare di Villa Favorita.<\/p>\n<p>Formazione:<br \/>\nSandra Monfort (voce)<br \/>\nSimone Bottasso (organetto, flauto, live electronics)<br \/>\nSelma Bruna (voce e chitarra)<\/p>\n<p><iframe width=\"560\" height=\"315\" src=\"https:\/\/www.youtube.com\/embed\/KiU5sRiet-M\" title=\"YouTube video player\" frameborder=\"0\" allow=\"accelerometer; autoplay; clipboard-write; encrypted-media; gyroscope; picture-in-picture\" allowfullscreen><\/iframe><\/p>\n<p>&nbsp;<\/p>\n<h3 style=\"color: red;\"><a href=\"https:\/\/www.azzurroservice.net\/biglietti\/concerto-di-marala-inmarala-binaural\/#.YS4Vd44zaUk\" target=\"_blank\" rel=\"noopener noreferrer\">Biglietto Marala acquistabile qui<\/a><\/h3>\n<p>&nbsp;<\/p>\n<hr \/>\n<p>Villa Favorita capienza 100 posti<\/p>\n<p>l&#8217;utilizzo della mascherina \u00e8 obbligatorio per tutta la durata dell&#8217;evento, compreso all&#8217;ingresso e all&#8217;uscita di ogni spettacolo.<br \/>\nI posti a sedere prevedono un distanziamento minimo tra uno spettatore e l\u2019altro di almeno 1 metro, frontalmente e lateralmente.<\/p>\n<hr \/>\n<div id='gallery-1' class='gallery galleryid-8154 gallery-columns-3 gallery-size-medium'><figure class='gallery-item'>\n\t\t\t<div class='gallery-icon landscape'>\n\t\t\t\t<a href='https:\/\/www.festivalethnos.it\/?attachment_id=8158'><img decoding=\"async\" width=\"300\" height=\"180\" src=\"https:\/\/www.festivalethnos.it\/wp-content\/uploads\/2021\/09\/5e3daa97751b446dde15b676_Marla-Trio-1-300x180.jpg\" class=\"attachment-medium size-medium\" alt=\"\" srcset=\"https:\/\/www.festivalethnos.it\/wp-content\/uploads\/2021\/09\/5e3daa97751b446dde15b676_Marla-Trio-1-300x180.jpg 300w, https:\/\/www.festivalethnos.it\/wp-content\/uploads\/2021\/09\/5e3daa97751b446dde15b676_Marla-Trio-1-690x414.jpg 690w, https:\/\/www.festivalethnos.it\/wp-content\/uploads\/2021\/09\/5e3daa97751b446dde15b676_Marla-Trio-1-768x461.jpg 768w, https:\/\/www.festivalethnos.it\/wp-content\/uploads\/2021\/09\/5e3daa97751b446dde15b676_Marla-Trio-1-1536x922.jpg 1536w, https:\/\/www.festivalethnos.it\/wp-content\/uploads\/2021\/09\/5e3daa97751b446dde15b676_Marla-Trio-1-720x432.jpg 720w, https:\/\/www.festivalethnos.it\/wp-content\/uploads\/2021\/09\/5e3daa97751b446dde15b676_Marla-Trio-1-750x450.jpg 750w, https:\/\/www.festivalethnos.it\/wp-content\/uploads\/2021\/09\/5e3daa97751b446dde15b676_Marla-Trio-1.jpg 1600w\" sizes=\"(max-width: 300px) 100vw, 300px\" \/><\/a>\n\t\t\t<\/div><\/figure><figure class='gallery-item'>\n\t\t\t<div class='gallery-icon landscape'>\n\t\t\t\t<a href='https:\/\/www.festivalethnos.it\/?attachment_id=8159'><img decoding=\"async\" width=\"300\" height=\"181\" src=\"https:\/\/www.festivalethnos.it\/wp-content\/uploads\/2021\/09\/37532749-624x377-1-300x181.jpg\" class=\"attachment-medium size-medium\" alt=\"\" srcset=\"https:\/\/www.festivalethnos.it\/wp-content\/uploads\/2021\/09\/37532749-624x377-1-300x181.jpg 300w, https:\/\/www.festivalethnos.it\/wp-content\/uploads\/2021\/09\/37532749-624x377-1.jpg 624w\" sizes=\"(max-width: 300px) 100vw, 300px\" \/><\/a>\n\t\t\t<\/div><\/figure><figure class='gallery-item'>\n\t\t\t<div class='gallery-icon landscape'>\n\t\t\t\t<a href='https:\/\/www.festivalethnos.it\/?attachment_id=8160'><img loading=\"lazy\" decoding=\"async\" width=\"300\" height=\"215\" src=\"https:\/\/www.festivalethnos.it\/wp-content\/uploads\/2021\/09\/Marala-Trio-300x215.jpg\" class=\"attachment-medium size-medium\" alt=\"\" srcset=\"https:\/\/www.festivalethnos.it\/wp-content\/uploads\/2021\/09\/Marala-Trio-300x215.jpg 300w, https:\/\/www.festivalethnos.it\/wp-content\/uploads\/2021\/09\/Marala-Trio-690x495.jpg 690w, https:\/\/www.festivalethnos.it\/wp-content\/uploads\/2021\/09\/Marala-Trio-768x551.jpg 768w, https:\/\/www.festivalethnos.it\/wp-content\/uploads\/2021\/09\/Marala-Trio-720x517.jpg 720w, https:\/\/www.festivalethnos.it\/wp-content\/uploads\/2021\/09\/Marala-Trio.jpg 1000w\" sizes=\"(max-width: 300px) 100vw, 300px\" \/><\/a>\n\t\t\t<\/div><\/figure><figure class='gallery-item'>\n\t\t\t<div class='gallery-icon landscape'>\n\t\t\t\t<a href='https:\/\/www.festivalethnos.it\/?attachment_id=8161'><img loading=\"lazy\" decoding=\"async\" width=\"300\" height=\"169\" src=\"https:\/\/www.festivalethnos.it\/wp-content\/uploads\/2021\/09\/maxresdefault-300x169.jpg\" class=\"attachment-medium size-medium\" alt=\"\" srcset=\"https:\/\/www.festivalethnos.it\/wp-content\/uploads\/2021\/09\/maxresdefault-300x169.jpg 300w, https:\/\/www.festivalethnos.it\/wp-content\/uploads\/2021\/09\/maxresdefault-690x388.jpg 690w, https:\/\/www.festivalethnos.it\/wp-content\/uploads\/2021\/09\/maxresdefault-768x432.jpg 768w, https:\/\/www.festivalethnos.it\/wp-content\/uploads\/2021\/09\/maxresdefault-720x405.jpg 720w, https:\/\/www.festivalethnos.it\/wp-content\/uploads\/2021\/09\/maxresdefault.jpg 1280w\" sizes=\"(max-width: 300px) 100vw, 300px\" \/><\/a>\n\t\t\t<\/div><\/figure><figure class='gallery-item'>\n\t\t\t<div class='gallery-icon landscape'>\n\t\t\t\t<a href='https:\/\/www.festivalethnos.it\/?attachment_id=8162'><img loading=\"lazy\" decoding=\"async\" width=\"300\" height=\"300\" src=\"https:\/\/www.festivalethnos.it\/wp-content\/uploads\/2021\/09\/unnamed-300x300.jpg\" class=\"attachment-medium size-medium\" alt=\"\" srcset=\"https:\/\/www.festivalethnos.it\/wp-content\/uploads\/2021\/09\/unnamed-300x300.jpg 300w, https:\/\/www.festivalethnos.it\/wp-content\/uploads\/2021\/09\/unnamed-690x690.jpg 690w, https:\/\/www.festivalethnos.it\/wp-content\/uploads\/2021\/09\/unnamed-150x150.jpg 150w, https:\/\/www.festivalethnos.it\/wp-content\/uploads\/2021\/09\/unnamed-768x768.jpg 768w, https:\/\/www.festivalethnos.it\/wp-content\/uploads\/2021\/09\/unnamed-540x540.jpg 540w, https:\/\/www.festivalethnos.it\/wp-content\/uploads\/2021\/09\/unnamed.jpg 900w\" sizes=\"(max-width: 300px) 100vw, 300px\" \/><\/a>\n\t\t\t<\/div><\/figure><figure class='gallery-item'>\n\t\t\t<div class='gallery-icon landscape'>\n\t\t\t\t<a href='https:\/\/www.festivalethnos.it\/?attachment_id=8163'><img loading=\"lazy\" decoding=\"async\" width=\"300\" height=\"216\" src=\"https:\/\/www.festivalethnos.it\/wp-content\/uploads\/2021\/09\/unnamedd-300x216.png\" class=\"attachment-medium size-medium\" alt=\"\" srcset=\"https:\/\/www.festivalethnos.it\/wp-content\/uploads\/2021\/09\/unnamedd-300x216.png 300w, https:\/\/www.festivalethnos.it\/wp-content\/uploads\/2021\/09\/unnamedd.png 512w\" sizes=\"(max-width: 300px) 100vw, 300px\" \/><\/a>\n\t\t\t<\/div><\/figure>\n\t\t<\/div>\n\n<h4><\/h4>\n<p>&nbsp;<\/p>\n<p>&nbsp;<\/p>\n<p>&nbsp;<\/p>\n<p>[one_third]<\/p>\n<p>&nbsp;<\/p>\n<p>[\/one_third]<\/p>\n<p><img loading=\"lazy\" decoding=\"async\" class=\"alignnone wp-image-7627 size-full\" src=\"https:\/\/www.festivalethnos.it\/wp-content\/uploads\/2021\/08\/footer-loghi.jpg\" alt=\"\" width=\"966\" height=\"130\" \/><\/p>\n","protected":false},"excerpt":{"rendered":"<p>&nbsp; DOMENICA 12 SETTEMBRE ERCOLANO Parco sul mare &#8211; Villa Favorita, Via Gabriele D&#8217;Annunzio ore 18:00 &#8211; 19:30 Concerto di MARALA in \u201c Marala Binaural\u201d Concerto con ascolto in cuffia Marala Trio (Spagna) \u00e8 una band composta da Selma Bruna, Clara Fiol e Sandra Monfort. Tre musiciste e compositrici provenienti da Catalogna, Baleari e Valencia.&hellip;<\/p>\n","protected":false},"author":1,"featured_media":0,"parent":0,"menu_order":0,"comment_status":"closed","ping_status":"closed","template":"","meta":{"footnotes":""},"class_list":["post-8154","page","type-page","status-publish","hentry"],"_links":{"self":[{"href":"https:\/\/www.festivalethnos.it\/index.php?rest_route=\/wp\/v2\/pages\/8154","targetHints":{"allow":["GET"]}}],"collection":[{"href":"https:\/\/www.festivalethnos.it\/index.php?rest_route=\/wp\/v2\/pages"}],"about":[{"href":"https:\/\/www.festivalethnos.it\/index.php?rest_route=\/wp\/v2\/types\/page"}],"author":[{"embeddable":true,"href":"https:\/\/www.festivalethnos.it\/index.php?rest_route=\/wp\/v2\/users\/1"}],"replies":[{"embeddable":true,"href":"https:\/\/www.festivalethnos.it\/index.php?rest_route=%2Fwp%2Fv2%2Fcomments&post=8154"}],"version-history":[{"count":9,"href":"https:\/\/www.festivalethnos.it\/index.php?rest_route=\/wp\/v2\/pages\/8154\/revisions"}],"predecessor-version":[{"id":8426,"href":"https:\/\/www.festivalethnos.it\/index.php?rest_route=\/wp\/v2\/pages\/8154\/revisions\/8426"}],"wp:attachment":[{"href":"https:\/\/www.festivalethnos.it\/index.php?rest_route=%2Fwp%2Fv2%2Fmedia&parent=8154"}],"curies":[{"name":"wp","href":"https:\/\/api.w.org\/{rel}","templated":true}]}}

<p>&nbsp;</p>
<p><img fetchpriority="high" decoding="async" class="alignnone size-full wp-image-7610" src="https://www.festivalethnos.it/wp-content/uploads/2021/09/lunga-marala.png" alt="" width="950" height="400" /></p>
<h2>DOMENICA 12 SETTEMBRE <span style="color: #d03742;">ERCOLANO</span></h2>
<p><strong>Parco sul mare &#8211; Villa Favorita</strong>,<br />
Via Gabriele D&#8217;Annunzio<br />
ore 18:00 &#8211; 19:30</p>
<h2>Concerto di <span style="color: #d03742;">MARALA</span></h2>
<h3>in “ Marala Binaural”<br />
Concerto con ascolto in cuffia</h3>
<p>Marala Trio (Spagna) è una band composta da Selma Bruna, Clara Fiol e Sandra Monfort. Tre musiciste e compositrici provenienti da Catalogna, Baleari e Valencia. La complicità delle loro voci e dei loro corpi è evidente sul palcoscenico. Vengono mostrate così come sono: coraggiose e femministe, sveglie e consapevoli ma anche sensibili e vulnerabili, carismatiche e virtuose. “A trenc d&#8217;alba “ espressione catalana che significa “quando la notte è rotta dall&#8217;alba” è la loro prima pubblicazione. In esso possiamo ascoltare 10 canzoni ispirate alla musica popolare catalana; voci della tradizione, vicinanza e nudità si mescolano con chitarre e strumenti a percussione. Nei loro live, le tre cantanti maiorchine utilizzano un microfono binaurale, un sofisticato dispositivo tecnologico che cattura il suono proprio come fa l&#8217;orecchio umano. Il pubblico attraverso le cuffie wireless sarà condotto in una suggestiva e coinvolgente esperienza di ascolto nell’affascinate Parco sul Mare di Villa Favorita.</p>
<p>Formazione:<br />
Sandra Monfort (voce)<br />
Simone Bottasso (organetto, flauto, live electronics)<br />
Selma Bruna (voce e chitarra)</p>
<p><iframe width="560" height="315" src="https://www.youtube.com/embed/KiU5sRiet-M" title="YouTube video player" frameborder="0" allow="accelerometer; autoplay; clipboard-write; encrypted-media; gyroscope; picture-in-picture" allowfullscreen></iframe></p>
<p>&nbsp;</p>
<h3 style="color: red;"><a href="https://www.azzurroservice.net/biglietti/concerto-di-marala-inmarala-binaural/#.YS4Vd44zaUk" target="_blank" rel="noopener noreferrer">Biglietto Marala acquistabile qui</a></h3>
<p>&nbsp;</p>
<hr />
<p>Villa Favorita capienza 100 posti</p>
<p>l&#8217;utilizzo della mascherina è obbligatorio per tutta la durata dell&#8217;evento, compreso all&#8217;ingresso e all&#8217;uscita di ogni spettacolo.<br />
I posti a sedere prevedono un distanziamento minimo tra uno spettatore e l’altro di almeno 1 metro, frontalmente e lateralmente.</p>
<hr />
<div id='gallery-1' class='gallery galleryid-8154 gallery-columns-3 gallery-size-medium'><figure class='gallery-item'>
			<div class='gallery-icon landscape'>
				<a href='https://www.festivalethnos.it/?attachment_id=8158'><img decoding="async" width="300" height="180" src="https://www.festivalethnos.it/wp-content/uploads/2021/09/5e3daa97751b446dde15b676_Marla-Trio-1-300x180.jpg" class="attachment-medium size-medium" alt="" srcset="https://www.festivalethnos.it/wp-content/uploads/2021/09/5e3daa97751b446dde15b676_Marla-Trio-1-300x180.jpg 300w, https://www.festivalethnos.it/wp-content/uploads/2021/09/5e3daa97751b446dde15b676_Marla-Trio-1-690x414.jpg 690w, https://www.festivalethnos.it/wp-content/uploads/2021/09/5e3daa97751b446dde15b676_Marla-Trio-1-768x461.jpg 768w, https://www.festivalethnos.it/wp-content/uploads/2021/09/5e3daa97751b446dde15b676_Marla-Trio-1-1536x922.jpg 1536w, https://www.festivalethnos.it/wp-content/uploads/2021/09/5e3daa97751b446dde15b676_Marla-Trio-1-720x432.jpg 720w, https://www.festivalethnos.it/wp-content/uploads/2021/09/5e3daa97751b446dde15b676_Marla-Trio-1-750x450.jpg 750w, https://www.festivalethnos.it/wp-content/uploads/2021/09/5e3daa97751b446dde15b676_Marla-Trio-1.jpg 1600w" sizes="(max-width: 300px) 100vw, 300px" /></a>
			</div></figure><figure class='gallery-item'>
			<div class='gallery-icon landscape'>
				<a href='https://www.festivalethnos.it/?attachment_id=8159'><img decoding="async" width="300" height="181" src="https://www.festivalethnos.it/wp-content/uploads/2021/09/37532749-624x377-1-300x181.jpg" class="attachment-medium size-medium" alt="" srcset="https://www.festivalethnos.it/wp-content/uploads/2021/09/37532749-624x377-1-300x181.jpg 300w, https://www.festivalethnos.it/wp-content/uploads/2021/09/37532749-624x377-1.jpg 624w" sizes="(max-width: 300px) 100vw, 300px" /></a>
			</div></figure><figure class='gallery-item'>
			<div class='gallery-icon landscape'>
				<a href='https://www.festivalethnos.it/?attachment_id=8160'><img loading="lazy" decoding="async" width="300" height="215" src="https://www.festivalethnos.it/wp-content/uploads/2021/09/Marala-Trio-300x215.jpg" class="attachment-medium size-medium" alt="" srcset="https://www.festivalethnos.it/wp-content/uploads/2021/09/Marala-Trio-300x215.jpg 300w, https://www.festivalethnos.it/wp-content/uploads/2021/09/Marala-Trio-690x495.jpg 690w, https://www.festivalethnos.it/wp-content/uploads/2021/09/Marala-Trio-768x551.jpg 768w, https://www.festivalethnos.it/wp-content/uploads/2021/09/Marala-Trio-720x517.jpg 720w, https://www.festivalethnos.it/wp-content/uploads/2021/09/Marala-Trio.jpg 1000w" sizes="(max-width: 300px) 100vw, 300px" /></a>
			</div></figure><figure class='gallery-item'>
			<div class='gallery-icon landscape'>
				<a href='https://www.festivalethnos.it/?attachment_id=8161'><img loading="lazy" decoding="async" width="300" height="169" src="https://www.festivalethnos.it/wp-content/uploads/2021/09/maxresdefault-300x169.jpg" class="attachment-medium size-medium" alt="" srcset="https://www.festivalethnos.it/wp-content/uploads/2021/09/maxresdefault-300x169.jpg 300w, https://www.festivalethnos.it/wp-content/uploads/2021/09/maxresdefault-690x388.jpg 690w, https://www.festivalethnos.it/wp-content/uploads/2021/09/maxresdefault-768x432.jpg 768w, https://www.festivalethnos.it/wp-content/uploads/2021/09/maxresdefault-720x405.jpg 720w, https://www.festivalethnos.it/wp-content/uploads/2021/09/maxresdefault.jpg 1280w" sizes="(max-width: 300px) 100vw, 300px" /></a>
			</div></figure><figure class='gallery-item'>
			<div class='gallery-icon landscape'>
				<a href='https://www.festivalethnos.it/?attachment_id=8162'><img loading="lazy" decoding="async" width="300" height="300" src="https://www.festivalethnos.it/wp-content/uploads/2021/09/unnamed-300x300.jpg" class="attachment-medium size-medium" alt="" srcset="https://www.festivalethnos.it/wp-content/uploads/2021/09/unnamed-300x300.jpg 300w, https://www.festivalethnos.it/wp-content/uploads/2021/09/unnamed-690x690.jpg 690w, https://www.festivalethnos.it/wp-content/uploads/2021/09/unnamed-150x150.jpg 150w, https://www.festivalethnos.it/wp-content/uploads/2021/09/unnamed-768x768.jpg 768w, https://www.festivalethnos.it/wp-content/uploads/2021/09/unnamed-540x540.jpg 540w, https://www.festivalethnos.it/wp-content/uploads/2021/09/unnamed.jpg 900w" sizes="(max-width: 300px) 100vw, 300px" /></a>
			</div></figure><figure class='gallery-item'>
			<div class='gallery-icon landscape'>
				<a href='https://www.festivalethnos.it/?attachment_id=8163'><img loading="lazy" decoding="async" width="300" height="216" src="https://www.festivalethnos.it/wp-content/uploads/2021/09/unnamedd-300x216.png" class="attachment-medium size-medium" alt="" srcset="https://www.festivalethnos.it/wp-content/uploads/2021/09/unnamedd-300x216.png 300w, https://www.festivalethnos.it/wp-content/uploads/2021/09/unnamedd.png 512w" sizes="(max-width: 300px) 100vw, 300px" /></a>
			</div></figure>
		</div>

<h4></h4>
<p>&nbsp;</p>
<p>&nbsp;</p>
<p>&nbsp;</p>
<p>[one_third]</p>
<p>&nbsp;</p>
<p>[/one_third]</p>
<p><img loading="lazy" decoding="async" class="alignnone wp-image-7627 size-full" src="https://www.festivalethnos.it/wp-content/uploads/2021/08/footer-loghi.jpg" alt="" width="966" height="130" /></p>

<p>&nbsp; DOMENICA 12 SETTEMBRE ERCOLANO Parco sul mare &#8211; Villa Favorita, Via Gabriele D&#8217;Annunzio ore 18:00 &#8211; 19:30 Concerto di MARALA in “ Marala Binaural” Concerto con ascolto in cuffia Marala Trio (Spagna) è una band composta da Selma Bruna, Clara Fiol e Sandra Monfort. Tre musiciste e compositrici provenienti da Catalogna, Baleari e Valencia.&hellip;</p>
