{"id":8166,"date":"2021-09-02T11:45:56","date_gmt":"2021-09-02T09:45:56","guid":{"rendered":"https:\/\/www.festivalethnos.it\/?page_id=8166"},"modified":"2021-09-16T14:19:04","modified_gmt":"2021-09-16T12:19:04","slug":"fratelli-mancuso","status":"publish","type":"page","link":"https:\/\/www.festivalethnos.it\/?page_id=8166","title":{"rendered":"Fratelli Mancuso"},"content":{"rendered":"<p>&nbsp;<\/p>\n<p><img fetchpriority=\"high\" decoding=\"async\" class=\"alignnone size-full wp-image-7610\" src=\"https:\/\/www.festivalethnos.it\/wp-content\/uploads\/2021\/09\/lunga-mancuso-1.png\" alt=\"\" width=\"950\" height=\"400\" \/><\/p>\n<h2>VENERDI 17 SETTEMBRE <span style=\"color: #d03742;\">PORTICI<\/span><\/h2>\n<p><strong>Reggia di Portici<\/strong>,<br \/>\nvia Universit\u00e0 100<br \/>\nore 21.00<\/p>\n<p>Parcheggio: \u00e8 possibile parcheggiare presso il lato sud della Reggia in via Universit\u00e0, 100 all\u2019interno dell\u2019esedra.<br \/>\nMentre l\u2019area in cui si svolge il concerto (Pallacorda), si trova al lato opposto (lato nord) raggiungibile semplicemente attraversando la strada, dove sar\u00e0 posizionato il botteghino e lo staff per l\u2019accoglienza.<\/p>\n<h2>Concerto di <span style=\"color: #d03742;\">FRATELLI MANCUSO<\/span><\/h2>\n<p>I fratelli Mancuso nati a Sutera, negli anni \u201970 emigrano a Londra e l\u00ec lavorano per otto anni in fabbrica. Tornati in Italia nel 1981 si stabiliscono a Citt\u00e0 della Pieve. I due compositori e polistrumentisti siciliani sono forti di una consacrazione che da tempo ha varcato i confini nazionali, insigniti di numerosi premi e riconoscimenti anche internazionali e con all\u2019attivo numerose collaborazioni con il mondo del cinema e del teatro. Nel 1993 sono tra i vincitori al Premio Citt\u00e0 di Recanati. Nel 1998 il regista Anthony Minghella sceglie un brano del Cd \u201cBella Maria\u201d per la colonna sonora del film Il talento di Mr. Ripley. Nell\u2019autunno dello stesso anno preparano un Cd e un video per la casa discografica statunitense Putumayo World Music dal titolo \u201cItalian odissey\u201d, produzione che sar\u00e0 distribuita in tutto il mondo nel 2000.Nell\u2019ottobre del 1999 sono invitati ad esibirsi al Premio Tenco 99. Agosto 2020 debuttano al Festival dei Due Mondi di Spoleto con l\u2019opera I messaggeri con la regia di Emma Dante.\u00a0Con l\u2019album Manzam\u00e0 nel 2021 vincono il Premio Loano per il miglior disco dell\u2019anno e la Targa\u00a0Tenco\u00a0per il miglior album in dialetto.<br \/>\nInterpreti: , Lorenzo Sutera.<\/p>\n<p>Formazione:<br \/>\nEnzo Mancuso: Canto,chitarra, ghironda,saz baglama, violino, sipsy<br \/>\nLorenzo Mancuso: Canto, chitarra, harmomium, darabouka<\/p>\n<p><iframe title=\"YouTube video player\" src=\"https:\/\/www.youtube.com\/embed\/PoT3wsFe2H0\" width=\"560\" height=\"315\" frameborder=\"0\" allowfullscreen=\"allowfullscreen\"><\/iframe><\/p>\n<p>&nbsp;<\/p>\n<h3 style=\"color: red;\"><a href=\"https:\/\/www.azzurroservice.net\/biglietti\/concerto-di-fratelli-mancuso\/#.YS4Vg44zaUk\" target=\"_blank\" rel=\"noopener noreferrer\">Biglietto Fratelli Mancuso acquistabile qui<\/a><\/h3>\n<p>&nbsp;<\/p>\n<hr \/>\n<p>Reggia di Portici capienza 200 posti<\/p>\n<p>l&#8217;utilizzo della mascherina \u00e8 obbligatorio per tutta la durata dell&#8217;evento, compreso all&#8217;ingresso e all&#8217;uscita di ogni spettacolo.<br \/>\nI posti a sedere prevedono un distanziamento minimo tra uno spettatore e l\u2019altro di almeno 1 metro, frontalmente e lateralmente.<\/p>\n<hr \/>\n<div id='gallery-1' class='gallery galleryid-8166 gallery-columns-3 gallery-size-medium'><figure class='gallery-item'>\n\t\t\t<div class='gallery-icon landscape'>\n\t\t\t\t<a href='https:\/\/www.festivalethnos.it\/?attachment_id=8168'><img decoding=\"async\" width=\"300\" height=\"200\" src=\"https:\/\/www.festivalethnos.it\/wp-content\/uploads\/2021\/09\/01-300x200.jpg\" class=\"attachment-medium size-medium\" alt=\"\" srcset=\"https:\/\/www.festivalethnos.it\/wp-content\/uploads\/2021\/09\/01-300x200.jpg 300w, https:\/\/www.festivalethnos.it\/wp-content\/uploads\/2021\/09\/01-690x460.jpg 690w, https:\/\/www.festivalethnos.it\/wp-content\/uploads\/2021\/09\/01-768x512.jpg 768w, https:\/\/www.festivalethnos.it\/wp-content\/uploads\/2021\/09\/01-720x480.jpg 720w, https:\/\/www.festivalethnos.it\/wp-content\/uploads\/2021\/09\/01-272x182.jpg 272w, https:\/\/www.festivalethnos.it\/wp-content\/uploads\/2021\/09\/01.jpg 990w\" sizes=\"(max-width: 300px) 100vw, 300px\" \/><\/a>\n\t\t\t<\/div><\/figure><figure class='gallery-item'>\n\t\t\t<div class='gallery-icon landscape'>\n\t\t\t\t<a href='https:\/\/www.festivalethnos.it\/?attachment_id=8169'><img decoding=\"async\" width=\"300\" height=\"163\" src=\"https:\/\/www.festivalethnos.it\/wp-content\/uploads\/2021\/09\/file-04877-media-300x163.png\" class=\"attachment-medium size-medium\" alt=\"\" srcset=\"https:\/\/www.festivalethnos.it\/wp-content\/uploads\/2021\/09\/file-04877-media-300x163.png 300w, https:\/\/www.festivalethnos.it\/wp-content\/uploads\/2021\/09\/file-04877-media.png 600w\" sizes=\"(max-width: 300px) 100vw, 300px\" \/><\/a>\n\t\t\t<\/div><\/figure><figure class='gallery-item'>\n\t\t\t<div class='gallery-icon landscape'>\n\t\t\t\t<a href='https:\/\/www.festivalethnos.it\/?attachment_id=8170'><img loading=\"lazy\" decoding=\"async\" width=\"300\" height=\"214\" src=\"https:\/\/www.festivalethnos.it\/wp-content\/uploads\/2021\/09\/fratelli_mancuso-1-300x214.jpg\" class=\"attachment-medium size-medium\" alt=\"\" srcset=\"https:\/\/www.festivalethnos.it\/wp-content\/uploads\/2021\/09\/fratelli_mancuso-1-300x214.jpg 300w, https:\/\/www.festivalethnos.it\/wp-content\/uploads\/2021\/09\/fratelli_mancuso-1-690x493.jpg 690w, https:\/\/www.festivalethnos.it\/wp-content\/uploads\/2021\/09\/fratelli_mancuso-1-768x549.jpg 768w, https:\/\/www.festivalethnos.it\/wp-content\/uploads\/2021\/09\/fratelli_mancuso-1-720x515.jpg 720w, https:\/\/www.festivalethnos.it\/wp-content\/uploads\/2021\/09\/fratelli_mancuso-1.jpg 870w\" sizes=\"(max-width: 300px) 100vw, 300px\" \/><\/a>\n\t\t\t<\/div><\/figure><figure class='gallery-item'>\n\t\t\t<div class='gallery-icon landscape'>\n\t\t\t\t<a href='https:\/\/www.festivalethnos.it\/?attachment_id=8171'><img loading=\"lazy\" decoding=\"async\" width=\"300\" height=\"200\" src=\"https:\/\/www.festivalethnos.it\/wp-content\/uploads\/2021\/09\/mancuso-300x200.jpg\" class=\"attachment-medium size-medium\" alt=\"\" srcset=\"https:\/\/www.festivalethnos.it\/wp-content\/uploads\/2021\/09\/mancuso-300x200.jpg 300w, https:\/\/www.festivalethnos.it\/wp-content\/uploads\/2021\/09\/mancuso-690x460.jpg 690w, https:\/\/www.festivalethnos.it\/wp-content\/uploads\/2021\/09\/mancuso-768x512.jpg 768w, https:\/\/www.festivalethnos.it\/wp-content\/uploads\/2021\/09\/mancuso-720x480.jpg 720w, https:\/\/www.festivalethnos.it\/wp-content\/uploads\/2021\/09\/mancuso-272x182.jpg 272w, https:\/\/www.festivalethnos.it\/wp-content\/uploads\/2021\/09\/mancuso.jpg 990w\" sizes=\"(max-width: 300px) 100vw, 300px\" \/><\/a>\n\t\t\t<\/div><\/figure><figure class='gallery-item'>\n\t\t\t<div class='gallery-icon landscape'>\n\t\t\t\t<a href='https:\/\/www.festivalethnos.it\/?attachment_id=8172'><img loading=\"lazy\" decoding=\"async\" width=\"300\" height=\"169\" src=\"https:\/\/www.festivalethnos.it\/wp-content\/uploads\/2021\/09\/unnamed-1-300x169.jpg\" class=\"attachment-medium size-medium\" alt=\"\" srcset=\"https:\/\/www.festivalethnos.it\/wp-content\/uploads\/2021\/09\/unnamed-1-300x169.jpg 300w, https:\/\/www.festivalethnos.it\/wp-content\/uploads\/2021\/09\/unnamed-1.jpg 512w\" sizes=\"(max-width: 300px) 100vw, 300px\" \/><\/a>\n\t\t\t<\/div><\/figure><figure class='gallery-item'>\n\t\t\t<div class='gallery-icon portrait'>\n\t\t\t\t<a href='https:\/\/www.festivalethnos.it\/?attachment_id=8173'><img loading=\"lazy\" decoding=\"async\" width=\"284\" height=\"300\" src=\"https:\/\/www.festivalethnos.it\/wp-content\/uploads\/2021\/09\/unnamed-2-284x300.jpg\" class=\"attachment-medium size-medium\" alt=\"\" srcset=\"https:\/\/www.festivalethnos.it\/wp-content\/uploads\/2021\/09\/unnamed-2-284x300.jpg 284w, https:\/\/www.festivalethnos.it\/wp-content\/uploads\/2021\/09\/unnamed-2.jpg 485w\" sizes=\"(max-width: 284px) 100vw, 284px\" \/><\/a>\n\t\t\t<\/div><\/figure>\n\t\t<\/div>\n\n<h4><\/h4>\n<p>&nbsp;<\/p>\n<p>&nbsp;<\/p>\n<p>&nbsp;<\/p>\n<p>[one_third]<\/p>\n<p>&nbsp;<\/p>\n<p>[\/one_third]<\/p>\n<p><img loading=\"lazy\" decoding=\"async\" class=\"alignnone wp-image-7627 size-full\" src=\"https:\/\/www.festivalethnos.it\/wp-content\/uploads\/2021\/08\/footer-loghi.jpg\" alt=\"\" width=\"966\" height=\"130\" \/><\/p>\n","protected":false},"excerpt":{"rendered":"<p>&nbsp; VENERDI 17 SETTEMBRE PORTICI Reggia di Portici, via Universit\u00e0 100 ore 21.00 Parcheggio: \u00e8 possibile parcheggiare presso il lato sud della Reggia in via Universit\u00e0, 100 all\u2019interno dell\u2019esedra. Mentre l\u2019area in cui si svolge il concerto (Pallacorda), si trova al lato opposto (lato nord) raggiungibile semplicemente attraversando la strada, dove sar\u00e0 posizionato il botteghino&hellip;<\/p>\n","protected":false},"author":1,"featured_media":0,"parent":0,"menu_order":0,"comment_status":"closed","ping_status":"closed","template":"","meta":{"footnotes":""},"class_list":["post-8166","page","type-page","status-publish","hentry"],"_links":{"self":[{"href":"https:\/\/www.festivalethnos.it\/index.php?rest_route=\/wp\/v2\/pages\/8166","targetHints":{"allow":["GET"]}}],"collection":[{"href":"https:\/\/www.festivalethnos.it\/index.php?rest_route=\/wp\/v2\/pages"}],"about":[{"href":"https:\/\/www.festivalethnos.it\/index.php?rest_route=\/wp\/v2\/types\/page"}],"author":[{"embeddable":true,"href":"https:\/\/www.festivalethnos.it\/index.php?rest_route=\/wp\/v2\/users\/1"}],"replies":[{"embeddable":true,"href":"https:\/\/www.festivalethnos.it\/index.php?rest_route=%2Fwp%2Fv2%2Fcomments&post=8166"}],"version-history":[{"count":8,"href":"https:\/\/www.festivalethnos.it\/index.php?rest_route=\/wp\/v2\/pages\/8166\/revisions"}],"predecessor-version":[{"id":8477,"href":"https:\/\/www.festivalethnos.it\/index.php?rest_route=\/wp\/v2\/pages\/8166\/revisions\/8477"}],"wp:attachment":[{"href":"https:\/\/www.festivalethnos.it\/index.php?rest_route=%2Fwp%2Fv2%2Fmedia&parent=8166"}],"curies":[{"name":"wp","href":"https:\/\/api.w.org\/{rel}","templated":true}]}}

<p>&nbsp;</p>
<p><img fetchpriority="high" decoding="async" class="alignnone size-full wp-image-7610" src="https://www.festivalethnos.it/wp-content/uploads/2021/09/lunga-mancuso-1.png" alt="" width="950" height="400" /></p>
<h2>VENERDI 17 SETTEMBRE <span style="color: #d03742;">PORTICI</span></h2>
<p><strong>Reggia di Portici</strong>,<br />
via Università 100<br />
ore 21.00</p>
<p>Parcheggio: è possibile parcheggiare presso il lato sud della Reggia in via Università, 100 all’interno dell’esedra.<br />
Mentre l’area in cui si svolge il concerto (Pallacorda), si trova al lato opposto (lato nord) raggiungibile semplicemente attraversando la strada, dove sarà posizionato il botteghino e lo staff per l’accoglienza.</p>
<h2>Concerto di <span style="color: #d03742;">FRATELLI MANCUSO</span></h2>
<p>I fratelli Mancuso nati a Sutera, negli anni ’70 emigrano a Londra e lì lavorano per otto anni in fabbrica. Tornati in Italia nel 1981 si stabiliscono a Città della Pieve. I due compositori e polistrumentisti siciliani sono forti di una consacrazione che da tempo ha varcato i confini nazionali, insigniti di numerosi premi e riconoscimenti anche internazionali e con all’attivo numerose collaborazioni con il mondo del cinema e del teatro. Nel 1993 sono tra i vincitori al Premio Città di Recanati. Nel 1998 il regista Anthony Minghella sceglie un brano del Cd “Bella Maria” per la colonna sonora del film Il talento di Mr. Ripley. Nell’autunno dello stesso anno preparano un Cd e un video per la casa discografica statunitense Putumayo World Music dal titolo “Italian odissey”, produzione che sarà distribuita in tutto il mondo nel 2000.Nell’ottobre del 1999 sono invitati ad esibirsi al Premio Tenco 99. Agosto 2020 debuttano al Festival dei Due Mondi di Spoleto con l’opera I messaggeri con la regia di Emma Dante. Con l’album Manzamà nel 2021 vincono il Premio Loano per il miglior disco dell’anno e la Targa Tenco per il miglior album in dialetto.<br />
Interpreti: , Lorenzo Sutera.</p>
<p>Formazione:<br />
Enzo Mancuso: Canto,chitarra, ghironda,saz baglama, violino, sipsy<br />
Lorenzo Mancuso: Canto, chitarra, harmomium, darabouka</p>
<p><iframe title="YouTube video player" src="https://www.youtube.com/embed/PoT3wsFe2H0" width="560" height="315" frameborder="0" allowfullscreen="allowfullscreen"></iframe></p>
<p>&nbsp;</p>
<h3 style="color: red;"><a href="https://www.azzurroservice.net/biglietti/concerto-di-fratelli-mancuso/#.YS4Vg44zaUk" target="_blank" rel="noopener noreferrer">Biglietto Fratelli Mancuso acquistabile qui</a></h3>
<p>&nbsp;</p>
<hr />
<p>Reggia di Portici capienza 200 posti</p>
<p>l&#8217;utilizzo della mascherina è obbligatorio per tutta la durata dell&#8217;evento, compreso all&#8217;ingresso e all&#8217;uscita di ogni spettacolo.<br />
I posti a sedere prevedono un distanziamento minimo tra uno spettatore e l’altro di almeno 1 metro, frontalmente e lateralmente.</p>
<hr />
<div id='gallery-1' class='gallery galleryid-8166 gallery-columns-3 gallery-size-medium'><figure class='gallery-item'>
			<div class='gallery-icon landscape'>
				<a href='https://www.festivalethnos.it/?attachment_id=8168'><img decoding="async" width="300" height="200" src="https://www.festivalethnos.it/wp-content/uploads/2021/09/01-300x200.jpg" class="attachment-medium size-medium" alt="" srcset="https://www.festivalethnos.it/wp-content/uploads/2021/09/01-300x200.jpg 300w, https://www.festivalethnos.it/wp-content/uploads/2021/09/01-690x460.jpg 690w, https://www.festivalethnos.it/wp-content/uploads/2021/09/01-768x512.jpg 768w, https://www.festivalethnos.it/wp-content/uploads/2021/09/01-720x480.jpg 720w, https://www.festivalethnos.it/wp-content/uploads/2021/09/01-272x182.jpg 272w, https://www.festivalethnos.it/wp-content/uploads/2021/09/01.jpg 990w" sizes="(max-width: 300px) 100vw, 300px" /></a>
			</div></figure><figure class='gallery-item'>
			<div class='gallery-icon landscape'>
				<a href='https://www.festivalethnos.it/?attachment_id=8169'><img decoding="async" width="300" height="163" src="https://www.festivalethnos.it/wp-content/uploads/2021/09/file-04877-media-300x163.png" class="attachment-medium size-medium" alt="" srcset="https://www.festivalethnos.it/wp-content/uploads/2021/09/file-04877-media-300x163.png 300w, https://www.festivalethnos.it/wp-content/uploads/2021/09/file-04877-media.png 600w" sizes="(max-width: 300px) 100vw, 300px" /></a>
			</div></figure><figure class='gallery-item'>
			<div class='gallery-icon landscape'>
				<a href='https://www.festivalethnos.it/?attachment_id=8170'><img loading="lazy" decoding="async" width="300" height="214" src="https://www.festivalethnos.it/wp-content/uploads/2021/09/fratelli_mancuso-1-300x214.jpg" class="attachment-medium size-medium" alt="" srcset="https://www.festivalethnos.it/wp-content/uploads/2021/09/fratelli_mancuso-1-300x214.jpg 300w, https://www.festivalethnos.it/wp-content/uploads/2021/09/fratelli_mancuso-1-690x493.jpg 690w, https://www.festivalethnos.it/wp-content/uploads/2021/09/fratelli_mancuso-1-768x549.jpg 768w, https://www.festivalethnos.it/wp-content/uploads/2021/09/fratelli_mancuso-1-720x515.jpg 720w, https://www.festivalethnos.it/wp-content/uploads/2021/09/fratelli_mancuso-1.jpg 870w" sizes="(max-width: 300px) 100vw, 300px" /></a>
			</div></figure><figure class='gallery-item'>
			<div class='gallery-icon landscape'>
				<a href='https://www.festivalethnos.it/?attachment_id=8171'><img loading="lazy" decoding="async" width="300" height="200" src="https://www.festivalethnos.it/wp-content/uploads/2021/09/mancuso-300x200.jpg" class="attachment-medium size-medium" alt="" srcset="https://www.festivalethnos.it/wp-content/uploads/2021/09/mancuso-300x200.jpg 300w, https://www.festivalethnos.it/wp-content/uploads/2021/09/mancuso-690x460.jpg 690w, https://www.festivalethnos.it/wp-content/uploads/2021/09/mancuso-768x512.jpg 768w, https://www.festivalethnos.it/wp-content/uploads/2021/09/mancuso-720x480.jpg 720w, https://www.festivalethnos.it/wp-content/uploads/2021/09/mancuso-272x182.jpg 272w, https://www.festivalethnos.it/wp-content/uploads/2021/09/mancuso.jpg 990w" sizes="(max-width: 300px) 100vw, 300px" /></a>
			</div></figure><figure class='gallery-item'>
			<div class='gallery-icon landscape'>
				<a href='https://www.festivalethnos.it/?attachment_id=8172'><img loading="lazy" decoding="async" width="300" height="169" src="https://www.festivalethnos.it/wp-content/uploads/2021/09/unnamed-1-300x169.jpg" class="attachment-medium size-medium" alt="" srcset="https://www.festivalethnos.it/wp-content/uploads/2021/09/unnamed-1-300x169.jpg 300w, https://www.festivalethnos.it/wp-content/uploads/2021/09/unnamed-1.jpg 512w" sizes="(max-width: 300px) 100vw, 300px" /></a>
			</div></figure><figure class='gallery-item'>
			<div class='gallery-icon portrait'>
				<a href='https://www.festivalethnos.it/?attachment_id=8173'><img loading="lazy" decoding="async" width="284" height="300" src="https://www.festivalethnos.it/wp-content/uploads/2021/09/unnamed-2-284x300.jpg" class="attachment-medium size-medium" alt="" srcset="https://www.festivalethnos.it/wp-content/uploads/2021/09/unnamed-2-284x300.jpg 284w, https://www.festivalethnos.it/wp-content/uploads/2021/09/unnamed-2.jpg 485w" sizes="(max-width: 284px) 100vw, 284px" /></a>
			</div></figure>
		</div>

<h4></h4>
<p>&nbsp;</p>
<p>&nbsp;</p>
<p>&nbsp;</p>
<p>[one_third]</p>
<p>&nbsp;</p>
<p>[/one_third]</p>
<p><img loading="lazy" decoding="async" class="alignnone wp-image-7627 size-full" src="https://www.festivalethnos.it/wp-content/uploads/2021/08/footer-loghi.jpg" alt="" width="966" height="130" /></p>

<p>&nbsp; VENERDI 17 SETTEMBRE PORTICI Reggia di Portici, via Università 100 ore 21.00 Parcheggio: è possibile parcheggiare presso il lato sud della Reggia in via Università, 100 all’interno dell’esedra. Mentre l’area in cui si svolge il concerto (Pallacorda), si trova al lato opposto (lato nord) raggiungibile semplicemente attraversando la strada, dove sarà posizionato il botteghino&hellip;</p>
