{"id":8222,"date":"2021-09-02T16:33:11","date_gmt":"2021-09-02T14:33:11","guid":{"rendered":"https:\/\/www.festivalethnos.it\/?page_id=8222"},"modified":"2021-09-20T22:36:52","modified_gmt":"2021-09-20T20:36:52","slug":"nobile-popolare","status":"publish","type":"page","link":"https:\/\/www.festivalethnos.it\/?page_id=8222","title":{"rendered":"Nobile Popolare"},"content":{"rendered":"<p>&nbsp;<\/p>\n<p><img fetchpriority=\"high\" decoding=\"async\" class=\"alignnone wp-image-8443 size-full\" src=\"https:\/\/www.festivalethnos.it\/wp-content\/uploads\/2021\/09\/grafiche-lunghe-artisti.jpg\" alt=\"\" width=\"967\" height=\"413\" \/><\/p>\n<h2>DOMENICA 26 SETTEMBRE <span style=\"color: #d03742;\">SAN GIORGIO A CREMANO<\/span><\/h2>\n<p><strong>Villa Bruno<\/strong><br \/>\nvia Cavalli di Bronzo, 22<br \/>\nore 18.00 &#8211; 19.30<br \/>\nBiglietto: 5 euro<\/p>\n<h2>Spettacolo di <span style=\"color: #d03742;\">Nobile Popolare<\/span><\/h2>\n<h3>Spettacolo itinerante di danza contemporanea<\/h3>\n<p>Una creazione originale del festival interamente al femminile pensata per il piano nobile di Villa Bruno.<br \/>\nNobile e Popolare sembra un ossimoro. Invece a pensarci bene ci\u00f2 che \u00e8 nobile e anche popolare e viceversa.<br \/>\nLa narrazione, in\u00a0 questa performances di danza contemporanea e di musica popolare, affidata alla sensibilit\u00e0 di varie interpreti, \u00e8 una racconto dell\u2019animo umano di quando si eleva innalzando l\u2019essenza popolare \u00a0ad azioni e gesta nobili.<br \/>\nIndagare sul Sud, sul rapporto vita, morte, fede, superstizione per andare a fondo alla radice, nella terra \u00a0per ricordarci che la vita \u00e8 di tutti ed \u00e8 per tutti e non si pu\u00f2 negare a nessuno.<\/p>\n<p>con Ashay Lombardo Arop, Maristella Martella, Alessandra Ardito<br \/>\nMusiche dal Vivo Lavinia Mancusi<br \/>\nA cura di Gigi Di Luca<\/p>\n<hr \/>\n<h3><\/h3>\n<p>&nbsp;<\/p>\n<h3 style=\"color: red;\"><a href=\"https:\/\/www.azzurroservice.net\/biglietti\/nobile-popolare\/#.YS4VvI4zaUk\" target=\"_blank\" rel=\"noopener noreferrer\">Biglietto Nobile Popolare acquistabile qui<\/a><\/h3>\n<p>&nbsp;<\/p>\n<hr \/>\n<p>l&#8217;utilizzo della mascherina \u00e8 obbligatorio per tutta la durata dell&#8217;evento, compreso all&#8217;ingresso e all&#8217;uscita di ogni spettacolo.<br \/>\nI posti a sedere prevedono un distanziamento minimo tra uno spettatore e l\u2019altro di almeno 1 metro, frontalmente e lateralmente.<\/p>\n<hr \/>\n<h4><\/h4>\n<p>&nbsp;<\/p>\n<p>&nbsp;<\/p>\n<p>&nbsp;<\/p>\n<p>[one_third]<\/p>\n<p>&nbsp;<\/p>\n<p>[\/one_third]<\/p>\n<p><img decoding=\"async\" class=\"alignnone wp-image-7627 size-full\" src=\"https:\/\/www.festivalethnos.it\/wp-content\/uploads\/2021\/08\/footer-loghi.jpg\" alt=\"\" width=\"966\" height=\"130\" \/><\/p>\n","protected":false},"excerpt":{"rendered":"<p>&nbsp; DOMENICA 26 SETTEMBRE SAN GIORGIO A CREMANO Villa Bruno via Cavalli di Bronzo, 22 ore 18.00 &#8211; 19.30 Biglietto: 5 euro Spettacolo di Nobile Popolare Spettacolo itinerante di danza contemporanea Una creazione originale del festival interamente al femminile pensata per il piano nobile di Villa Bruno. Nobile e Popolare sembra un ossimoro. Invece a&hellip;<\/p>\n","protected":false},"author":1,"featured_media":0,"parent":0,"menu_order":0,"comment_status":"closed","ping_status":"closed","template":"","meta":{"footnotes":""},"class_list":["post-8222","page","type-page","status-publish","hentry"],"_links":{"self":[{"href":"https:\/\/www.festivalethnos.it\/index.php?rest_route=\/wp\/v2\/pages\/8222","targetHints":{"allow":["GET"]}}],"collection":[{"href":"https:\/\/www.festivalethnos.it\/index.php?rest_route=\/wp\/v2\/pages"}],"about":[{"href":"https:\/\/www.festivalethnos.it\/index.php?rest_route=\/wp\/v2\/types\/page"}],"author":[{"embeddable":true,"href":"https:\/\/www.festivalethnos.it\/index.php?rest_route=\/wp\/v2\/users\/1"}],"replies":[{"embeddable":true,"href":"https:\/\/www.festivalethnos.it\/index.php?rest_route=%2Fwp%2Fv2%2Fcomments&post=8222"}],"version-history":[{"count":8,"href":"https:\/\/www.festivalethnos.it\/index.php?rest_route=\/wp\/v2\/pages\/8222\/revisions"}],"predecessor-version":[{"id":8488,"href":"https:\/\/www.festivalethnos.it\/index.php?rest_route=\/wp\/v2\/pages\/8222\/revisions\/8488"}],"wp:attachment":[{"href":"https:\/\/www.festivalethnos.it\/index.php?rest_route=%2Fwp%2Fv2%2Fmedia&parent=8222"}],"curies":[{"name":"wp","href":"https:\/\/api.w.org\/{rel}","templated":true}]}}

<p>&nbsp;</p>
<p><img fetchpriority="high" decoding="async" class="alignnone wp-image-8443 size-full" src="https://www.festivalethnos.it/wp-content/uploads/2021/09/grafiche-lunghe-artisti.jpg" alt="" width="967" height="413" /></p>
<h2>DOMENICA 26 SETTEMBRE <span style="color: #d03742;">SAN GIORGIO A CREMANO</span></h2>
<p><strong>Villa Bruno</strong><br />
via Cavalli di Bronzo, 22<br />
ore 18.00 &#8211; 19.30<br />
Biglietto: 5 euro</p>
<h2>Spettacolo di <span style="color: #d03742;">Nobile Popolare</span></h2>
<h3>Spettacolo itinerante di danza contemporanea</h3>
<p>Una creazione originale del festival interamente al femminile pensata per il piano nobile di Villa Bruno.<br />
Nobile e Popolare sembra un ossimoro. Invece a pensarci bene ciò che è nobile e anche popolare e viceversa.<br />
La narrazione, in  questa performances di danza contemporanea e di musica popolare, affidata alla sensibilità di varie interpreti, è una racconto dell’animo umano di quando si eleva innalzando l’essenza popolare  ad azioni e gesta nobili.<br />
Indagare sul Sud, sul rapporto vita, morte, fede, superstizione per andare a fondo alla radice, nella terra  per ricordarci che la vita è di tutti ed è per tutti e non si può negare a nessuno.</p>
<p>con Ashay Lombardo Arop, Maristella Martella, Alessandra Ardito<br />
Musiche dal Vivo Lavinia Mancusi<br />
A cura di Gigi Di Luca</p>
<hr />
<h3></h3>
<p>&nbsp;</p>
<h3 style="color: red;"><a href="https://www.azzurroservice.net/biglietti/nobile-popolare/#.YS4VvI4zaUk" target="_blank" rel="noopener noreferrer">Biglietto Nobile Popolare acquistabile qui</a></h3>
<p>&nbsp;</p>
<hr />
<p>l&#8217;utilizzo della mascherina è obbligatorio per tutta la durata dell&#8217;evento, compreso all&#8217;ingresso e all&#8217;uscita di ogni spettacolo.<br />
I posti a sedere prevedono un distanziamento minimo tra uno spettatore e l’altro di almeno 1 metro, frontalmente e lateralmente.</p>
<hr />
<h4></h4>
<p>&nbsp;</p>
<p>&nbsp;</p>
<p>&nbsp;</p>
<p>[one_third]</p>
<p>&nbsp;</p>
<p>[/one_third]</p>
<p><img decoding="async" class="alignnone wp-image-7627 size-full" src="https://www.festivalethnos.it/wp-content/uploads/2021/08/footer-loghi.jpg" alt="" width="966" height="130" /></p>
