{"id":8654,"date":"2022-09-03T10:35:52","date_gmt":"2022-09-03T08:35:52","guid":{"rendered":"https:\/\/www.festivalethnos.it\/?page_id=8654"},"modified":"2022-09-05T14:17:44","modified_gmt":"2022-09-05T12:17:44","slug":"marala-3","status":"publish","type":"page","link":"https:\/\/www.festivalethnos.it\/?page_id=8654","title":{"rendered":"San Salvador"},"content":{"rendered":"<p>&nbsp;<\/p>\n<p><img fetchpriority=\"high\" decoding=\"async\" class=\"alignnone wp-image-8655 size-full\" src=\"https:\/\/www.festivalethnos.it\/wp-content\/uploads\/2022\/09\/artisti-san.jpg\" alt=\"\" width=\"967\" height=\"413\" \/><\/p>\n<h2>VENERDI 9 SETTEMBRE <span style=\"color: #d03742;\">SAN GIORGIO A CREMANO<\/span><\/h2>\n<p><strong>Villa Vannucchi<\/strong>,<br \/>\nVia Roma, 47<br \/>\nore 20.30<br \/>\n\u20ac 5 pi\u00f9 d.p.<\/p>\n<h2>Concerto di <span style=\"color: #d03742;\">SAN SALVADOR<\/span><\/h2>\n<p><span style=\"font-weight: 400;\">La polifonia occitana \u00e9 il punto di partenza per questa band francese, che d\u00e0 vita alla propria arte usando l\u2019occitano come linguaggio ritmico. Collettivo di sei voci, dodici mani e un tamburino, radicato nelle profonde tradizioni trovadoriche della regione, San Salvador si propone di rinnovare la tradizione popolare attraverso la poesia, oltrepassando le barriere e aprendola a nuovi orizzonti.<br \/>\nCon il suo font moderno e iper-minimale, gli abiti turistici, vistosi e coloratissimi, dei soggetti della foto \u2014 con tanto di casacca di Stoichkov del Barcellona in seconda fila \u2014, la copertina di questo La grande folie sembra introdurre all\u2019ennesimo disco di indie pop elettronico un po\u2019 ironico come ne escono a decine ogni settimana. E invece.<br \/>\nFormatisi pochi anni fa nel piccolo comune francese di Saint Salvadour, nel dipartimento di Corr\u00e8ze della Nuova Aquitania, i San Salvador propongono una musica che \u00e8 molto lontana da quella che i pregiudizi sulla copertina possono portare a immaginare. Si tratta, infatti, di un sestetto che gi\u00e0 da un paio d\u2019anni sta riscuotendo un certo successo tra appassionati e addetti ai lavori per la loro personale interpretazione delle musiche folk delle regioni nei dintorni del Massiccio Centrale e, in particolar modo, dell\u2019Occitania \u2014 lo stesso moniker altro non \u00e8 che la traduzione in occitano del toponimo Saint Salvadour. Non \u00e8 un caso che La grande folie, loro album di debutto, sia stato pubblicato tramite la Pagans, etichetta francese che negli ultimi tempi \u00e8 diventata un faro di riferimento per le pi\u00f9 disparate e innovative declinazioni del folk del sud della Francia (occitano, basco, guascone, alvernese, e chi pi\u00f9 chi ne ha pi\u00f9 ne metta), dai canti polifonici delle Cocanha agli esperimenti allucinati e saturi di droni di Romain Baudoin e Super Parquet. L\u2019approccio dei San Salvador, tuttavia, si pone un po\u2019 a met\u00e0 tra questi due estremi.<\/span><\/p>\n<p>Il n<span style=\"font-weight: 400;\">uovo album \u00e8 \u201c<a href=\"https:\/\/www.ondarock.it\/recensioni\/2021-sansalvador-lagrandefolie.htm\" target=\"_blank\" rel=\"noopener noreferrer\">La Grande Folie<\/a>\u201d <\/span><\/p>\n<p>Formazione:<br \/>\nGabriel Durif <em>voce, tamburini<\/em><br \/>\nEva Durif <em>voce<\/em><br \/>\nThibault Chaumeil <em>voce e tamburo basso<\/em><br \/>\nMarion Lherbeil <em>voce e tamburo basso<\/em><br \/>\nLaure Nonique Desvergnes <em>voce<\/em><br \/>\nSylvestre Nonique Desvergnes <em>voce e tamburo<\/em><\/p>\n<p><iframe title=\"YouTube video player\" src=\"https:\/\/www.youtube.com\/embed\/YaBqulGdZgk\" width=\"560\" height=\"315\" frameborder=\"0\" allowfullscreen=\"allowfullscreen\"><\/iframe><\/p>\n<p><iframe title=\"YouTube video player\" src=\"https:\/\/www.youtube.com\/embed\/LBr5far4KaI\" width=\"560\" height=\"315\" frameborder=\"0\" allowfullscreen=\"allowfullscreen\"><\/iframe><\/p>\n<p>&nbsp;<\/p>\n<h3 style=\"color: red;\"><a href=\"https:\/\/www.azzurroservice.net\/biglietti\/san-salvador\/#.YxXWNnZByUk\" target=\"_blank\" rel=\"noopener noreferrer\">Biglietto acquistabile qui<\/a><\/h3>\n<p>&nbsp;<\/p>\n<hr \/>\n<p>&nbsp;<\/p>\n<hr \/>\n<div id='gallery-1' class='gallery galleryid-8654 gallery-columns-3 gallery-size-medium'><figure class='gallery-item'>\n\t\t\t<div class='gallery-icon landscape'>\n\t\t\t\t<a href='https:\/\/www.festivalethnos.it\/?attachment_id=8661'><img decoding=\"async\" width=\"300\" height=\"200\" src=\"https:\/\/www.festivalethnos.it\/wp-content\/uploads\/2022\/09\/3-300x200.jpg\" class=\"attachment-medium size-medium\" alt=\"\" srcset=\"https:\/\/www.festivalethnos.it\/wp-content\/uploads\/2022\/09\/3-300x200.jpg 300w, https:\/\/www.festivalethnos.it\/wp-content\/uploads\/2022\/09\/3-690x460.jpg 690w, https:\/\/www.festivalethnos.it\/wp-content\/uploads\/2022\/09\/3-768x512.jpg 768w, https:\/\/www.festivalethnos.it\/wp-content\/uploads\/2022\/09\/3-1536x1024.jpg 1536w, https:\/\/www.festivalethnos.it\/wp-content\/uploads\/2022\/09\/3-720x480.jpg 720w, https:\/\/www.festivalethnos.it\/wp-content\/uploads\/2022\/09\/3-174x116.jpg 174w, https:\/\/www.festivalethnos.it\/wp-content\/uploads\/2022\/09\/3-272x182.jpg 272w, https:\/\/www.festivalethnos.it\/wp-content\/uploads\/2022\/09\/3.jpg 1600w\" sizes=\"(max-width: 300px) 100vw, 300px\" \/><\/a>\n\t\t\t<\/div><\/figure><figure class='gallery-item'>\n\t\t\t<div class='gallery-icon landscape'>\n\t\t\t\t<a href='https:\/\/www.festivalethnos.it\/?attachment_id=8662'><img decoding=\"async\" width=\"300\" height=\"200\" src=\"https:\/\/www.festivalethnos.it\/wp-content\/uploads\/2022\/09\/4-300x200.jpg\" class=\"attachment-medium size-medium\" alt=\"\" srcset=\"https:\/\/www.festivalethnos.it\/wp-content\/uploads\/2022\/09\/4-300x200.jpg 300w, https:\/\/www.festivalethnos.it\/wp-content\/uploads\/2022\/09\/4-690x460.jpg 690w, https:\/\/www.festivalethnos.it\/wp-content\/uploads\/2022\/09\/4-768x512.jpg 768w, https:\/\/www.festivalethnos.it\/wp-content\/uploads\/2022\/09\/4-1536x1024.jpg 1536w, https:\/\/www.festivalethnos.it\/wp-content\/uploads\/2022\/09\/4-720x480.jpg 720w, https:\/\/www.festivalethnos.it\/wp-content\/uploads\/2022\/09\/4-174x116.jpg 174w, https:\/\/www.festivalethnos.it\/wp-content\/uploads\/2022\/09\/4-272x182.jpg 272w, https:\/\/www.festivalethnos.it\/wp-content\/uploads\/2022\/09\/4.jpg 1600w\" sizes=\"(max-width: 300px) 100vw, 300px\" \/><\/a>\n\t\t\t<\/div><\/figure><figure class='gallery-item'>\n\t\t\t<div class='gallery-icon landscape'>\n\t\t\t\t<a href='https:\/\/www.festivalethnos.it\/?attachment_id=8663'><img loading=\"lazy\" decoding=\"async\" width=\"300\" height=\"200\" src=\"https:\/\/www.festivalethnos.it\/wp-content\/uploads\/2022\/09\/5-300x200.jpg\" class=\"attachment-medium size-medium\" alt=\"\" srcset=\"https:\/\/www.festivalethnos.it\/wp-content\/uploads\/2022\/09\/5-300x200.jpg 300w, https:\/\/www.festivalethnos.it\/wp-content\/uploads\/2022\/09\/5-690x460.jpg 690w, https:\/\/www.festivalethnos.it\/wp-content\/uploads\/2022\/09\/5-768x512.jpg 768w, https:\/\/www.festivalethnos.it\/wp-content\/uploads\/2022\/09\/5-1536x1024.jpg 1536w, https:\/\/www.festivalethnos.it\/wp-content\/uploads\/2022\/09\/5-720x480.jpg 720w, https:\/\/www.festivalethnos.it\/wp-content\/uploads\/2022\/09\/5-174x116.jpg 174w, https:\/\/www.festivalethnos.it\/wp-content\/uploads\/2022\/09\/5-272x182.jpg 272w, https:\/\/www.festivalethnos.it\/wp-content\/uploads\/2022\/09\/5.jpg 1728w\" sizes=\"(max-width: 300px) 100vw, 300px\" \/><\/a>\n\t\t\t<\/div><\/figure><figure class='gallery-item'>\n\t\t\t<div class='gallery-icon landscape'>\n\t\t\t\t<a href='https:\/\/www.festivalethnos.it\/?attachment_id=8664'><img loading=\"lazy\" decoding=\"async\" width=\"300\" height=\"200\" src=\"https:\/\/www.festivalethnos.it\/wp-content\/uploads\/2022\/09\/6-300x200.jpg\" class=\"attachment-medium size-medium\" alt=\"\" srcset=\"https:\/\/www.festivalethnos.it\/wp-content\/uploads\/2022\/09\/6-300x200.jpg 300w, https:\/\/www.festivalethnos.it\/wp-content\/uploads\/2022\/09\/6-690x460.jpg 690w, https:\/\/www.festivalethnos.it\/wp-content\/uploads\/2022\/09\/6-768x512.jpg 768w, https:\/\/www.festivalethnos.it\/wp-content\/uploads\/2022\/09\/6-1536x1024.jpg 1536w, https:\/\/www.festivalethnos.it\/wp-content\/uploads\/2022\/09\/6-720x480.jpg 720w, https:\/\/www.festivalethnos.it\/wp-content\/uploads\/2022\/09\/6-174x116.jpg 174w, https:\/\/www.festivalethnos.it\/wp-content\/uploads\/2022\/09\/6-272x182.jpg 272w, https:\/\/www.festivalethnos.it\/wp-content\/uploads\/2022\/09\/6.jpg 2048w\" sizes=\"(max-width: 300px) 100vw, 300px\" \/><\/a>\n\t\t\t<\/div><\/figure>\n\t\t<\/div>\n\n<h4><\/h4>\n<p>&nbsp;<\/p>\n<p>&nbsp;<\/p>\n<p>&nbsp;<\/p>\n<p>[one_third]<\/p>\n<p>&nbsp;<\/p>\n<p>[\/one_third]<\/p>\n<p><img loading=\"lazy\" decoding=\"async\" class=\"alignnone wp-image-7627 size-full\" src=\"https:\/\/www.festivalethnos.it\/wp-content\/uploads\/2022\/09\/loghi2022.png\" alt=\"\" width=\"966\" height=\"130\" \/><\/p>\n","protected":false},"excerpt":{"rendered":"<p>&nbsp; VENERDI 9 SETTEMBRE SAN GIORGIO A CREMANO Villa Vannucchi, Via Roma, 47 ore 20.30 \u20ac 5 pi\u00f9 d.p. Concerto di SAN SALVADOR La polifonia occitana \u00e9 il punto di partenza per questa band francese, che d\u00e0 vita alla propria arte usando l\u2019occitano come linguaggio ritmico. Collettivo di sei voci, dodici mani e un tamburino,&hellip;<\/p>\n","protected":false},"author":1,"featured_media":0,"parent":0,"menu_order":0,"comment_status":"closed","ping_status":"closed","template":"","meta":{"footnotes":""},"class_list":["post-8654","page","type-page","status-publish","hentry"],"_links":{"self":[{"href":"https:\/\/www.festivalethnos.it\/index.php?rest_route=\/wp\/v2\/pages\/8654","targetHints":{"allow":["GET"]}}],"collection":[{"href":"https:\/\/www.festivalethnos.it\/index.php?rest_route=\/wp\/v2\/pages"}],"about":[{"href":"https:\/\/www.festivalethnos.it\/index.php?rest_route=\/wp\/v2\/types\/page"}],"author":[{"embeddable":true,"href":"https:\/\/www.festivalethnos.it\/index.php?rest_route=\/wp\/v2\/users\/1"}],"replies":[{"embeddable":true,"href":"https:\/\/www.festivalethnos.it\/index.php?rest_route=%2Fwp%2Fv2%2Fcomments&post=8654"}],"version-history":[{"count":7,"href":"https:\/\/www.festivalethnos.it\/index.php?rest_route=\/wp\/v2\/pages\/8654\/revisions"}],"predecessor-version":[{"id":8970,"href":"https:\/\/www.festivalethnos.it\/index.php?rest_route=\/wp\/v2\/pages\/8654\/revisions\/8970"}],"wp:attachment":[{"href":"https:\/\/www.festivalethnos.it\/index.php?rest_route=%2Fwp%2Fv2%2Fmedia&parent=8654"}],"curies":[{"name":"wp","href":"https:\/\/api.w.org\/{rel}","templated":true}]}}

<p>&nbsp;</p>
<p><img fetchpriority="high" decoding="async" class="alignnone wp-image-8655 size-full" src="https://www.festivalethnos.it/wp-content/uploads/2022/09/artisti-san.jpg" alt="" width="967" height="413" /></p>
<h2>VENERDI 9 SETTEMBRE <span style="color: #d03742;">SAN GIORGIO A CREMANO</span></h2>
<p><strong>Villa Vannucchi</strong>,<br />
Via Roma, 47<br />
ore 20.30<br />
€ 5 più d.p.</p>
<h2>Concerto di <span style="color: #d03742;">SAN SALVADOR</span></h2>
<p><span style="font-weight: 400;">La polifonia occitana é il punto di partenza per questa band francese, che dà vita alla propria arte usando l’occitano come linguaggio ritmico. Collettivo di sei voci, dodici mani e un tamburino, radicato nelle profonde tradizioni trovadoriche della regione, San Salvador si propone di rinnovare la tradizione popolare attraverso la poesia, oltrepassando le barriere e aprendola a nuovi orizzonti.<br />
Con il suo font moderno e iper-minimale, gli abiti turistici, vistosi e coloratissimi, dei soggetti della foto — con tanto di casacca di Stoichkov del Barcellona in seconda fila —, la copertina di questo La grande folie sembra introdurre all’ennesimo disco di indie pop elettronico un po’ ironico come ne escono a decine ogni settimana. E invece.<br />
Formatisi pochi anni fa nel piccolo comune francese di Saint Salvadour, nel dipartimento di Corrèze della Nuova Aquitania, i San Salvador propongono una musica che è molto lontana da quella che i pregiudizi sulla copertina possono portare a immaginare. Si tratta, infatti, di un sestetto che già da un paio d’anni sta riscuotendo un certo successo tra appassionati e addetti ai lavori per la loro personale interpretazione delle musiche folk delle regioni nei dintorni del Massiccio Centrale e, in particolar modo, dell’Occitania — lo stesso moniker altro non è che la traduzione in occitano del toponimo Saint Salvadour. Non è un caso che La grande folie, loro album di debutto, sia stato pubblicato tramite la Pagans, etichetta francese che negli ultimi tempi è diventata un faro di riferimento per le più disparate e innovative declinazioni del folk del sud della Francia (occitano, basco, guascone, alvernese, e chi più chi ne ha più ne metta), dai canti polifonici delle Cocanha agli esperimenti allucinati e saturi di droni di Romain Baudoin e Super Parquet. L’approccio dei San Salvador, tuttavia, si pone un po’ a metà tra questi due estremi.</span></p>
<p>Il n<span style="font-weight: 400;">uovo album è “<a href="https://www.ondarock.it/recensioni/2021-sansalvador-lagrandefolie.htm" target="_blank" rel="noopener noreferrer">La Grande Folie</a>” </span></p>
<p>Formazione:<br />
Gabriel Durif <em>voce, tamburini</em><br />
Eva Durif <em>voce</em><br />
Thibault Chaumeil <em>voce e tamburo basso</em><br />
Marion Lherbeil <em>voce e tamburo basso</em><br />
Laure Nonique Desvergnes <em>voce</em><br />
Sylvestre Nonique Desvergnes <em>voce e tamburo</em></p>
<p><iframe title="YouTube video player" src="https://www.youtube.com/embed/YaBqulGdZgk" width="560" height="315" frameborder="0" allowfullscreen="allowfullscreen"></iframe></p>
<p><iframe title="YouTube video player" src="https://www.youtube.com/embed/LBr5far4KaI" width="560" height="315" frameborder="0" allowfullscreen="allowfullscreen"></iframe></p>
<p>&nbsp;</p>
<h3 style="color: red;"><a href="https://www.azzurroservice.net/biglietti/san-salvador/#.YxXWNnZByUk" target="_blank" rel="noopener noreferrer">Biglietto acquistabile qui</a></h3>
<p>&nbsp;</p>
<hr />
<p>&nbsp;</p>
<hr />
<div id='gallery-1' class='gallery galleryid-8654 gallery-columns-3 gallery-size-medium'><figure class='gallery-item'>
			<div class='gallery-icon landscape'>
				<a href='https://www.festivalethnos.it/?attachment_id=8661'><img decoding="async" width="300" height="200" src="https://www.festivalethnos.it/wp-content/uploads/2022/09/3-300x200.jpg" class="attachment-medium size-medium" alt="" srcset="https://www.festivalethnos.it/wp-content/uploads/2022/09/3-300x200.jpg 300w, https://www.festivalethnos.it/wp-content/uploads/2022/09/3-690x460.jpg 690w, https://www.festivalethnos.it/wp-content/uploads/2022/09/3-768x512.jpg 768w, https://www.festivalethnos.it/wp-content/uploads/2022/09/3-1536x1024.jpg 1536w, https://www.festivalethnos.it/wp-content/uploads/2022/09/3-720x480.jpg 720w, https://www.festivalethnos.it/wp-content/uploads/2022/09/3-174x116.jpg 174w, https://www.festivalethnos.it/wp-content/uploads/2022/09/3-272x182.jpg 272w, https://www.festivalethnos.it/wp-content/uploads/2022/09/3.jpg 1600w" sizes="(max-width: 300px) 100vw, 300px" /></a>
			</div></figure><figure class='gallery-item'>
			<div class='gallery-icon landscape'>
				<a href='https://www.festivalethnos.it/?attachment_id=8662'><img decoding="async" width="300" height="200" src="https://www.festivalethnos.it/wp-content/uploads/2022/09/4-300x200.jpg" class="attachment-medium size-medium" alt="" srcset="https://www.festivalethnos.it/wp-content/uploads/2022/09/4-300x200.jpg 300w, https://www.festivalethnos.it/wp-content/uploads/2022/09/4-690x460.jpg 690w, https://www.festivalethnos.it/wp-content/uploads/2022/09/4-768x512.jpg 768w, https://www.festivalethnos.it/wp-content/uploads/2022/09/4-1536x1024.jpg 1536w, https://www.festivalethnos.it/wp-content/uploads/2022/09/4-720x480.jpg 720w, https://www.festivalethnos.it/wp-content/uploads/2022/09/4-174x116.jpg 174w, https://www.festivalethnos.it/wp-content/uploads/2022/09/4-272x182.jpg 272w, https://www.festivalethnos.it/wp-content/uploads/2022/09/4.jpg 1600w" sizes="(max-width: 300px) 100vw, 300px" /></a>
			</div></figure><figure class='gallery-item'>
			<div class='gallery-icon landscape'>
				<a href='https://www.festivalethnos.it/?attachment_id=8663'><img loading="lazy" decoding="async" width="300" height="200" src="https://www.festivalethnos.it/wp-content/uploads/2022/09/5-300x200.jpg" class="attachment-medium size-medium" alt="" srcset="https://www.festivalethnos.it/wp-content/uploads/2022/09/5-300x200.jpg 300w, https://www.festivalethnos.it/wp-content/uploads/2022/09/5-690x460.jpg 690w, https://www.festivalethnos.it/wp-content/uploads/2022/09/5-768x512.jpg 768w, https://www.festivalethnos.it/wp-content/uploads/2022/09/5-1536x1024.jpg 1536w, https://www.festivalethnos.it/wp-content/uploads/2022/09/5-720x480.jpg 720w, https://www.festivalethnos.it/wp-content/uploads/2022/09/5-174x116.jpg 174w, https://www.festivalethnos.it/wp-content/uploads/2022/09/5-272x182.jpg 272w, https://www.festivalethnos.it/wp-content/uploads/2022/09/5.jpg 1728w" sizes="(max-width: 300px) 100vw, 300px" /></a>
			</div></figure><figure class='gallery-item'>
			<div class='gallery-icon landscape'>
				<a href='https://www.festivalethnos.it/?attachment_id=8664'><img loading="lazy" decoding="async" width="300" height="200" src="https://www.festivalethnos.it/wp-content/uploads/2022/09/6-300x200.jpg" class="attachment-medium size-medium" alt="" srcset="https://www.festivalethnos.it/wp-content/uploads/2022/09/6-300x200.jpg 300w, https://www.festivalethnos.it/wp-content/uploads/2022/09/6-690x460.jpg 690w, https://www.festivalethnos.it/wp-content/uploads/2022/09/6-768x512.jpg 768w, https://www.festivalethnos.it/wp-content/uploads/2022/09/6-1536x1024.jpg 1536w, https://www.festivalethnos.it/wp-content/uploads/2022/09/6-720x480.jpg 720w, https://www.festivalethnos.it/wp-content/uploads/2022/09/6-174x116.jpg 174w, https://www.festivalethnos.it/wp-content/uploads/2022/09/6-272x182.jpg 272w, https://www.festivalethnos.it/wp-content/uploads/2022/09/6.jpg 2048w" sizes="(max-width: 300px) 100vw, 300px" /></a>
			</div></figure>
		</div>

<h4></h4>
<p>&nbsp;</p>
<p>&nbsp;</p>
<p>&nbsp;</p>
<p>[one_third]</p>
<p>&nbsp;</p>
<p>[/one_third]</p>
<p><img loading="lazy" decoding="async" class="alignnone wp-image-7627 size-full" src="https://www.festivalethnos.it/wp-content/uploads/2022/09/loghi2022.png" alt="" width="966" height="130" /></p>

<p>&nbsp; VENERDI 9 SETTEMBRE SAN GIORGIO A CREMANO Villa Vannucchi, Via Roma, 47 ore 20.30 € 5 più d.p. Concerto di SAN SALVADOR La polifonia occitana é il punto di partenza per questa band francese, che dà vita alla propria arte usando l’occitano come linguaggio ritmico. Collettivo di sei voci, dodici mani e un tamburino,&hellip;</p>
