{"id":8676,"date":"2022-09-03T11:33:48","date_gmt":"2022-09-03T09:33:48","guid":{"rendered":"https:\/\/www.festivalethnos.it\/?page_id=8676"},"modified":"2022-09-06T23:02:20","modified_gmt":"2022-09-06T21:02:20","slug":"marala-3-2-2","status":"publish","type":"page","link":"https:\/\/www.festivalethnos.it\/?page_id=8676","title":{"rendered":"Alessandro D&#8217;Alessandro"},"content":{"rendered":"<p>&nbsp;<\/p>\n<p><img fetchpriority=\"high\" decoding=\"async\" class=\"alignnone wp-image-8677 size-full\" src=\"https:\/\/www.festivalethnos.it\/wp-content\/uploads\/2022\/09\/artisti-ales.jpg\" alt=\"\" width=\"967\" height=\"413\" srcset=\"https:\/\/www.festivalethnos.it\/wp-content\/uploads\/2022\/09\/artisti-ales.jpg 967w, https:\/\/www.festivalethnos.it\/wp-content\/uploads\/2022\/09\/artisti-ales-300x128.jpg 300w, https:\/\/www.festivalethnos.it\/wp-content\/uploads\/2022\/09\/artisti-ales-690x295.jpg 690w, https:\/\/www.festivalethnos.it\/wp-content\/uploads\/2022\/09\/artisti-ales-768x328.jpg 768w, https:\/\/www.festivalethnos.it\/wp-content\/uploads\/2022\/09\/artisti-ales-720x308.jpg 720w, https:\/\/www.festivalethnos.it\/wp-content\/uploads\/2022\/09\/artisti-ales-228x97.jpg 228w\" sizes=\"(max-width: 967px) 100vw, 967px\" \/><\/p>\n<h2>DOMENICA 11 SETTEMBRE <span style=\"color: #d03742;\">TORRE DEL GRECO<\/span><\/h2>\n<p><strong>Villa delle Ginestre<\/strong>,<br \/>\nVia Villa delle Ginestre, 19<br \/>\nore 18.00<br \/>\n\u20ac 5 pi\u00f9 d.p.<\/p>\n<h2>Concerto di <span style=\"color: #d03742;\">ALESSANDRO D&#8217;ALESSANDRO<\/span><\/h2>\n<p><strong>ospite Margherita Abita<\/strong><\/p>\n<p>Da sempre interessato alle pi\u00f9 svariate forme musicali, Alessandro D\u2019Alessandro \u00e8 considerato uno dei pi\u00f9 talentuosi organettisti italiani per la tecnica e la versatilit\u00e0 con cui ha condotto uno strumento della tradizione contadina a dialogare con altri stili, ritmi ed armonie, travalicando i confini della musica etnica, ampliandone notevolmente le capacit\u00e0 espressive ed il suono, grazie anche a un sapiente utilizzo dell\u2019elettronica. In questa direzione si pone \u201cCanzoni\u201d, album pubblicato da Squilibri Editore che segna il suo esordio come solista. Si tratta di un progetto di esplorazione della canzone d&#8217;autore, con la trasposizione di alcuni classici nel linguaggio di un organetto \u201cpreparato\u201d che, nelle sue mani, sembra assumere &#8220;il respiro di un\u2019orchestra&#8221;. Il suono intimo del suo strumento a mantice \u00e8 sostenuto da un utilizzo molto personale dell\u2019elettronica, dell\u2019effettistica, dei loops in tempo reale e da sovrapposizioni armoniche e ritmiche, suonate direttamente sull\u2019organetto, attraverso un originale sistema di percussione dello strumento. Con alle spalle un\u2019intensa carriera, D\u2019Alessandro coordina l\u2019Orchestra Bottoni, ensemble di organetti con cui ha pubblicato diversi dischi tra cui \u201cOrchestra Bottoni Live\u201d, finalista Targa Tenco 2014, secondo posto al Premio Loano 2014 per citare solo alcuni dei riconoscimenti ricevuti. Nel 2017 vince la Targa Tenco per il miglior album in dialetto con \u201cCanti, ballate ed ipocondrie d\u2019ammore&#8221; (Squilibri Editore) realizzato insieme a Canio Loguercio. La rete di collaborazioni, vastissima e difficilmente riassumibile, che lo hanno visto protagonista in studio e dal vivo, coinvolge (tra gli altri) musicisti quali Sergio Cammariere, Neri Marcor\u00e8, Gigliola Cinquetti, Daniele Sepe, Fausto Mesolella, Petra Magoni, Daniele Di Bonaventura, David Riondino, Flaco Biondini, Angelo Branduardi, Franco Battiato, Peppe Voltarelli, Gabriele Mirabassi, Roy Paci, ecc; a cui si aggiungono, sul versante del cinema, del teatro, della letteratura e delle arti visive nomi come Sergio Staino, Eugenio Barba (Odin Teatret), Sonia Bergamasco, Vinicio Marchioni, Franco Arminio, Agostino Ferrente ed altri ancora. Si \u00e8 esibito in importanti festival e prestigiose venue, in Italia e all\u2019estero, tra cui Festival Berlioz, World Travel Market London, Folkest, La Notte Della Taranta, Mare e Miniere, Festival della Letteratura Mantova, solo per citarne alcuni, giungendo con la sua musica in Francia, Inghilterra, Germania, Lussemburgo, Polonia, Danimarca, Albania e Cile. Ha curato la direzione artistica e musicale per progetti del Club Tenco, della Biblioteca Nazionale di Napoli, di Squilibri Editore, di Fondazione Matera 2019; ha partecipato a numerose trasmissioni radiofoniche e televisive (Radio3 Suite, I Concerti del Quirinale e La Stanza della Musica su Radio3, Tg2 Mizar, Concerto dell\u2019Epifania su Rai1 etc.)<\/p>\n<p><strong>Margerita Abita<\/strong><\/p>\n<p>Originaria della Sicilia, cresce nell\u2019isola di Levanzo, la pi\u00f9 piccola e selvaggia delle Isole Egadi. Si avvicina alla musica Jazz con i maestri Maurizio Lipari e Chicco Allotta. All\u2019et\u00e0 di diciotto anni si trasferisce a Milano per seguire gli studi universitari. Qui avviene l\u2019illuminante incontro con la musica balcanica e mediterranea, un genere di musica che non tarda a diventare la sua pi\u00f9 grande passione. Nella sua terra fa esperienza del teatro di figura tradizionale dell\u2019Opera dei pupi siciliani, con il grande maestro Mimmo Cuticchio. Nel 2018 si trasferisce a Barcellona. Con il duo di violino e voce Still Life vince l&#8217;edizione 2020 del Premio Andrea Parodi con il brano originale &#8216;Tempo&#8217;. Da Ottobre 2019 diventa cantante della Barcelona Gispy Balkan Orchestra.<\/p>\n<p>Formazione:<br \/>\nAlessandro D&#8217;Alessandro<em>\u00a0organetto, loops, efx<\/em><br \/>\nMargherita Abita<em>\u00a0voce<\/em><\/p>\n<p>&nbsp;<\/p>\n<p><iframe title=\"YouTube video player\" src=\"https:\/\/www.youtube.com\/embed\/OuqaWF4gcV8\" width=\"560\" height=\"315\" frameborder=\"0\" allowfullscreen=\"allowfullscreen\"><\/iframe><\/p>\n<p>&nbsp;<\/p>\n<h3 style=\"color: red;\"><a href=\"https:\/\/www.azzurroservice.net\/biglietti\/alessandro-dalessandro-ospite-margherita-abita\/#.YxXqkHZByUk\" target=\"_blank\" rel=\"noopener noreferrer\">Biglietto acquistabile qui<\/a><\/h3>\n<p>&nbsp;<\/p>\n<hr \/>\n<p>Sar\u00e0 possibile effettuare una visita facoltativa dalle ore 17.00 al prezzo di \u20ac 5 a cura della Fondazione Ente per le Ville Vesuviane<\/p>\n<hr \/>\n<div id='gallery-1' class='gallery galleryid-8676 gallery-columns-3 gallery-size-medium'><figure class='gallery-item'>\n\t\t\t<div class='gallery-icon landscape'>\n\t\t\t\t<a href='https:\/\/www.festivalethnos.it\/?attachment_id=8680'><img decoding=\"async\" width=\"300\" height=\"300\" src=\"https:\/\/www.festivalethnos.it\/wp-content\/uploads\/2022\/09\/Alessandro-DAlessandro-02-ph-Paolo-Soriani-300x300.jpg\" class=\"attachment-medium size-medium\" alt=\"\" srcset=\"https:\/\/www.festivalethnos.it\/wp-content\/uploads\/2022\/09\/Alessandro-DAlessandro-02-ph-Paolo-Soriani-300x300.jpg 300w, https:\/\/www.festivalethnos.it\/wp-content\/uploads\/2022\/09\/Alessandro-DAlessandro-02-ph-Paolo-Soriani-690x690.jpg 690w, https:\/\/www.festivalethnos.it\/wp-content\/uploads\/2022\/09\/Alessandro-DAlessandro-02-ph-Paolo-Soriani-150x150.jpg 150w, https:\/\/www.festivalethnos.it\/wp-content\/uploads\/2022\/09\/Alessandro-DAlessandro-02-ph-Paolo-Soriani-768x768.jpg 768w, https:\/\/www.festivalethnos.it\/wp-content\/uploads\/2022\/09\/Alessandro-DAlessandro-02-ph-Paolo-Soriani-540x540.jpg 540w, https:\/\/www.festivalethnos.it\/wp-content\/uploads\/2022\/09\/Alessandro-DAlessandro-02-ph-Paolo-Soriani-116x116.jpg 116w, https:\/\/www.festivalethnos.it\/wp-content\/uploads\/2022\/09\/Alessandro-DAlessandro-02-ph-Paolo-Soriani.jpg 1500w\" sizes=\"(max-width: 300px) 100vw, 300px\" \/><\/a>\n\t\t\t<\/div><\/figure><figure class='gallery-item'>\n\t\t\t<div class='gallery-icon landscape'>\n\t\t\t\t<a href='https:\/\/www.festivalethnos.it\/?attachment_id=8681'><img decoding=\"async\" width=\"300\" height=\"243\" src=\"https:\/\/www.festivalethnos.it\/wp-content\/uploads\/2022\/09\/Alessandro-Dalessandro_web-300x243.jpg\" class=\"attachment-medium size-medium\" alt=\"\" srcset=\"https:\/\/www.festivalethnos.it\/wp-content\/uploads\/2022\/09\/Alessandro-Dalessandro_web-300x243.jpg 300w, https:\/\/www.festivalethnos.it\/wp-content\/uploads\/2022\/09\/Alessandro-Dalessandro_web-690x558.jpg 690w, https:\/\/www.festivalethnos.it\/wp-content\/uploads\/2022\/09\/Alessandro-Dalessandro_web-668x540.jpg 668w, https:\/\/www.festivalethnos.it\/wp-content\/uploads\/2022\/09\/Alessandro-Dalessandro_web-143x116.jpg 143w, https:\/\/www.festivalethnos.it\/wp-content\/uploads\/2022\/09\/Alessandro-Dalessandro_web.jpg 700w\" sizes=\"(max-width: 300px) 100vw, 300px\" \/><\/a>\n\t\t\t<\/div><\/figure><figure class='gallery-item'>\n\t\t\t<div class='gallery-icon landscape'>\n\t\t\t\t<a href='https:\/\/www.festivalethnos.it\/?attachment_id=8682'><img loading=\"lazy\" decoding=\"async\" width=\"300\" height=\"169\" src=\"https:\/\/www.festivalethnos.it\/wp-content\/uploads\/2022\/09\/maxresdefault-300x169.jpg\" class=\"attachment-medium size-medium\" alt=\"\" srcset=\"https:\/\/www.festivalethnos.it\/wp-content\/uploads\/2022\/09\/maxresdefault-300x169.jpg 300w, https:\/\/www.festivalethnos.it\/wp-content\/uploads\/2022\/09\/maxresdefault-690x388.jpg 690w, https:\/\/www.festivalethnos.it\/wp-content\/uploads\/2022\/09\/maxresdefault-768x432.jpg 768w, https:\/\/www.festivalethnos.it\/wp-content\/uploads\/2022\/09\/maxresdefault-720x405.jpg 720w, https:\/\/www.festivalethnos.it\/wp-content\/uploads\/2022\/09\/maxresdefault-206x116.jpg 206w, https:\/\/www.festivalethnos.it\/wp-content\/uploads\/2022\/09\/maxresdefault.jpg 1280w\" sizes=\"(max-width: 300px) 100vw, 300px\" \/><\/a>\n\t\t\t<\/div><\/figure>\n\t\t<\/div>\n\n<h4><\/h4>\n<p>&nbsp;<\/p>\n<p>&nbsp;<\/p>\n<p>&nbsp;<\/p>\n<p>[one_third]<\/p>\n<p>&nbsp;<\/p>\n<p>[\/one_third]<\/p>\n<p><img loading=\"lazy\" decoding=\"async\" class=\"alignnone wp-image-7627 size-full\" src=\"https:\/\/www.festivalethnos.it\/wp-content\/uploads\/2022\/09\/loghi2022.png\" alt=\"\" width=\"966\" height=\"130\" \/><\/p>\n","protected":false},"excerpt":{"rendered":"<p>&nbsp; DOMENICA 11 SETTEMBRE TORRE DEL GRECO Villa delle Ginestre, Via Villa delle Ginestre, 19 ore 18.00 \u20ac 5 pi\u00f9 d.p. Concerto di ALESSANDRO D&#8217;ALESSANDRO ospite Margherita Abita Da sempre interessato alle pi\u00f9 svariate forme musicali, Alessandro D\u2019Alessandro \u00e8 considerato uno dei pi\u00f9 talentuosi organettisti italiani per la tecnica e la versatilit\u00e0 con cui ha&hellip;<\/p>\n","protected":false},"author":1,"featured_media":0,"parent":0,"menu_order":0,"comment_status":"closed","ping_status":"closed","template":"","meta":{"footnotes":""},"class_list":["post-8676","page","type-page","status-publish","hentry"],"_links":{"self":[{"href":"https:\/\/www.festivalethnos.it\/index.php?rest_route=\/wp\/v2\/pages\/8676","targetHints":{"allow":["GET"]}}],"collection":[{"href":"https:\/\/www.festivalethnos.it\/index.php?rest_route=\/wp\/v2\/pages"}],"about":[{"href":"https:\/\/www.festivalethnos.it\/index.php?rest_route=\/wp\/v2\/types\/page"}],"author":[{"embeddable":true,"href":"https:\/\/www.festivalethnos.it\/index.php?rest_route=\/wp\/v2\/users\/1"}],"replies":[{"embeddable":true,"href":"https:\/\/www.festivalethnos.it\/index.php?rest_route=%2Fwp%2Fv2%2Fcomments&post=8676"}],"version-history":[{"count":7,"href":"https:\/\/www.festivalethnos.it\/index.php?rest_route=\/wp\/v2\/pages\/8676\/revisions"}],"predecessor-version":[{"id":9068,"href":"https:\/\/www.festivalethnos.it\/index.php?rest_route=\/wp\/v2\/pages\/8676\/revisions\/9068"}],"wp:attachment":[{"href":"https:\/\/www.festivalethnos.it\/index.php?rest_route=%2Fwp%2Fv2%2Fmedia&parent=8676"}],"curies":[{"name":"wp","href":"https:\/\/api.w.org\/{rel}","templated":true}]}}

<p>&nbsp;</p>
<p><img fetchpriority="high" decoding="async" class="alignnone wp-image-8677 size-full" src="https://www.festivalethnos.it/wp-content/uploads/2022/09/artisti-ales.jpg" alt="" width="967" height="413" srcset="https://www.festivalethnos.it/wp-content/uploads/2022/09/artisti-ales.jpg 967w, https://www.festivalethnos.it/wp-content/uploads/2022/09/artisti-ales-300x128.jpg 300w, https://www.festivalethnos.it/wp-content/uploads/2022/09/artisti-ales-690x295.jpg 690w, https://www.festivalethnos.it/wp-content/uploads/2022/09/artisti-ales-768x328.jpg 768w, https://www.festivalethnos.it/wp-content/uploads/2022/09/artisti-ales-720x308.jpg 720w, https://www.festivalethnos.it/wp-content/uploads/2022/09/artisti-ales-228x97.jpg 228w" sizes="(max-width: 967px) 100vw, 967px" /></p>
<h2>DOMENICA 11 SETTEMBRE <span style="color: #d03742;">TORRE DEL GRECO</span></h2>
<p><strong>Villa delle Ginestre</strong>,<br />
Via Villa delle Ginestre, 19<br />
ore 18.00<br />
€ 5 più d.p.</p>
<h2>Concerto di <span style="color: #d03742;">ALESSANDRO D&#8217;ALESSANDRO</span></h2>
<p><strong>ospite Margherita Abita</strong></p>
<p>Da sempre interessato alle più svariate forme musicali, Alessandro D’Alessandro è considerato uno dei più talentuosi organettisti italiani per la tecnica e la versatilità con cui ha condotto uno strumento della tradizione contadina a dialogare con altri stili, ritmi ed armonie, travalicando i confini della musica etnica, ampliandone notevolmente le capacità espressive ed il suono, grazie anche a un sapiente utilizzo dell’elettronica. In questa direzione si pone “Canzoni”, album pubblicato da Squilibri Editore che segna il suo esordio come solista. Si tratta di un progetto di esplorazione della canzone d&#8217;autore, con la trasposizione di alcuni classici nel linguaggio di un organetto “preparato” che, nelle sue mani, sembra assumere &#8220;il respiro di un’orchestra&#8221;. Il suono intimo del suo strumento a mantice è sostenuto da un utilizzo molto personale dell’elettronica, dell’effettistica, dei loops in tempo reale e da sovrapposizioni armoniche e ritmiche, suonate direttamente sull’organetto, attraverso un originale sistema di percussione dello strumento. Con alle spalle un’intensa carriera, D’Alessandro coordina l’Orchestra Bottoni, ensemble di organetti con cui ha pubblicato diversi dischi tra cui “Orchestra Bottoni Live”, finalista Targa Tenco 2014, secondo posto al Premio Loano 2014 per citare solo alcuni dei riconoscimenti ricevuti. Nel 2017 vince la Targa Tenco per il miglior album in dialetto con “Canti, ballate ed ipocondrie d’ammore&#8221; (Squilibri Editore) realizzato insieme a Canio Loguercio. La rete di collaborazioni, vastissima e difficilmente riassumibile, che lo hanno visto protagonista in studio e dal vivo, coinvolge (tra gli altri) musicisti quali Sergio Cammariere, Neri Marcorè, Gigliola Cinquetti, Daniele Sepe, Fausto Mesolella, Petra Magoni, Daniele Di Bonaventura, David Riondino, Flaco Biondini, Angelo Branduardi, Franco Battiato, Peppe Voltarelli, Gabriele Mirabassi, Roy Paci, ecc; a cui si aggiungono, sul versante del cinema, del teatro, della letteratura e delle arti visive nomi come Sergio Staino, Eugenio Barba (Odin Teatret), Sonia Bergamasco, Vinicio Marchioni, Franco Arminio, Agostino Ferrente ed altri ancora. Si è esibito in importanti festival e prestigiose venue, in Italia e all’estero, tra cui Festival Berlioz, World Travel Market London, Folkest, La Notte Della Taranta, Mare e Miniere, Festival della Letteratura Mantova, solo per citarne alcuni, giungendo con la sua musica in Francia, Inghilterra, Germania, Lussemburgo, Polonia, Danimarca, Albania e Cile. Ha curato la direzione artistica e musicale per progetti del Club Tenco, della Biblioteca Nazionale di Napoli, di Squilibri Editore, di Fondazione Matera 2019; ha partecipato a numerose trasmissioni radiofoniche e televisive (Radio3 Suite, I Concerti del Quirinale e La Stanza della Musica su Radio3, Tg2 Mizar, Concerto dell’Epifania su Rai1 etc.)</p>
<p><strong>Margerita Abita</strong></p>
<p>Originaria della Sicilia, cresce nell’isola di Levanzo, la più piccola e selvaggia delle Isole Egadi. Si avvicina alla musica Jazz con i maestri Maurizio Lipari e Chicco Allotta. All’età di diciotto anni si trasferisce a Milano per seguire gli studi universitari. Qui avviene l’illuminante incontro con la musica balcanica e mediterranea, un genere di musica che non tarda a diventare la sua più grande passione. Nella sua terra fa esperienza del teatro di figura tradizionale dell’Opera dei pupi siciliani, con il grande maestro Mimmo Cuticchio. Nel 2018 si trasferisce a Barcellona. Con il duo di violino e voce Still Life vince l&#8217;edizione 2020 del Premio Andrea Parodi con il brano originale &#8216;Tempo&#8217;. Da Ottobre 2019 diventa cantante della Barcelona Gispy Balkan Orchestra.</p>
<p>Formazione:<br />
Alessandro D&#8217;Alessandro<em> organetto, loops, efx</em><br />
Margherita Abita<em> voce</em></p>
<p>&nbsp;</p>
<p><iframe title="YouTube video player" src="https://www.youtube.com/embed/OuqaWF4gcV8" width="560" height="315" frameborder="0" allowfullscreen="allowfullscreen"></iframe></p>
<p>&nbsp;</p>
<h3 style="color: red;"><a href="https://www.azzurroservice.net/biglietti/alessandro-dalessandro-ospite-margherita-abita/#.YxXqkHZByUk" target="_blank" rel="noopener noreferrer">Biglietto acquistabile qui</a></h3>
<p>&nbsp;</p>
<hr />
<p>Sarà possibile effettuare una visita facoltativa dalle ore 17.00 al prezzo di € 5 a cura della Fondazione Ente per le Ville Vesuviane</p>
<hr />
<div id='gallery-1' class='gallery galleryid-8676 gallery-columns-3 gallery-size-medium'><figure class='gallery-item'>
			<div class='gallery-icon landscape'>
				<a href='https://www.festivalethnos.it/?attachment_id=8680'><img decoding="async" width="300" height="300" src="https://www.festivalethnos.it/wp-content/uploads/2022/09/Alessandro-DAlessandro-02-ph-Paolo-Soriani-300x300.jpg" class="attachment-medium size-medium" alt="" srcset="https://www.festivalethnos.it/wp-content/uploads/2022/09/Alessandro-DAlessandro-02-ph-Paolo-Soriani-300x300.jpg 300w, https://www.festivalethnos.it/wp-content/uploads/2022/09/Alessandro-DAlessandro-02-ph-Paolo-Soriani-690x690.jpg 690w, https://www.festivalethnos.it/wp-content/uploads/2022/09/Alessandro-DAlessandro-02-ph-Paolo-Soriani-150x150.jpg 150w, https://www.festivalethnos.it/wp-content/uploads/2022/09/Alessandro-DAlessandro-02-ph-Paolo-Soriani-768x768.jpg 768w, https://www.festivalethnos.it/wp-content/uploads/2022/09/Alessandro-DAlessandro-02-ph-Paolo-Soriani-540x540.jpg 540w, https://www.festivalethnos.it/wp-content/uploads/2022/09/Alessandro-DAlessandro-02-ph-Paolo-Soriani-116x116.jpg 116w, https://www.festivalethnos.it/wp-content/uploads/2022/09/Alessandro-DAlessandro-02-ph-Paolo-Soriani.jpg 1500w" sizes="(max-width: 300px) 100vw, 300px" /></a>
			</div></figure><figure class='gallery-item'>
			<div class='gallery-icon landscape'>
				<a href='https://www.festivalethnos.it/?attachment_id=8681'><img decoding="async" width="300" height="243" src="https://www.festivalethnos.it/wp-content/uploads/2022/09/Alessandro-Dalessandro_web-300x243.jpg" class="attachment-medium size-medium" alt="" srcset="https://www.festivalethnos.it/wp-content/uploads/2022/09/Alessandro-Dalessandro_web-300x243.jpg 300w, https://www.festivalethnos.it/wp-content/uploads/2022/09/Alessandro-Dalessandro_web-690x558.jpg 690w, https://www.festivalethnos.it/wp-content/uploads/2022/09/Alessandro-Dalessandro_web-668x540.jpg 668w, https://www.festivalethnos.it/wp-content/uploads/2022/09/Alessandro-Dalessandro_web-143x116.jpg 143w, https://www.festivalethnos.it/wp-content/uploads/2022/09/Alessandro-Dalessandro_web.jpg 700w" sizes="(max-width: 300px) 100vw, 300px" /></a>
			</div></figure><figure class='gallery-item'>
			<div class='gallery-icon landscape'>
				<a href='https://www.festivalethnos.it/?attachment_id=8682'><img loading="lazy" decoding="async" width="300" height="169" src="https://www.festivalethnos.it/wp-content/uploads/2022/09/maxresdefault-300x169.jpg" class="attachment-medium size-medium" alt="" srcset="https://www.festivalethnos.it/wp-content/uploads/2022/09/maxresdefault-300x169.jpg 300w, https://www.festivalethnos.it/wp-content/uploads/2022/09/maxresdefault-690x388.jpg 690w, https://www.festivalethnos.it/wp-content/uploads/2022/09/maxresdefault-768x432.jpg 768w, https://www.festivalethnos.it/wp-content/uploads/2022/09/maxresdefault-720x405.jpg 720w, https://www.festivalethnos.it/wp-content/uploads/2022/09/maxresdefault-206x116.jpg 206w, https://www.festivalethnos.it/wp-content/uploads/2022/09/maxresdefault.jpg 1280w" sizes="(max-width: 300px) 100vw, 300px" /></a>
			</div></figure>
		</div>

<h4></h4>
<p>&nbsp;</p>
<p>&nbsp;</p>
<p>&nbsp;</p>
<p>[one_third]</p>
<p>&nbsp;</p>
<p>[/one_third]</p>
<p><img loading="lazy" decoding="async" class="alignnone wp-image-7627 size-full" src="https://www.festivalethnos.it/wp-content/uploads/2022/09/loghi2022.png" alt="" width="966" height="130" /></p>

<p>&nbsp; DOMENICA 11 SETTEMBRE TORRE DEL GRECO Villa delle Ginestre, Via Villa delle Ginestre, 19 ore 18.00 € 5 più d.p. Concerto di ALESSANDRO D&#8217;ALESSANDRO ospite Margherita Abita Da sempre interessato alle più svariate forme musicali, Alessandro D’Alessandro è considerato uno dei più talentuosi organettisti italiani per la tecnica e la versatilità con cui ha&hellip;</p>
