{"id":8706,"date":"2022-09-03T12:54:37","date_gmt":"2022-09-03T10:54:37","guid":{"rendered":"https:\/\/www.festivalethnos.it\/?page_id=8706"},"modified":"2022-09-07T11:56:51","modified_gmt":"2022-09-07T09:56:51","slug":"marala-3-2-5-4","status":"publish","type":"page","link":"https:\/\/www.festivalethnos.it\/?page_id=8706","title":{"rendered":"Aguamadera"},"content":{"rendered":"<p>&nbsp;<\/p>\n<p><img fetchpriority=\"high\" decoding=\"async\" class=\"alignnone wp-image-8707 size-full\" src=\"https:\/\/www.festivalethnos.it\/wp-content\/uploads\/2022\/09\/artisti-agua.jpg\" alt=\"\" width=\"967\" height=\"413\" srcset=\"https:\/\/www.festivalethnos.it\/wp-content\/uploads\/2022\/09\/artisti-agua.jpg 967w, https:\/\/www.festivalethnos.it\/wp-content\/uploads\/2022\/09\/artisti-agua-300x128.jpg 300w, https:\/\/www.festivalethnos.it\/wp-content\/uploads\/2022\/09\/artisti-agua-690x295.jpg 690w, https:\/\/www.festivalethnos.it\/wp-content\/uploads\/2022\/09\/artisti-agua-768x328.jpg 768w, https:\/\/www.festivalethnos.it\/wp-content\/uploads\/2022\/09\/artisti-agua-720x308.jpg 720w, https:\/\/www.festivalethnos.it\/wp-content\/uploads\/2022\/09\/artisti-agua-228x97.jpg 228w\" sizes=\"(max-width: 967px) 100vw, 967px\" \/><\/p>\n<h2>SABATO 17 SETTEMBRE <span style=\"color: #d03742;\">SAN GIORGIO A CREMANO<\/span><\/h2>\n<p><strong>Villa Vannucchi<\/strong>,<br \/>\nCorso Roma, 47<br \/>\nore 22.30<br \/>\n\u20ac 5 pi\u00f9 d.p. compreso Ethnos Generazioni &#8211; Musica<\/p>\n<h2>Concerto di <span style=\"color: #d03742;\">AGUAMADERA<\/span><\/h2>\n<p>Il duo si \u00e8 formato nel 2015 quando Marco Grancelli e Mar\u00eda Cabral si sono incontrati a Buenos Aires, nel coro Cuerdo Vocales. Poco dopo, si sono resi conto che entrambi condividevano la stessa passione per il folklore sudamericano e hanno iniziato ad esibirsi insieme sui palchi di Buenos Aires.<\/p>\n<p>Nel 2017 hanno registrato il loro primo album, <em>Colocho<\/em>, e in seguito sono andati in tourn\u00e9e in giro per l&#8217;Europa. Hanno organizzato pi\u00f9 di 50 concerti in vari paesi come Spagna, Francia, Germania, Belgio e Svizzera. Dal momento che hanno vissuto un&#8217;esperienza cos\u00ec arricchente con il tour, hanno deciso di stabilirsi nel sud-ovest della Francia, dove non solo si sono sentiti calorosamente accolti, ma hanno anche trovato un luogo ideale per apprezzare lo stimolante scenario culturale europeo.<br \/>\nNel 2018 hanno registrato il loro secondo album intitolato <em>La campana<\/em>, che si concentra principalmente su di loro come duo vocale, con chitarra, cuatro e maracas venezuelane. Inoltre, nello stesso anno, si sono esibiti in numerosi festival rinomati, come R\u00edo Loco (Tolosa), Les M\u00e9ridiennes (Tours), Les Suds (Arles), Borgo Sonoro (Italia) e Szolnay (Ungheria), e hanno partecipato a radio trasmissioni come Ocora Couleurs du Monde (France Musique).<br \/>\nInoltre, Aguamadera \u00e8 anche entusiasta di collaborare con altri artisti, e uno di questi \u00e8 &#8220;Las Hermanas Caronni&#8221;. Insieme, hanno registrato una composizione co-scritta e condiviso fasi pi\u00f9 volte.<\/p>\n<p>In questa occasione, con il loro nuovo album <em>Las historias que han dejado<\/em> (le storie che si sono lasciati alle spalle), il duo presenta composizioni ispirate a pi\u00f9 generi, come la chacarera argentina, la zamba o il huayno, il joropo venezuelano, il merengue, la gaita zuliana e il peruviano valzer, con l&#8217;incorporazione del basso e delle percussioni.<br \/>\nL&#8217;album \u00e8 stato registrato a Buenos Aires sotto la direzione artistica di Elizabeth Morris (due volte vincitrice del Festival Internazionale di Vi\u00f1a del Mar), e la collaborazione di grandi artisti sudamericani come i cantanti Raly Barrionuevo e Marta G\u00f3mez.<\/p>\n<p>Formazione:<br \/>\nMarco Grancelli <em>voce, chitarra<\/em><br \/>\nMar\u00eda Cabral <em>voce, cuatro venezuelano<\/em><br \/>\nVanesa Garcia: percussioni<\/p>\n<p><iframe title=\"YouTube video player\" src=\"https:\/\/www.youtube.com\/embed\/T_hdomRWR_4\" width=\"560\" height=\"315\" frameborder=\"0\" allowfullscreen=\"allowfullscreen\"><\/iframe><\/p>\n<p>&nbsp;<\/p>\n<hr \/>\n<h2><span style=\"color: #d03742;\">ETHNOS GENERAZIONI: FINALI CATEGORIA MUSICA<\/span><\/h2>\n<p><strong>Brigan<br \/>\nHiram Salsano<br \/>\nRacines<br \/>\n<\/strong><br \/>\n<strong>Villa Vannucchi<\/strong><br \/>\nore 20.30<br \/>\n\u20ac 5 pi\u00f9 d.p. compreso concerto Aguamadera<\/p>\n<hr \/>\n<p>&nbsp;<\/p>\n<h3 style=\"color: red;\"><a href=\"https:\/\/www.azzurroservice.net\/biglietti\/ethnos-generazioni-finale-contest-under-35-categoria-musica\/#.YxXrcXZByUk\" target=\"_blank\" rel=\"noopener noreferrer\">Biglietto acquistabile qui<\/a><\/h3>\n<p>&nbsp;<\/p>\n<hr \/>\n<p>&nbsp;<\/p>\n<hr \/>\n<div id='gallery-1' class='gallery galleryid-8706 gallery-columns-3 gallery-size-medium'><figure class='gallery-item'>\n\t\t\t<div class='gallery-icon landscape'>\n\t\t\t\t<a href='https:\/\/www.festivalethnos.it\/?attachment_id=8708'><img decoding=\"async\" width=\"300\" height=\"300\" src=\"https:\/\/www.festivalethnos.it\/wp-content\/uploads\/2022\/09\/Aguamadera-Photo-cover-art-LHQD-Photo-Alejandra-Rovira-Ruiz-1-300x300.jpg\" class=\"attachment-medium size-medium\" alt=\"\" srcset=\"https:\/\/www.festivalethnos.it\/wp-content\/uploads\/2022\/09\/Aguamadera-Photo-cover-art-LHQD-Photo-Alejandra-Rovira-Ruiz-1-300x300.jpg 300w, https:\/\/www.festivalethnos.it\/wp-content\/uploads\/2022\/09\/Aguamadera-Photo-cover-art-LHQD-Photo-Alejandra-Rovira-Ruiz-1-690x690.jpg 690w, https:\/\/www.festivalethnos.it\/wp-content\/uploads\/2022\/09\/Aguamadera-Photo-cover-art-LHQD-Photo-Alejandra-Rovira-Ruiz-1-150x150.jpg 150w, https:\/\/www.festivalethnos.it\/wp-content\/uploads\/2022\/09\/Aguamadera-Photo-cover-art-LHQD-Photo-Alejandra-Rovira-Ruiz-1-768x768.jpg 768w, https:\/\/www.festivalethnos.it\/wp-content\/uploads\/2022\/09\/Aguamadera-Photo-cover-art-LHQD-Photo-Alejandra-Rovira-Ruiz-1-540x540.jpg 540w, https:\/\/www.festivalethnos.it\/wp-content\/uploads\/2022\/09\/Aguamadera-Photo-cover-art-LHQD-Photo-Alejandra-Rovira-Ruiz-1-116x116.jpg 116w, https:\/\/www.festivalethnos.it\/wp-content\/uploads\/2022\/09\/Aguamadera-Photo-cover-art-LHQD-Photo-Alejandra-Rovira-Ruiz-1.jpg 1440w\" sizes=\"(max-width: 300px) 100vw, 300px\" \/><\/a>\n\t\t\t<\/div><\/figure><figure class='gallery-item'>\n\t\t\t<div class='gallery-icon landscape'>\n\t\t\t\t<a href='https:\/\/www.festivalethnos.it\/?attachment_id=8709'><img decoding=\"async\" width=\"300\" height=\"212\" src=\"https:\/\/www.festivalethnos.it\/wp-content\/uploads\/2022\/09\/Aguamadera-Photo-Luan-Lopez-1-1-300x212.jpg\" class=\"attachment-medium size-medium\" alt=\"\" srcset=\"https:\/\/www.festivalethnos.it\/wp-content\/uploads\/2022\/09\/Aguamadera-Photo-Luan-Lopez-1-1-300x212.jpg 300w, https:\/\/www.festivalethnos.it\/wp-content\/uploads\/2022\/09\/Aguamadera-Photo-Luan-Lopez-1-1-690x487.jpg 690w, https:\/\/www.festivalethnos.it\/wp-content\/uploads\/2022\/09\/Aguamadera-Photo-Luan-Lopez-1-1-768x542.jpg 768w, https:\/\/www.festivalethnos.it\/wp-content\/uploads\/2022\/09\/Aguamadera-Photo-Luan-Lopez-1-1-720x508.jpg 720w, https:\/\/www.festivalethnos.it\/wp-content\/uploads\/2022\/09\/Aguamadera-Photo-Luan-Lopez-1-1-164x116.jpg 164w, https:\/\/www.festivalethnos.it\/wp-content\/uploads\/2022\/09\/Aguamadera-Photo-Luan-Lopez-1-1.jpg 1200w\" sizes=\"(max-width: 300px) 100vw, 300px\" \/><\/a>\n\t\t\t<\/div><\/figure><figure class='gallery-item'>\n\t\t\t<div class='gallery-icon landscape'>\n\t\t\t\t<a href='https:\/\/www.festivalethnos.it\/?attachment_id=8710'><img loading=\"lazy\" decoding=\"async\" width=\"300\" height=\"200\" src=\"https:\/\/www.festivalethnos.it\/wp-content\/uploads\/2022\/09\/aguamadera2-300x200.jpg\" class=\"attachment-medium size-medium\" alt=\"\" srcset=\"https:\/\/www.festivalethnos.it\/wp-content\/uploads\/2022\/09\/aguamadera2-300x200.jpg 300w, https:\/\/www.festivalethnos.it\/wp-content\/uploads\/2022\/09\/aguamadera2-690x460.jpg 690w, https:\/\/www.festivalethnos.it\/wp-content\/uploads\/2022\/09\/aguamadera2-174x116.jpg 174w, https:\/\/www.festivalethnos.it\/wp-content\/uploads\/2022\/09\/aguamadera2-272x182.jpg 272w, https:\/\/www.festivalethnos.it\/wp-content\/uploads\/2022\/09\/aguamadera2.jpg 696w\" sizes=\"(max-width: 300px) 100vw, 300px\" \/><\/a>\n\t\t\t<\/div><\/figure><figure class='gallery-item'>\n\t\t\t<div class='gallery-icon landscape'>\n\t\t\t\t<a href='https:\/\/www.festivalethnos.it\/?attachment_id=8712'><img loading=\"lazy\" decoding=\"async\" width=\"300\" height=\"200\" src=\"https:\/\/www.festivalethnos.it\/wp-content\/uploads\/2022\/09\/2-1-300x200.jpg\" class=\"attachment-medium size-medium\" alt=\"\" srcset=\"https:\/\/www.festivalethnos.it\/wp-content\/uploads\/2022\/09\/2-1-300x200.jpg 300w, https:\/\/www.festivalethnos.it\/wp-content\/uploads\/2022\/09\/2-1-174x116.jpg 174w, https:\/\/www.festivalethnos.it\/wp-content\/uploads\/2022\/09\/2-1-272x182.jpg 272w, https:\/\/www.festivalethnos.it\/wp-content\/uploads\/2022\/09\/2-1.jpg 650w\" sizes=\"(max-width: 300px) 100vw, 300px\" \/><\/a>\n\t\t\t<\/div><\/figure><figure class='gallery-item'>\n\t\t\t<div class='gallery-icon landscape'>\n\t\t\t\t<a href='https:\/\/www.festivalethnos.it\/?attachment_id=8713'><img loading=\"lazy\" decoding=\"async\" width=\"300\" height=\"169\" src=\"https:\/\/www.festivalethnos.it\/wp-content\/uploads\/2022\/09\/3-2-300x169.jpg\" class=\"attachment-medium size-medium\" alt=\"\" srcset=\"https:\/\/www.festivalethnos.it\/wp-content\/uploads\/2022\/09\/3-2-300x169.jpg 300w, https:\/\/www.festivalethnos.it\/wp-content\/uploads\/2022\/09\/3-2-690x388.jpg 690w, https:\/\/www.festivalethnos.it\/wp-content\/uploads\/2022\/09\/3-2-768x432.jpg 768w, https:\/\/www.festivalethnos.it\/wp-content\/uploads\/2022\/09\/3-2-720x405.jpg 720w, https:\/\/www.festivalethnos.it\/wp-content\/uploads\/2022\/09\/3-2-206x116.jpg 206w, https:\/\/www.festivalethnos.it\/wp-content\/uploads\/2022\/09\/3-2.jpg 1440w\" sizes=\"(max-width: 300px) 100vw, 300px\" \/><\/a>\n\t\t\t<\/div><\/figure><figure class='gallery-item'>\n\t\t\t<div class='gallery-icon landscape'>\n\t\t\t\t<a href='https:\/\/www.festivalethnos.it\/?attachment_id=8714'><img loading=\"lazy\" decoding=\"async\" width=\"300\" height=\"212\" src=\"https:\/\/www.festivalethnos.it\/wp-content\/uploads\/2022\/09\/FOTO-AGUAMADERA-RETOCADA-1-300x212.jpg\" class=\"attachment-medium size-medium\" alt=\"\" srcset=\"https:\/\/www.festivalethnos.it\/wp-content\/uploads\/2022\/09\/FOTO-AGUAMADERA-RETOCADA-1-300x212.jpg 300w, https:\/\/www.festivalethnos.it\/wp-content\/uploads\/2022\/09\/FOTO-AGUAMADERA-RETOCADA-1-690x488.jpg 690w, https:\/\/www.festivalethnos.it\/wp-content\/uploads\/2022\/09\/FOTO-AGUAMADERA-RETOCADA-1-768x543.jpg 768w, https:\/\/www.festivalethnos.it\/wp-content\/uploads\/2022\/09\/FOTO-AGUAMADERA-RETOCADA-1-720x509.jpg 720w, https:\/\/www.festivalethnos.it\/wp-content\/uploads\/2022\/09\/FOTO-AGUAMADERA-RETOCADA-1-164x116.jpg 164w, https:\/\/www.festivalethnos.it\/wp-content\/uploads\/2022\/09\/FOTO-AGUAMADERA-RETOCADA-1.jpg 1070w\" sizes=\"(max-width: 300px) 100vw, 300px\" \/><\/a>\n\t\t\t<\/div><\/figure>\n\t\t<\/div>\n\n<h4><\/h4>\n<p>&nbsp;<\/p>\n<p>&nbsp;<\/p>\n<p>&nbsp;<\/p>\n<p>[one_third]<\/p>\n<p>&nbsp;<\/p>\n<p>[\/one_third]<\/p>\n<p><img loading=\"lazy\" decoding=\"async\" class=\"alignnone wp-image-7627 size-full\" src=\"https:\/\/www.festivalethnos.it\/wp-content\/uploads\/2022\/09\/loghi2022.png\" alt=\"\" width=\"966\" height=\"130\" \/><\/p>\n","protected":false},"excerpt":{"rendered":"<p>&nbsp; SABATO 17 SETTEMBRE SAN GIORGIO A CREMANO Villa Vannucchi, Corso Roma, 47 ore 22.30 \u20ac 5 pi\u00f9 d.p. compreso Ethnos Generazioni &#8211; Musica Concerto di AGUAMADERA Il duo si \u00e8 formato nel 2015 quando Marco Grancelli e Mar\u00eda Cabral si sono incontrati a Buenos Aires, nel coro Cuerdo Vocales. Poco dopo, si sono resi&hellip;<\/p>\n","protected":false},"author":1,"featured_media":0,"parent":0,"menu_order":0,"comment_status":"closed","ping_status":"closed","template":"","meta":{"footnotes":""},"class_list":["post-8706","page","type-page","status-publish","hentry"],"_links":{"self":[{"href":"https:\/\/www.festivalethnos.it\/index.php?rest_route=\/wp\/v2\/pages\/8706","targetHints":{"allow":["GET"]}}],"collection":[{"href":"https:\/\/www.festivalethnos.it\/index.php?rest_route=\/wp\/v2\/pages"}],"about":[{"href":"https:\/\/www.festivalethnos.it\/index.php?rest_route=\/wp\/v2\/types\/page"}],"author":[{"embeddable":true,"href":"https:\/\/www.festivalethnos.it\/index.php?rest_route=\/wp\/v2\/users\/1"}],"replies":[{"embeddable":true,"href":"https:\/\/www.festivalethnos.it\/index.php?rest_route=%2Fwp%2Fv2%2Fcomments&post=8706"}],"version-history":[{"count":7,"href":"https:\/\/www.festivalethnos.it\/index.php?rest_route=\/wp\/v2\/pages\/8706\/revisions"}],"predecessor-version":[{"id":9089,"href":"https:\/\/www.festivalethnos.it\/index.php?rest_route=\/wp\/v2\/pages\/8706\/revisions\/9089"}],"wp:attachment":[{"href":"https:\/\/www.festivalethnos.it\/index.php?rest_route=%2Fwp%2Fv2%2Fmedia&parent=8706"}],"curies":[{"name":"wp","href":"https:\/\/api.w.org\/{rel}","templated":true}]}}

<p>&nbsp;</p>
<p><img fetchpriority="high" decoding="async" class="alignnone wp-image-8707 size-full" src="https://www.festivalethnos.it/wp-content/uploads/2022/09/artisti-agua.jpg" alt="" width="967" height="413" srcset="https://www.festivalethnos.it/wp-content/uploads/2022/09/artisti-agua.jpg 967w, https://www.festivalethnos.it/wp-content/uploads/2022/09/artisti-agua-300x128.jpg 300w, https://www.festivalethnos.it/wp-content/uploads/2022/09/artisti-agua-690x295.jpg 690w, https://www.festivalethnos.it/wp-content/uploads/2022/09/artisti-agua-768x328.jpg 768w, https://www.festivalethnos.it/wp-content/uploads/2022/09/artisti-agua-720x308.jpg 720w, https://www.festivalethnos.it/wp-content/uploads/2022/09/artisti-agua-228x97.jpg 228w" sizes="(max-width: 967px) 100vw, 967px" /></p>
<h2>SABATO 17 SETTEMBRE <span style="color: #d03742;">SAN GIORGIO A CREMANO</span></h2>
<p><strong>Villa Vannucchi</strong>,<br />
Corso Roma, 47<br />
ore 22.30<br />
€ 5 più d.p. compreso Ethnos Generazioni &#8211; Musica</p>
<h2>Concerto di <span style="color: #d03742;">AGUAMADERA</span></h2>
<p>Il duo si è formato nel 2015 quando Marco Grancelli e María Cabral si sono incontrati a Buenos Aires, nel coro Cuerdo Vocales. Poco dopo, si sono resi conto che entrambi condividevano la stessa passione per il folklore sudamericano e hanno iniziato ad esibirsi insieme sui palchi di Buenos Aires.</p>
<p>Nel 2017 hanno registrato il loro primo album, <em>Colocho</em>, e in seguito sono andati in tournée in giro per l&#8217;Europa. Hanno organizzato più di 50 concerti in vari paesi come Spagna, Francia, Germania, Belgio e Svizzera. Dal momento che hanno vissuto un&#8217;esperienza così arricchente con il tour, hanno deciso di stabilirsi nel sud-ovest della Francia, dove non solo si sono sentiti calorosamente accolti, ma hanno anche trovato un luogo ideale per apprezzare lo stimolante scenario culturale europeo.<br />
Nel 2018 hanno registrato il loro secondo album intitolato <em>La campana</em>, che si concentra principalmente su di loro come duo vocale, con chitarra, cuatro e maracas venezuelane. Inoltre, nello stesso anno, si sono esibiti in numerosi festival rinomati, come Río Loco (Tolosa), Les Méridiennes (Tours), Les Suds (Arles), Borgo Sonoro (Italia) e Szolnay (Ungheria), e hanno partecipato a radio trasmissioni come Ocora Couleurs du Monde (France Musique).<br />
Inoltre, Aguamadera è anche entusiasta di collaborare con altri artisti, e uno di questi è &#8220;Las Hermanas Caronni&#8221;. Insieme, hanno registrato una composizione co-scritta e condiviso fasi più volte.</p>
<p>In questa occasione, con il loro nuovo album <em>Las historias que han dejado</em> (le storie che si sono lasciati alle spalle), il duo presenta composizioni ispirate a più generi, come la chacarera argentina, la zamba o il huayno, il joropo venezuelano, il merengue, la gaita zuliana e il peruviano valzer, con l&#8217;incorporazione del basso e delle percussioni.<br />
L&#8217;album è stato registrato a Buenos Aires sotto la direzione artistica di Elizabeth Morris (due volte vincitrice del Festival Internazionale di Viña del Mar), e la collaborazione di grandi artisti sudamericani come i cantanti Raly Barrionuevo e Marta Gómez.</p>
<p>Formazione:<br />
Marco Grancelli <em>voce, chitarra</em><br />
María Cabral <em>voce, cuatro venezuelano</em><br />
Vanesa Garcia: percussioni</p>
<p><iframe title="YouTube video player" src="https://www.youtube.com/embed/T_hdomRWR_4" width="560" height="315" frameborder="0" allowfullscreen="allowfullscreen"></iframe></p>
<p>&nbsp;</p>
<hr />
<h2><span style="color: #d03742;">ETHNOS GENERAZIONI: FINALI CATEGORIA MUSICA</span></h2>
<p><strong>Brigan<br />
Hiram Salsano<br />
Racines<br />
</strong><br />
<strong>Villa Vannucchi</strong><br />
ore 20.30<br />
€ 5 più d.p. compreso concerto Aguamadera</p>
<hr />
<p>&nbsp;</p>
<h3 style="color: red;"><a href="https://www.azzurroservice.net/biglietti/ethnos-generazioni-finale-contest-under-35-categoria-musica/#.YxXrcXZByUk" target="_blank" rel="noopener noreferrer">Biglietto acquistabile qui</a></h3>
<p>&nbsp;</p>
<hr />
<p>&nbsp;</p>
<hr />
<div id='gallery-1' class='gallery galleryid-8706 gallery-columns-3 gallery-size-medium'><figure class='gallery-item'>
			<div class='gallery-icon landscape'>
				<a href='https://www.festivalethnos.it/?attachment_id=8708'><img decoding="async" width="300" height="300" src="https://www.festivalethnos.it/wp-content/uploads/2022/09/Aguamadera-Photo-cover-art-LHQD-Photo-Alejandra-Rovira-Ruiz-1-300x300.jpg" class="attachment-medium size-medium" alt="" srcset="https://www.festivalethnos.it/wp-content/uploads/2022/09/Aguamadera-Photo-cover-art-LHQD-Photo-Alejandra-Rovira-Ruiz-1-300x300.jpg 300w, https://www.festivalethnos.it/wp-content/uploads/2022/09/Aguamadera-Photo-cover-art-LHQD-Photo-Alejandra-Rovira-Ruiz-1-690x690.jpg 690w, https://www.festivalethnos.it/wp-content/uploads/2022/09/Aguamadera-Photo-cover-art-LHQD-Photo-Alejandra-Rovira-Ruiz-1-150x150.jpg 150w, https://www.festivalethnos.it/wp-content/uploads/2022/09/Aguamadera-Photo-cover-art-LHQD-Photo-Alejandra-Rovira-Ruiz-1-768x768.jpg 768w, https://www.festivalethnos.it/wp-content/uploads/2022/09/Aguamadera-Photo-cover-art-LHQD-Photo-Alejandra-Rovira-Ruiz-1-540x540.jpg 540w, https://www.festivalethnos.it/wp-content/uploads/2022/09/Aguamadera-Photo-cover-art-LHQD-Photo-Alejandra-Rovira-Ruiz-1-116x116.jpg 116w, https://www.festivalethnos.it/wp-content/uploads/2022/09/Aguamadera-Photo-cover-art-LHQD-Photo-Alejandra-Rovira-Ruiz-1.jpg 1440w" sizes="(max-width: 300px) 100vw, 300px" /></a>
			</div></figure><figure class='gallery-item'>
			<div class='gallery-icon landscape'>
				<a href='https://www.festivalethnos.it/?attachment_id=8709'><img decoding="async" width="300" height="212" src="https://www.festivalethnos.it/wp-content/uploads/2022/09/Aguamadera-Photo-Luan-Lopez-1-1-300x212.jpg" class="attachment-medium size-medium" alt="" srcset="https://www.festivalethnos.it/wp-content/uploads/2022/09/Aguamadera-Photo-Luan-Lopez-1-1-300x212.jpg 300w, https://www.festivalethnos.it/wp-content/uploads/2022/09/Aguamadera-Photo-Luan-Lopez-1-1-690x487.jpg 690w, https://www.festivalethnos.it/wp-content/uploads/2022/09/Aguamadera-Photo-Luan-Lopez-1-1-768x542.jpg 768w, https://www.festivalethnos.it/wp-content/uploads/2022/09/Aguamadera-Photo-Luan-Lopez-1-1-720x508.jpg 720w, https://www.festivalethnos.it/wp-content/uploads/2022/09/Aguamadera-Photo-Luan-Lopez-1-1-164x116.jpg 164w, https://www.festivalethnos.it/wp-content/uploads/2022/09/Aguamadera-Photo-Luan-Lopez-1-1.jpg 1200w" sizes="(max-width: 300px) 100vw, 300px" /></a>
			</div></figure><figure class='gallery-item'>
			<div class='gallery-icon landscape'>
				<a href='https://www.festivalethnos.it/?attachment_id=8710'><img loading="lazy" decoding="async" width="300" height="200" src="https://www.festivalethnos.it/wp-content/uploads/2022/09/aguamadera2-300x200.jpg" class="attachment-medium size-medium" alt="" srcset="https://www.festivalethnos.it/wp-content/uploads/2022/09/aguamadera2-300x200.jpg 300w, https://www.festivalethnos.it/wp-content/uploads/2022/09/aguamadera2-690x460.jpg 690w, https://www.festivalethnos.it/wp-content/uploads/2022/09/aguamadera2-174x116.jpg 174w, https://www.festivalethnos.it/wp-content/uploads/2022/09/aguamadera2-272x182.jpg 272w, https://www.festivalethnos.it/wp-content/uploads/2022/09/aguamadera2.jpg 696w" sizes="(max-width: 300px) 100vw, 300px" /></a>
			</div></figure><figure class='gallery-item'>
			<div class='gallery-icon landscape'>
				<a href='https://www.festivalethnos.it/?attachment_id=8712'><img loading="lazy" decoding="async" width="300" height="200" src="https://www.festivalethnos.it/wp-content/uploads/2022/09/2-1-300x200.jpg" class="attachment-medium size-medium" alt="" srcset="https://www.festivalethnos.it/wp-content/uploads/2022/09/2-1-300x200.jpg 300w, https://www.festivalethnos.it/wp-content/uploads/2022/09/2-1-174x116.jpg 174w, https://www.festivalethnos.it/wp-content/uploads/2022/09/2-1-272x182.jpg 272w, https://www.festivalethnos.it/wp-content/uploads/2022/09/2-1.jpg 650w" sizes="(max-width: 300px) 100vw, 300px" /></a>
			</div></figure><figure class='gallery-item'>
			<div class='gallery-icon landscape'>
				<a href='https://www.festivalethnos.it/?attachment_id=8713'><img loading="lazy" decoding="async" width="300" height="169" src="https://www.festivalethnos.it/wp-content/uploads/2022/09/3-2-300x169.jpg" class="attachment-medium size-medium" alt="" srcset="https://www.festivalethnos.it/wp-content/uploads/2022/09/3-2-300x169.jpg 300w, https://www.festivalethnos.it/wp-content/uploads/2022/09/3-2-690x388.jpg 690w, https://www.festivalethnos.it/wp-content/uploads/2022/09/3-2-768x432.jpg 768w, https://www.festivalethnos.it/wp-content/uploads/2022/09/3-2-720x405.jpg 720w, https://www.festivalethnos.it/wp-content/uploads/2022/09/3-2-206x116.jpg 206w, https://www.festivalethnos.it/wp-content/uploads/2022/09/3-2.jpg 1440w" sizes="(max-width: 300px) 100vw, 300px" /></a>
			</div></figure><figure class='gallery-item'>
			<div class='gallery-icon landscape'>
				<a href='https://www.festivalethnos.it/?attachment_id=8714'><img loading="lazy" decoding="async" width="300" height="212" src="https://www.festivalethnos.it/wp-content/uploads/2022/09/FOTO-AGUAMADERA-RETOCADA-1-300x212.jpg" class="attachment-medium size-medium" alt="" srcset="https://www.festivalethnos.it/wp-content/uploads/2022/09/FOTO-AGUAMADERA-RETOCADA-1-300x212.jpg 300w, https://www.festivalethnos.it/wp-content/uploads/2022/09/FOTO-AGUAMADERA-RETOCADA-1-690x488.jpg 690w, https://www.festivalethnos.it/wp-content/uploads/2022/09/FOTO-AGUAMADERA-RETOCADA-1-768x543.jpg 768w, https://www.festivalethnos.it/wp-content/uploads/2022/09/FOTO-AGUAMADERA-RETOCADA-1-720x509.jpg 720w, https://www.festivalethnos.it/wp-content/uploads/2022/09/FOTO-AGUAMADERA-RETOCADA-1-164x116.jpg 164w, https://www.festivalethnos.it/wp-content/uploads/2022/09/FOTO-AGUAMADERA-RETOCADA-1.jpg 1070w" sizes="(max-width: 300px) 100vw, 300px" /></a>
			</div></figure>
		</div>

<h4></h4>
<p>&nbsp;</p>
<p>&nbsp;</p>
<p>&nbsp;</p>
<p>[one_third]</p>
<p>&nbsp;</p>
<p>[/one_third]</p>
<p><img loading="lazy" decoding="async" class="alignnone wp-image-7627 size-full" src="https://www.festivalethnos.it/wp-content/uploads/2022/09/loghi2022.png" alt="" width="966" height="130" /></p>

<p>&nbsp; SABATO 17 SETTEMBRE SAN GIORGIO A CREMANO Villa Vannucchi, Corso Roma, 47 ore 22.30 € 5 più d.p. compreso Ethnos Generazioni &#8211; Musica Concerto di AGUAMADERA Il duo si è formato nel 2015 quando Marco Grancelli e María Cabral si sono incontrati a Buenos Aires, nel coro Cuerdo Vocales. Poco dopo, si sono resi&hellip;</p>
