{"id":9281,"date":"2023-09-01T18:04:22","date_gmt":"2023-09-01T16:04:22","guid":{"rendered":"https:\/\/www.festivalethnos.it\/?page_id=9281"},"modified":"2023-09-05T14:35:57","modified_gmt":"2023-09-05T12:35:57","slug":"bia-ferreira","status":"publish","type":"page","link":"https:\/\/www.festivalethnos.it\/?page_id=9281","title":{"rendered":"Bia Ferreira"},"content":{"rendered":"<p>&nbsp;<\/p>\n<p><img fetchpriority=\"high\" decoding=\"async\" class=\"alignnone wp-image-9283 size-full\" src=\"https:\/\/www.festivalethnos.it\/wp-content\/uploads\/2023\/09\/bia-artisti.jpg\" alt=\"\" width=\"967\" height=\"413\" srcset=\"https:\/\/www.festivalethnos.it\/wp-content\/uploads\/2023\/09\/bia-artisti.jpg 967w, https:\/\/www.festivalethnos.it\/wp-content\/uploads\/2023\/09\/bia-artisti-300x128.jpg 300w, https:\/\/www.festivalethnos.it\/wp-content\/uploads\/2023\/09\/bia-artisti-690x295.jpg 690w, https:\/\/www.festivalethnos.it\/wp-content\/uploads\/2023\/09\/bia-artisti-768x328.jpg 768w, https:\/\/www.festivalethnos.it\/wp-content\/uploads\/2023\/09\/bia-artisti-720x308.jpg 720w, https:\/\/www.festivalethnos.it\/wp-content\/uploads\/2023\/09\/bia-artisti-228x97.jpg 228w\" sizes=\"(max-width: 967px) 100vw, 967px\" \/><\/p>\n<h2>VENERDI 8 SETTEMBRE <span style=\"color: #d03742;\">TORRE ANNUNZIATA<\/span><\/h2>\n<p><strong>Villa del Parnaso<\/strong><br \/>\nLitoranea Marconi, 12<br \/>\nore 21.00<br \/>\n\u20ac 5<\/p>\n<h2>Concerto di <span style=\"color: #d03742;\">BIA FERREIRA<\/span><\/h2>\n<p><em>(Brasile)<\/em><br \/>\n<span style=\"font-weight: 400;\">Cantante, autrice-compositrice, militante antirazzista e grande sostenitrice della comunit\u00e0 LGBTQIA+ nel mondo, l&#8217;artista brasiliana Bia Ferreira definisce la sua musica come &#8220;MMP&#8221; (m\u00fasica de mulher preta), ovvero &#8220;musica delle donne nere&#8221;. Le sue canzoni si muovono tra ritmi R&amp;B, ballate soul, afrobeat, groove reggae o padog\u00e3o bahianais, per servire un rap cosciente e un flow tagliente. I suoi brani parlano del corpo, del razzismo, dell&#8217;omofobia, della lotta per i diritti delle donne e dell&#8217;amore. Bia Ferreira \u00e8 stata rivelata al pubblico nel 2017 con il brano &#8220;Cota N\u00e3o \u00c9 Esmola&#8221;, che mette in evidenza l&#8217;importanza del sistema delle quote per l&#8217;accesso della popolazione nera all&#8217;universit\u00e0. Il brano ha registrato diversi milioni di visualizzazioni e ascolti, diventando un passaggio obbligato per l&#8217;esame di ammissione all&#8217;Universit\u00e0 di Brasilia.<br \/>\n<\/span><\/p>\n<p>Formazione:<br \/>\nBia Ferreira: <em>voce e chitarra<\/em><br \/>\nPriscila Azevedo: <em>tastiere<\/em><br \/>\nSalvatore Rainone: <em>batteria<\/em><\/p>\n<p><iframe title=\"YouTube video player\" src=\"https:\/\/www.youtube.com\/embed\/o6x01YclGQE?si=t0xXUS_H4NlOa9Dg\" width=\"560\" height=\"315\" frameborder=\"0\" allowfullscreen=\"allowfullscreen\"><\/iframe><\/p>\n<p><iframe title=\"YouTube video player\" src=\"https:\/\/www.youtube.com\/embed\/AqmBuA6lkWs?si=eP-oOxXih78HY008\" width=\"560\" height=\"315\" frameborder=\"0\" allowfullscreen=\"allowfullscreen\"><\/iframe><\/p>\n<p>&nbsp;<\/p>\n<h3 style=\"color: red;\"><a href=\"https:\/\/www.azzurroservice.net\/biglietti\/bia-ferreira-brasile\/\" target=\"_blank\" rel=\"noopener noreferrer\">Biglietto acquistabile qui<\/a><\/h3>\n<p>&nbsp;<\/p>\n<hr \/>\n<p>&nbsp;<\/p>\n<hr \/>\n<div id='gallery-1' class='gallery galleryid-9281 gallery-columns-3 gallery-size-medium'><figure class='gallery-item'>\n\t\t\t<div class='gallery-icon portrait'>\n\t\t\t\t<a href='https:\/\/www.festivalethnos.it\/?attachment_id=9285'><img decoding=\"async\" width=\"200\" height=\"300\" src=\"https:\/\/www.festivalethnos.it\/wp-content\/uploads\/2023\/09\/04-200x300.jpg\" class=\"attachment-medium size-medium\" alt=\"\" srcset=\"https:\/\/www.festivalethnos.it\/wp-content\/uploads\/2023\/09\/04-200x300.jpg 200w, https:\/\/www.festivalethnos.it\/wp-content\/uploads\/2023\/09\/04-690x1035.jpg 690w, https:\/\/www.festivalethnos.it\/wp-content\/uploads\/2023\/09\/04-768x1152.jpg 768w, https:\/\/www.festivalethnos.it\/wp-content\/uploads\/2023\/09\/04-360x540.jpg 360w, https:\/\/www.festivalethnos.it\/wp-content\/uploads\/2023\/09\/04-77x116.jpg 77w, https:\/\/www.festivalethnos.it\/wp-content\/uploads\/2023\/09\/04.jpg 800w\" sizes=\"(max-width: 200px) 100vw, 200px\" \/><\/a>\n\t\t\t<\/div><\/figure><figure class='gallery-item'>\n\t\t\t<div class='gallery-icon portrait'>\n\t\t\t\t<a href='https:\/\/www.festivalethnos.it\/?attachment_id=9286'><img decoding=\"async\" width=\"200\" height=\"300\" src=\"https:\/\/www.festivalethnos.it\/wp-content\/uploads\/2023\/09\/01-1-200x300.jpg\" class=\"attachment-medium size-medium\" alt=\"\" srcset=\"https:\/\/www.festivalethnos.it\/wp-content\/uploads\/2023\/09\/01-1-200x300.jpg 200w, https:\/\/www.festivalethnos.it\/wp-content\/uploads\/2023\/09\/01-1-690x1035.jpg 690w, https:\/\/www.festivalethnos.it\/wp-content\/uploads\/2023\/09\/01-1-768x1152.jpg 768w, https:\/\/www.festivalethnos.it\/wp-content\/uploads\/2023\/09\/01-1-360x540.jpg 360w, https:\/\/www.festivalethnos.it\/wp-content\/uploads\/2023\/09\/01-1-77x116.jpg 77w, https:\/\/www.festivalethnos.it\/wp-content\/uploads\/2023\/09\/01-1.jpg 800w\" sizes=\"(max-width: 200px) 100vw, 200px\" \/><\/a>\n\t\t\t<\/div><\/figure><figure class='gallery-item'>\n\t\t\t<div class='gallery-icon portrait'>\n\t\t\t\t<a href='https:\/\/www.festivalethnos.it\/?attachment_id=9287'><img loading=\"lazy\" decoding=\"async\" width=\"200\" height=\"300\" src=\"https:\/\/www.festivalethnos.it\/wp-content\/uploads\/2023\/09\/03-200x300.jpg\" class=\"attachment-medium size-medium\" alt=\"\" srcset=\"https:\/\/www.festivalethnos.it\/wp-content\/uploads\/2023\/09\/03-200x300.jpg 200w, https:\/\/www.festivalethnos.it\/wp-content\/uploads\/2023\/09\/03-690x1035.jpg 690w, https:\/\/www.festivalethnos.it\/wp-content\/uploads\/2023\/09\/03-768x1152.jpg 768w, https:\/\/www.festivalethnos.it\/wp-content\/uploads\/2023\/09\/03-360x540.jpg 360w, https:\/\/www.festivalethnos.it\/wp-content\/uploads\/2023\/09\/03-77x116.jpg 77w, https:\/\/www.festivalethnos.it\/wp-content\/uploads\/2023\/09\/03.jpg 1000w\" sizes=\"(max-width: 200px) 100vw, 200px\" \/><\/a>\n\t\t\t<\/div><\/figure>\n\t\t<\/div>\n\n<h4><\/h4>\n<p>&nbsp;<\/p>\n<p>&nbsp;<\/p>\n<p>&nbsp;<\/p>\n<p>[one_third]<\/p>\n<p>&nbsp;<\/p>\n<p>[\/one_third]<\/p>\n<p><img loading=\"lazy\" decoding=\"async\" class=\"alignnone wp-image-7627 size-full\" src=\"https:\/\/www.festivalethnos.it\/wp-content\/uploads\/2023\/08\/loghi_footer-2.jpg\" alt=\"\" width=\"966\" height=\"115\" \/><\/p>\n","protected":false},"excerpt":{"rendered":"<p>&nbsp; VENERDI 8 SETTEMBRE TORRE ANNUNZIATA Villa del Parnaso Litoranea Marconi, 12 ore 21.00 \u20ac 5 Concerto di BIA FERREIRA (Brasile) Cantante, autrice-compositrice, militante antirazzista e grande sostenitrice della comunit\u00e0 LGBTQIA+ nel mondo, l&#8217;artista brasiliana Bia Ferreira definisce la sua musica come &#8220;MMP&#8221; (m\u00fasica de mulher preta), ovvero &#8220;musica delle donne nere&#8221;. Le sue canzoni&hellip;<\/p>\n","protected":false},"author":1,"featured_media":0,"parent":0,"menu_order":0,"comment_status":"closed","ping_status":"closed","template":"","meta":{"footnotes":""},"class_list":["post-9281","page","type-page","status-publish","hentry"],"_links":{"self":[{"href":"https:\/\/www.festivalethnos.it\/index.php?rest_route=\/wp\/v2\/pages\/9281","targetHints":{"allow":["GET"]}}],"collection":[{"href":"https:\/\/www.festivalethnos.it\/index.php?rest_route=\/wp\/v2\/pages"}],"about":[{"href":"https:\/\/www.festivalethnos.it\/index.php?rest_route=\/wp\/v2\/types\/page"}],"author":[{"embeddable":true,"href":"https:\/\/www.festivalethnos.it\/index.php?rest_route=\/wp\/v2\/users\/1"}],"replies":[{"embeddable":true,"href":"https:\/\/www.festivalethnos.it\/index.php?rest_route=%2Fwp%2Fv2%2Fcomments&post=9281"}],"version-history":[{"count":4,"href":"https:\/\/www.festivalethnos.it\/index.php?rest_route=\/wp\/v2\/pages\/9281\/revisions"}],"predecessor-version":[{"id":9688,"href":"https:\/\/www.festivalethnos.it\/index.php?rest_route=\/wp\/v2\/pages\/9281\/revisions\/9688"}],"wp:attachment":[{"href":"https:\/\/www.festivalethnos.it\/index.php?rest_route=%2Fwp%2Fv2%2Fmedia&parent=9281"}],"curies":[{"name":"wp","href":"https:\/\/api.w.org\/{rel}","templated":true}]}}

<p>&nbsp;</p>
<p><img fetchpriority="high" decoding="async" class="alignnone wp-image-9283 size-full" src="https://www.festivalethnos.it/wp-content/uploads/2023/09/bia-artisti.jpg" alt="" width="967" height="413" srcset="https://www.festivalethnos.it/wp-content/uploads/2023/09/bia-artisti.jpg 967w, https://www.festivalethnos.it/wp-content/uploads/2023/09/bia-artisti-300x128.jpg 300w, https://www.festivalethnos.it/wp-content/uploads/2023/09/bia-artisti-690x295.jpg 690w, https://www.festivalethnos.it/wp-content/uploads/2023/09/bia-artisti-768x328.jpg 768w, https://www.festivalethnos.it/wp-content/uploads/2023/09/bia-artisti-720x308.jpg 720w, https://www.festivalethnos.it/wp-content/uploads/2023/09/bia-artisti-228x97.jpg 228w" sizes="(max-width: 967px) 100vw, 967px" /></p>
<h2>VENERDI 8 SETTEMBRE <span style="color: #d03742;">TORRE ANNUNZIATA</span></h2>
<p><strong>Villa del Parnaso</strong><br />
Litoranea Marconi, 12<br />
ore 21.00<br />
€ 5</p>
<h2>Concerto di <span style="color: #d03742;">BIA FERREIRA</span></h2>
<p><em>(Brasile)</em><br />
<span style="font-weight: 400;">Cantante, autrice-compositrice, militante antirazzista e grande sostenitrice della comunità LGBTQIA+ nel mondo, l&#8217;artista brasiliana Bia Ferreira definisce la sua musica come &#8220;MMP&#8221; (música de mulher preta), ovvero &#8220;musica delle donne nere&#8221;. Le sue canzoni si muovono tra ritmi R&amp;B, ballate soul, afrobeat, groove reggae o padogão bahianais, per servire un rap cosciente e un flow tagliente. I suoi brani parlano del corpo, del razzismo, dell&#8217;omofobia, della lotta per i diritti delle donne e dell&#8217;amore. Bia Ferreira è stata rivelata al pubblico nel 2017 con il brano &#8220;Cota Não É Esmola&#8221;, che mette in evidenza l&#8217;importanza del sistema delle quote per l&#8217;accesso della popolazione nera all&#8217;università. Il brano ha registrato diversi milioni di visualizzazioni e ascolti, diventando un passaggio obbligato per l&#8217;esame di ammissione all&#8217;Università di Brasilia.<br />
</span></p>
<p>Formazione:<br />
Bia Ferreira: <em>voce e chitarra</em><br />
Priscila Azevedo: <em>tastiere</em><br />
Salvatore Rainone: <em>batteria</em></p>
<p><iframe title="YouTube video player" src="https://www.youtube.com/embed/o6x01YclGQE?si=t0xXUS_H4NlOa9Dg" width="560" height="315" frameborder="0" allowfullscreen="allowfullscreen"></iframe></p>
<p><iframe title="YouTube video player" src="https://www.youtube.com/embed/AqmBuA6lkWs?si=eP-oOxXih78HY008" width="560" height="315" frameborder="0" allowfullscreen="allowfullscreen"></iframe></p>
<p>&nbsp;</p>
<h3 style="color: red;"><a href="https://www.azzurroservice.net/biglietti/bia-ferreira-brasile/" target="_blank" rel="noopener noreferrer">Biglietto acquistabile qui</a></h3>
<p>&nbsp;</p>
<hr />
<p>&nbsp;</p>
<hr />
<div id='gallery-1' class='gallery galleryid-9281 gallery-columns-3 gallery-size-medium'><figure class='gallery-item'>
			<div class='gallery-icon portrait'>
				<a href='https://www.festivalethnos.it/?attachment_id=9285'><img decoding="async" width="200" height="300" src="https://www.festivalethnos.it/wp-content/uploads/2023/09/04-200x300.jpg" class="attachment-medium size-medium" alt="" srcset="https://www.festivalethnos.it/wp-content/uploads/2023/09/04-200x300.jpg 200w, https://www.festivalethnos.it/wp-content/uploads/2023/09/04-690x1035.jpg 690w, https://www.festivalethnos.it/wp-content/uploads/2023/09/04-768x1152.jpg 768w, https://www.festivalethnos.it/wp-content/uploads/2023/09/04-360x540.jpg 360w, https://www.festivalethnos.it/wp-content/uploads/2023/09/04-77x116.jpg 77w, https://www.festivalethnos.it/wp-content/uploads/2023/09/04.jpg 800w" sizes="(max-width: 200px) 100vw, 200px" /></a>
			</div></figure><figure class='gallery-item'>
			<div class='gallery-icon portrait'>
				<a href='https://www.festivalethnos.it/?attachment_id=9286'><img decoding="async" width="200" height="300" src="https://www.festivalethnos.it/wp-content/uploads/2023/09/01-1-200x300.jpg" class="attachment-medium size-medium" alt="" srcset="https://www.festivalethnos.it/wp-content/uploads/2023/09/01-1-200x300.jpg 200w, https://www.festivalethnos.it/wp-content/uploads/2023/09/01-1-690x1035.jpg 690w, https://www.festivalethnos.it/wp-content/uploads/2023/09/01-1-768x1152.jpg 768w, https://www.festivalethnos.it/wp-content/uploads/2023/09/01-1-360x540.jpg 360w, https://www.festivalethnos.it/wp-content/uploads/2023/09/01-1-77x116.jpg 77w, https://www.festivalethnos.it/wp-content/uploads/2023/09/01-1.jpg 800w" sizes="(max-width: 200px) 100vw, 200px" /></a>
			</div></figure><figure class='gallery-item'>
			<div class='gallery-icon portrait'>
				<a href='https://www.festivalethnos.it/?attachment_id=9287'><img loading="lazy" decoding="async" width="200" height="300" src="https://www.festivalethnos.it/wp-content/uploads/2023/09/03-200x300.jpg" class="attachment-medium size-medium" alt="" srcset="https://www.festivalethnos.it/wp-content/uploads/2023/09/03-200x300.jpg 200w, https://www.festivalethnos.it/wp-content/uploads/2023/09/03-690x1035.jpg 690w, https://www.festivalethnos.it/wp-content/uploads/2023/09/03-768x1152.jpg 768w, https://www.festivalethnos.it/wp-content/uploads/2023/09/03-360x540.jpg 360w, https://www.festivalethnos.it/wp-content/uploads/2023/09/03-77x116.jpg 77w, https://www.festivalethnos.it/wp-content/uploads/2023/09/03.jpg 1000w" sizes="(max-width: 200px) 100vw, 200px" /></a>
			</div></figure>
		</div>

<h4></h4>
<p>&nbsp;</p>
<p>&nbsp;</p>
<p>&nbsp;</p>
<p>[one_third]</p>
<p>&nbsp;</p>
<p>[/one_third]</p>
<p><img loading="lazy" decoding="async" class="alignnone wp-image-7627 size-full" src="https://www.festivalethnos.it/wp-content/uploads/2023/08/loghi_footer-2.jpg" alt="" width="966" height="115" /></p>

<p>&nbsp; VENERDI 8 SETTEMBRE TORRE ANNUNZIATA Villa del Parnaso Litoranea Marconi, 12 ore 21.00 € 5 Concerto di BIA FERREIRA (Brasile) Cantante, autrice-compositrice, militante antirazzista e grande sostenitrice della comunità LGBTQIA+ nel mondo, l&#8217;artista brasiliana Bia Ferreira definisce la sua musica come &#8220;MMP&#8221; (música de mulher preta), ovvero &#8220;musica delle donne nere&#8221;. Le sue canzoni&hellip;</p>
