{"id":9289,"date":"2023-09-01T18:17:09","date_gmt":"2023-09-01T16:17:09","guid":{"rendered":"https:\/\/www.festivalethnos.it\/?page_id=9289"},"modified":"2023-09-09T11:56:16","modified_gmt":"2023-09-09T09:56:16","slug":"epi","status":"publish","type":"page","link":"https:\/\/www.festivalethnos.it\/?page_id=9289","title":{"rendered":"Epi"},"content":{"rendered":"<p>&nbsp;<\/p>\n<p><img fetchpriority=\"high\" decoding=\"async\" class=\"alignnone wp-image-9291 size-full\" src=\"https:\/\/www.festivalethnos.it\/wp-content\/uploads\/2023\/09\/epi-artisti.jpg\" alt=\"\" width=\"967\" height=\"413\" srcset=\"https:\/\/www.festivalethnos.it\/wp-content\/uploads\/2023\/09\/epi-artisti.jpg 967w, https:\/\/www.festivalethnos.it\/wp-content\/uploads\/2023\/09\/epi-artisti-300x128.jpg 300w, https:\/\/www.festivalethnos.it\/wp-content\/uploads\/2023\/09\/epi-artisti-690x295.jpg 690w, https:\/\/www.festivalethnos.it\/wp-content\/uploads\/2023\/09\/epi-artisti-768x328.jpg 768w, https:\/\/www.festivalethnos.it\/wp-content\/uploads\/2023\/09\/epi-artisti-720x308.jpg 720w, https:\/\/www.festivalethnos.it\/wp-content\/uploads\/2023\/09\/epi-artisti-228x97.jpg 228w\" sizes=\"(max-width: 967px) 100vw, 967px\" \/><\/p>\n<h2>SABATO 9 SETTEMBRE <span style=\"color: #d03742;\">PORTCI<\/span><\/h2>\n<p><strong>Reggia di Portici &#8211; Sala Cinese<\/strong><br \/>\nVia Universit\u00e0, 100<br \/>\nore 19.00<br \/>\n\u20ac 5<\/p>\n<h2>Concerto di <span style=\"color: #d03742;\">EPI<\/span><\/h2>\n<p><em>(Mongolia)<\/em><br \/>\n<span style=\"font-weight: 400;\">Epi \u00e8 un amato musicista che varia tra i generi come l\u2019Hip-Hop mongolo dove gli piace mostrare il suo lato jazz. La sua interpretazione della musica popolare mongola gli permette di muoversi tra due mondi ed \u00e8 per questo che il suo Cd da solista si chiama &#8220;Hoirr \u00d6ng\u00f6&#8221; (tra due mondi). Definito la voce miracolosa della Mongolia, \u00e8 un vagabondo tra le culture.\u00a0 Con la sua interpretazione del morin khuur e la perfezione del suo canto Choomie, Epi ama fondere le sue radici tradizionali con la musica moderna e occidentale in una brillante improvvisazione.<\/span><\/p>\n<p>Formazione:<br \/>\nEpi: <em>voce, morin khuur<\/em><\/p>\n<p><iframe title=\"YouTube video player\" src=\"https:\/\/www.youtube.com\/embed\/OU3RaW9IJiA?si=EAZw8w22Yi4Qjm9j\" width=\"560\" height=\"315\" frameborder=\"0\" allowfullscreen=\"allowfullscreen\"><\/iframe><\/p>\n<p><iframe title=\"YouTube video player\" src=\"https:\/\/www.youtube.com\/embed\/PHjiWgjeQjM?si=kFCeMzJCPcuIU9SG\" width=\"560\" height=\"315\" frameborder=\"0\" allowfullscreen=\"allowfullscreen\"><\/iframe><\/p>\n<p>&nbsp;<\/p>\n<h3 style=\"color: red;\"><a href=\"https:\/\/www.azzurroservice.net\/biglietti\/epi-mongolia\/\" target=\"_blank\" rel=\"noopener noreferrer\">Biglietto acquistabile qui<\/a><\/h3>\n<p>&nbsp;<\/p>\n<hr \/>\n<p>&nbsp;<\/p>\n<hr \/>\n<div id='gallery-1' class='gallery galleryid-9289 gallery-columns-3 gallery-size-medium'><figure class='gallery-item'>\n\t\t\t<div class='gallery-icon portrait'>\n\t\t\t\t<a href='https:\/\/www.festivalethnos.it\/?attachment_id=9293'><img decoding=\"async\" width=\"200\" height=\"300\" src=\"https:\/\/www.festivalethnos.it\/wp-content\/uploads\/2023\/09\/Epi_3_all_rights_reserved-200x300.jpg\" class=\"attachment-medium size-medium\" alt=\"\" srcset=\"https:\/\/www.festivalethnos.it\/wp-content\/uploads\/2023\/09\/Epi_3_all_rights_reserved-200x300.jpg 200w, https:\/\/www.festivalethnos.it\/wp-content\/uploads\/2023\/09\/Epi_3_all_rights_reserved-690x1035.jpg 690w, https:\/\/www.festivalethnos.it\/wp-content\/uploads\/2023\/09\/Epi_3_all_rights_reserved-768x1152.jpg 768w, https:\/\/www.festivalethnos.it\/wp-content\/uploads\/2023\/09\/Epi_3_all_rights_reserved-360x540.jpg 360w, https:\/\/www.festivalethnos.it\/wp-content\/uploads\/2023\/09\/Epi_3_all_rights_reserved-77x116.jpg 77w, https:\/\/www.festivalethnos.it\/wp-content\/uploads\/2023\/09\/Epi_3_all_rights_reserved.jpg 800w\" sizes=\"(max-width: 200px) 100vw, 200px\" \/><\/a>\n\t\t\t<\/div><\/figure><figure class='gallery-item'>\n\t\t\t<div class='gallery-icon landscape'>\n\t\t\t\t<a href='https:\/\/www.festivalethnos.it\/?attachment_id=9294'><img decoding=\"async\" width=\"300\" height=\"201\" src=\"https:\/\/www.festivalethnos.it\/wp-content\/uploads\/2023\/09\/Epi_1_all_rights_reserved-300x201.jpg\" class=\"attachment-medium size-medium\" alt=\"\" srcset=\"https:\/\/www.festivalethnos.it\/wp-content\/uploads\/2023\/09\/Epi_1_all_rights_reserved-300x201.jpg 300w, https:\/\/www.festivalethnos.it\/wp-content\/uploads\/2023\/09\/Epi_1_all_rights_reserved-690x462.jpg 690w, https:\/\/www.festivalethnos.it\/wp-content\/uploads\/2023\/09\/Epi_1_all_rights_reserved-768x514.jpg 768w, https:\/\/www.festivalethnos.it\/wp-content\/uploads\/2023\/09\/Epi_1_all_rights_reserved-720x482.jpg 720w, https:\/\/www.festivalethnos.it\/wp-content\/uploads\/2023\/09\/Epi_1_all_rights_reserved-173x116.jpg 173w, https:\/\/www.festivalethnos.it\/wp-content\/uploads\/2023\/09\/Epi_1_all_rights_reserved-272x182.jpg 272w, https:\/\/www.festivalethnos.it\/wp-content\/uploads\/2023\/09\/Epi_1_all_rights_reserved.jpg 1200w\" sizes=\"(max-width: 300px) 100vw, 300px\" \/><\/a>\n\t\t\t<\/div><\/figure><figure class='gallery-item'>\n\t\t\t<div class='gallery-icon portrait'>\n\t\t\t\t<a href='https:\/\/www.festivalethnos.it\/?attachment_id=9295'><img loading=\"lazy\" decoding=\"async\" width=\"200\" height=\"300\" src=\"https:\/\/www.festivalethnos.it\/wp-content\/uploads\/2023\/09\/Epi_2_all_rights_reserved-200x300.jpg\" class=\"attachment-medium size-medium\" alt=\"\" srcset=\"https:\/\/www.festivalethnos.it\/wp-content\/uploads\/2023\/09\/Epi_2_all_rights_reserved-200x300.jpg 200w, https:\/\/www.festivalethnos.it\/wp-content\/uploads\/2023\/09\/Epi_2_all_rights_reserved-690x1035.jpg 690w, https:\/\/www.festivalethnos.it\/wp-content\/uploads\/2023\/09\/Epi_2_all_rights_reserved-768x1152.jpg 768w, https:\/\/www.festivalethnos.it\/wp-content\/uploads\/2023\/09\/Epi_2_all_rights_reserved-360x540.jpg 360w, https:\/\/www.festivalethnos.it\/wp-content\/uploads\/2023\/09\/Epi_2_all_rights_reserved-77x116.jpg 77w, https:\/\/www.festivalethnos.it\/wp-content\/uploads\/2023\/09\/Epi_2_all_rights_reserved.jpg 800w\" sizes=\"(max-width: 200px) 100vw, 200px\" \/><\/a>\n\t\t\t<\/div><\/figure>\n\t\t<\/div>\n\n<h4><\/h4>\n<p>&nbsp;<\/p>\n<p>&nbsp;<\/p>\n<p>&nbsp;<\/p>\n<p>[one_third]<\/p>\n<p>&nbsp;<\/p>\n<p>[\/one_third]<\/p>\n<p><img loading=\"lazy\" decoding=\"async\" class=\"alignnone wp-image-7627 size-full\" src=\"https:\/\/www.festivalethnos.it\/wp-content\/uploads\/2023\/08\/loghi_footer-2.jpg\" alt=\"\" width=\"966\" height=\"115\" \/><\/p>\n","protected":false},"excerpt":{"rendered":"<p>&nbsp; SABATO 9 SETTEMBRE PORTCI Reggia di Portici &#8211; Sala Cinese Via Universit\u00e0, 100 ore 19.00 \u20ac 5 Concerto di EPI (Mongolia) Epi \u00e8 un amato musicista che varia tra i generi come l\u2019Hip-Hop mongolo dove gli piace mostrare il suo lato jazz. La sua interpretazione della musica popolare mongola gli permette di muoversi tra&hellip;<\/p>\n","protected":false},"author":1,"featured_media":0,"parent":0,"menu_order":0,"comment_status":"closed","ping_status":"closed","template":"","meta":{"footnotes":""},"class_list":["post-9289","page","type-page","status-publish","hentry"],"_links":{"self":[{"href":"https:\/\/www.festivalethnos.it\/index.php?rest_route=\/wp\/v2\/pages\/9289","targetHints":{"allow":["GET"]}}],"collection":[{"href":"https:\/\/www.festivalethnos.it\/index.php?rest_route=\/wp\/v2\/pages"}],"about":[{"href":"https:\/\/www.festivalethnos.it\/index.php?rest_route=\/wp\/v2\/types\/page"}],"author":[{"embeddable":true,"href":"https:\/\/www.festivalethnos.it\/index.php?rest_route=\/wp\/v2\/users\/1"}],"replies":[{"embeddable":true,"href":"https:\/\/www.festivalethnos.it\/index.php?rest_route=%2Fwp%2Fv2%2Fcomments&post=9289"}],"version-history":[{"count":3,"href":"https:\/\/www.festivalethnos.it\/index.php?rest_route=\/wp\/v2\/pages\/9289\/revisions"}],"predecessor-version":[{"id":9699,"href":"https:\/\/www.festivalethnos.it\/index.php?rest_route=\/wp\/v2\/pages\/9289\/revisions\/9699"}],"wp:attachment":[{"href":"https:\/\/www.festivalethnos.it\/index.php?rest_route=%2Fwp%2Fv2%2Fmedia&parent=9289"}],"curies":[{"name":"wp","href":"https:\/\/api.w.org\/{rel}","templated":true}]}}

<p>&nbsp;</p>
<p><img fetchpriority="high" decoding="async" class="alignnone wp-image-9291 size-full" src="https://www.festivalethnos.it/wp-content/uploads/2023/09/epi-artisti.jpg" alt="" width="967" height="413" srcset="https://www.festivalethnos.it/wp-content/uploads/2023/09/epi-artisti.jpg 967w, https://www.festivalethnos.it/wp-content/uploads/2023/09/epi-artisti-300x128.jpg 300w, https://www.festivalethnos.it/wp-content/uploads/2023/09/epi-artisti-690x295.jpg 690w, https://www.festivalethnos.it/wp-content/uploads/2023/09/epi-artisti-768x328.jpg 768w, https://www.festivalethnos.it/wp-content/uploads/2023/09/epi-artisti-720x308.jpg 720w, https://www.festivalethnos.it/wp-content/uploads/2023/09/epi-artisti-228x97.jpg 228w" sizes="(max-width: 967px) 100vw, 967px" /></p>
<h2>SABATO 9 SETTEMBRE <span style="color: #d03742;">PORTCI</span></h2>
<p><strong>Reggia di Portici &#8211; Sala Cinese</strong><br />
Via Università, 100<br />
ore 19.00<br />
€ 5</p>
<h2>Concerto di <span style="color: #d03742;">EPI</span></h2>
<p><em>(Mongolia)</em><br />
<span style="font-weight: 400;">Epi è un amato musicista che varia tra i generi come l’Hip-Hop mongolo dove gli piace mostrare il suo lato jazz. La sua interpretazione della musica popolare mongola gli permette di muoversi tra due mondi ed è per questo che il suo Cd da solista si chiama &#8220;Hoirr Öngö&#8221; (tra due mondi). Definito la voce miracolosa della Mongolia, è un vagabondo tra le culture.  Con la sua interpretazione del morin khuur e la perfezione del suo canto Choomie, Epi ama fondere le sue radici tradizionali con la musica moderna e occidentale in una brillante improvvisazione.</span></p>
<p>Formazione:<br />
Epi: <em>voce, morin khuur</em></p>
<p><iframe title="YouTube video player" src="https://www.youtube.com/embed/OU3RaW9IJiA?si=EAZw8w22Yi4Qjm9j" width="560" height="315" frameborder="0" allowfullscreen="allowfullscreen"></iframe></p>
<p><iframe title="YouTube video player" src="https://www.youtube.com/embed/PHjiWgjeQjM?si=kFCeMzJCPcuIU9SG" width="560" height="315" frameborder="0" allowfullscreen="allowfullscreen"></iframe></p>
<p>&nbsp;</p>
<h3 style="color: red;"><a href="https://www.azzurroservice.net/biglietti/epi-mongolia/" target="_blank" rel="noopener noreferrer">Biglietto acquistabile qui</a></h3>
<p>&nbsp;</p>
<hr />
<p>&nbsp;</p>
<hr />
<div id='gallery-1' class='gallery galleryid-9289 gallery-columns-3 gallery-size-medium'><figure class='gallery-item'>
			<div class='gallery-icon portrait'>
				<a href='https://www.festivalethnos.it/?attachment_id=9293'><img decoding="async" width="200" height="300" src="https://www.festivalethnos.it/wp-content/uploads/2023/09/Epi_3_all_rights_reserved-200x300.jpg" class="attachment-medium size-medium" alt="" srcset="https://www.festivalethnos.it/wp-content/uploads/2023/09/Epi_3_all_rights_reserved-200x300.jpg 200w, https://www.festivalethnos.it/wp-content/uploads/2023/09/Epi_3_all_rights_reserved-690x1035.jpg 690w, https://www.festivalethnos.it/wp-content/uploads/2023/09/Epi_3_all_rights_reserved-768x1152.jpg 768w, https://www.festivalethnos.it/wp-content/uploads/2023/09/Epi_3_all_rights_reserved-360x540.jpg 360w, https://www.festivalethnos.it/wp-content/uploads/2023/09/Epi_3_all_rights_reserved-77x116.jpg 77w, https://www.festivalethnos.it/wp-content/uploads/2023/09/Epi_3_all_rights_reserved.jpg 800w" sizes="(max-width: 200px) 100vw, 200px" /></a>
			</div></figure><figure class='gallery-item'>
			<div class='gallery-icon landscape'>
				<a href='https://www.festivalethnos.it/?attachment_id=9294'><img decoding="async" width="300" height="201" src="https://www.festivalethnos.it/wp-content/uploads/2023/09/Epi_1_all_rights_reserved-300x201.jpg" class="attachment-medium size-medium" alt="" srcset="https://www.festivalethnos.it/wp-content/uploads/2023/09/Epi_1_all_rights_reserved-300x201.jpg 300w, https://www.festivalethnos.it/wp-content/uploads/2023/09/Epi_1_all_rights_reserved-690x462.jpg 690w, https://www.festivalethnos.it/wp-content/uploads/2023/09/Epi_1_all_rights_reserved-768x514.jpg 768w, https://www.festivalethnos.it/wp-content/uploads/2023/09/Epi_1_all_rights_reserved-720x482.jpg 720w, https://www.festivalethnos.it/wp-content/uploads/2023/09/Epi_1_all_rights_reserved-173x116.jpg 173w, https://www.festivalethnos.it/wp-content/uploads/2023/09/Epi_1_all_rights_reserved-272x182.jpg 272w, https://www.festivalethnos.it/wp-content/uploads/2023/09/Epi_1_all_rights_reserved.jpg 1200w" sizes="(max-width: 300px) 100vw, 300px" /></a>
			</div></figure><figure class='gallery-item'>
			<div class='gallery-icon portrait'>
				<a href='https://www.festivalethnos.it/?attachment_id=9295'><img loading="lazy" decoding="async" width="200" height="300" src="https://www.festivalethnos.it/wp-content/uploads/2023/09/Epi_2_all_rights_reserved-200x300.jpg" class="attachment-medium size-medium" alt="" srcset="https://www.festivalethnos.it/wp-content/uploads/2023/09/Epi_2_all_rights_reserved-200x300.jpg 200w, https://www.festivalethnos.it/wp-content/uploads/2023/09/Epi_2_all_rights_reserved-690x1035.jpg 690w, https://www.festivalethnos.it/wp-content/uploads/2023/09/Epi_2_all_rights_reserved-768x1152.jpg 768w, https://www.festivalethnos.it/wp-content/uploads/2023/09/Epi_2_all_rights_reserved-360x540.jpg 360w, https://www.festivalethnos.it/wp-content/uploads/2023/09/Epi_2_all_rights_reserved-77x116.jpg 77w, https://www.festivalethnos.it/wp-content/uploads/2023/09/Epi_2_all_rights_reserved.jpg 800w" sizes="(max-width: 200px) 100vw, 200px" /></a>
			</div></figure>
		</div>

<h4></h4>
<p>&nbsp;</p>
<p>&nbsp;</p>
<p>&nbsp;</p>
<p>[one_third]</p>
<p>&nbsp;</p>
<p>[/one_third]</p>
<p><img loading="lazy" decoding="async" class="alignnone wp-image-7627 size-full" src="https://www.festivalethnos.it/wp-content/uploads/2023/08/loghi_footer-2.jpg" alt="" width="966" height="115" /></p>

<p>&nbsp; SABATO 9 SETTEMBRE PORTCI Reggia di Portici &#8211; Sala Cinese Via Università, 100 ore 19.00 € 5 Concerto di EPI (Mongolia) Epi è un amato musicista che varia tra i generi come l’Hip-Hop mongolo dove gli piace mostrare il suo lato jazz. La sua interpretazione della musica popolare mongola gli permette di muoversi tra&hellip;</p>
