{"id":9348,"date":"2023-09-01T19:53:05","date_gmt":"2023-09-01T17:53:05","guid":{"rendered":"https:\/\/www.festivalethnos.it\/?page_id=9348"},"modified":"2023-09-01T21:22:37","modified_gmt":"2023-09-01T19:22:37","slug":"pamela-villoresi","status":"publish","type":"page","link":"https:\/\/www.festivalethnos.it\/?page_id=9348","title":{"rendered":"Pamela Villoresi"},"content":{"rendered":"<p>&nbsp;<\/p>\n<p><img fetchpriority=\"high\" decoding=\"async\" class=\"alignnone wp-image-9351 size-full\" src=\"https:\/\/www.festivalethnos.it\/wp-content\/uploads\/2023\/09\/villoresi-artisti.jpg\" alt=\"\" width=\"967\" height=\"413\" srcset=\"https:\/\/www.festivalethnos.it\/wp-content\/uploads\/2023\/09\/villoresi-artisti.jpg 967w, https:\/\/www.festivalethnos.it\/wp-content\/uploads\/2023\/09\/villoresi-artisti-300x128.jpg 300w, https:\/\/www.festivalethnos.it\/wp-content\/uploads\/2023\/09\/villoresi-artisti-690x295.jpg 690w, https:\/\/www.festivalethnos.it\/wp-content\/uploads\/2023\/09\/villoresi-artisti-768x328.jpg 768w, https:\/\/www.festivalethnos.it\/wp-content\/uploads\/2023\/09\/villoresi-artisti-720x308.jpg 720w, https:\/\/www.festivalethnos.it\/wp-content\/uploads\/2023\/09\/villoresi-artisti-228x97.jpg 228w\" sizes=\"(max-width: 967px) 100vw, 967px\" \/><\/p>\n<h2>DOMENICA 17 SETTEMBRE <span style=\"color: #d03742;\">ERCOLANO<\/span><\/h2>\n<p><strong>Villa Campolieto<\/strong>,<br \/>\nCorso Resina, 283<br \/>\nore 21.00<br \/>\n\u20ac 5<\/p>\n<h2>Concerto di <span style=\"color: #d03742;\">PAMELA VILLORESI IN \u201cDELLA PROFETESSA E DI SPARTACO\u201d <\/span><\/h2>\n<p><strong>Recital con musiche dal vivo<\/strong><\/p>\n<p><span style=\"font-weight: 400;\">Fu Roma a conoscere le pi\u00f9 devastanti insurrezioni degli schiavi. Tra il II e il I secolo a. C si contano tre importanti rivolte di schiavi, l\u2019ultima e pi\u00f9 conosciuta dal 73 al 71 fu quella capeggiata da Spartacus, guerriero prediletto da Dioniso e invincibile gladiatore. Spartacus, alla vigilia della battaglia, davanti a un esercito di decine di migliaia di uomini, avverte tutta la sua fragilit\u00e0 e invoca l\u2019aiuto della Profetessa di Dioniso. Parlare oggi di Spartaco ci obbliga moralmente ed eticamente a parlare del suo sacrificio umano per giungere alla conquista della libert\u00e0 attraverso la ribellione come in altrettanti casi della storia \u00e8 successo. Storie umane di donne e di uomini, di bambini a volte, ci narrano del bisogno profondo di una umanit\u00e0 dispera, smarrita. La schiavit\u00f9 come condizione da cui sottrarsi, la schiavit\u00f9 psicologica da cui scappare per cercare sempre e comunque la libert\u00e0 del pensiero e dello spirito. Quanta schiavit\u00f9, quanta dipendenza ancora resta allo schiavo che pur si \u00e8 liberato dalle catene? <\/span><\/p>\n<p>con<br \/>\nPamela Villoresi<br \/>\nMassimo De Matteo<\/p>\n<p>musiche:<br \/>\nMimmo Maglionico: <em>arrangiamenti e fiati <\/em><br \/>\nRoberto Trenca: <em>plettri <\/em><br \/>\nGabriele Borrelli: <em>percussioni <\/em><br \/>\nRegia Gigi Di Luca<\/p>\n<p>&nbsp;<\/p>\n<h3 style=\"color: red;\"><a href=\"https:\/\/www.azzurroservice.net\/biglietti\/della-profetessa-e-di-spartaco-italia\/\" target=\"_blank\" rel=\"noopener noreferrer\">Biglietto acquistabile qui<\/a><\/h3>\n<p>&nbsp;<\/p>\n<hr \/>\n<p>&nbsp;<\/p>\n<hr \/>\n<div id='gallery-1' class='gallery galleryid-9348 gallery-columns-3 gallery-size-medium'><figure class='gallery-item'>\n\t\t\t<div class='gallery-icon landscape'>\n\t\t\t\t<a href='https:\/\/www.festivalethnos.it\/?attachment_id=9353'><img decoding=\"async\" width=\"259\" height=\"194\" src=\"https:\/\/www.festivalethnos.it\/wp-content\/uploads\/2023\/09\/villoresi.jpg\" class=\"attachment-medium size-medium\" alt=\"\" srcset=\"https:\/\/www.festivalethnos.it\/wp-content\/uploads\/2023\/09\/villoresi.jpg 259w, https:\/\/www.festivalethnos.it\/wp-content\/uploads\/2023\/09\/villoresi-155x116.jpg 155w\" sizes=\"(max-width: 259px) 100vw, 259px\" \/><\/a>\n\t\t\t<\/div><\/figure><figure class='gallery-item'>\n\t\t\t<div class='gallery-icon landscape'>\n\t\t\t\t<a href='https:\/\/www.festivalethnos.it\/?attachment_id=9354'><img decoding=\"async\" width=\"300\" height=\"201\" src=\"https:\/\/www.festivalethnos.it\/wp-content\/uploads\/2023\/09\/1_MimmoMaglionico_Pietrarsa-300x201.jpg\" class=\"attachment-medium size-medium\" alt=\"\" srcset=\"https:\/\/www.festivalethnos.it\/wp-content\/uploads\/2023\/09\/1_MimmoMaglionico_Pietrarsa-300x201.jpg 300w, https:\/\/www.festivalethnos.it\/wp-content\/uploads\/2023\/09\/1_MimmoMaglionico_Pietrarsa-690x461.jpg 690w, https:\/\/www.festivalethnos.it\/wp-content\/uploads\/2023\/09\/1_MimmoMaglionico_Pietrarsa-768x513.jpg 768w, https:\/\/www.festivalethnos.it\/wp-content\/uploads\/2023\/09\/1_MimmoMaglionico_Pietrarsa-720x481.jpg 720w, https:\/\/www.festivalethnos.it\/wp-content\/uploads\/2023\/09\/1_MimmoMaglionico_Pietrarsa-174x116.jpg 174w, https:\/\/www.festivalethnos.it\/wp-content\/uploads\/2023\/09\/1_MimmoMaglionico_Pietrarsa-272x182.jpg 272w, https:\/\/www.festivalethnos.it\/wp-content\/uploads\/2023\/09\/1_MimmoMaglionico_Pietrarsa.jpg 1532w\" sizes=\"(max-width: 300px) 100vw, 300px\" \/><\/a>\n\t\t\t<\/div><\/figure><figure class='gallery-item'>\n\t\t\t<div class='gallery-icon landscape'>\n\t\t\t\t<a href='https:\/\/www.festivalethnos.it\/?attachment_id=9355'><img loading=\"lazy\" decoding=\"async\" width=\"300\" height=\"168\" src=\"https:\/\/www.festivalethnos.it\/wp-content\/uploads\/2023\/09\/Gabriele-Borrelli.jpg\" class=\"attachment-medium size-medium\" alt=\"\" srcset=\"https:\/\/www.festivalethnos.it\/wp-content\/uploads\/2023\/09\/Gabriele-Borrelli.jpg 300w, https:\/\/www.festivalethnos.it\/wp-content\/uploads\/2023\/09\/Gabriele-Borrelli-207x116.jpg 207w\" sizes=\"(max-width: 300px) 100vw, 300px\" \/><\/a>\n\t\t\t<\/div><\/figure><figure class='gallery-item'>\n\t\t\t<div class='gallery-icon landscape'>\n\t\t\t\t<a href='https:\/\/www.festivalethnos.it\/?attachment_id=9356'><img loading=\"lazy\" decoding=\"async\" width=\"300\" height=\"200\" src=\"https:\/\/www.festivalethnos.it\/wp-content\/uploads\/2023\/09\/MassimoDeMattteo4CaremoliCristina-300x200.jpg\" class=\"attachment-medium size-medium\" alt=\"\" srcset=\"https:\/\/www.festivalethnos.it\/wp-content\/uploads\/2023\/09\/MassimoDeMattteo4CaremoliCristina-300x200.jpg 300w, https:\/\/www.festivalethnos.it\/wp-content\/uploads\/2023\/09\/MassimoDeMattteo4CaremoliCristina-690x460.jpg 690w, https:\/\/www.festivalethnos.it\/wp-content\/uploads\/2023\/09\/MassimoDeMattteo4CaremoliCristina-768x512.jpg 768w, https:\/\/www.festivalethnos.it\/wp-content\/uploads\/2023\/09\/MassimoDeMattteo4CaremoliCristina-720x480.jpg 720w, https:\/\/www.festivalethnos.it\/wp-content\/uploads\/2023\/09\/MassimoDeMattteo4CaremoliCristina-174x116.jpg 174w, https:\/\/www.festivalethnos.it\/wp-content\/uploads\/2023\/09\/MassimoDeMattteo4CaremoliCristina-272x182.jpg 272w, https:\/\/www.festivalethnos.it\/wp-content\/uploads\/2023\/09\/MassimoDeMattteo4CaremoliCristina.jpg 1051w\" sizes=\"(max-width: 300px) 100vw, 300px\" \/><\/a>\n\t\t\t<\/div><\/figure><figure class='gallery-item'>\n\t\t\t<div class='gallery-icon portrait'>\n\t\t\t\t<a href='https:\/\/www.festivalethnos.it\/?attachment_id=9357'><img loading=\"lazy\" decoding=\"async\" width=\"200\" height=\"300\" src=\"https:\/\/www.festivalethnos.it\/wp-content\/uploads\/2023\/09\/Roberto-Trenca-200x300.jpg\" class=\"attachment-medium size-medium\" alt=\"\" srcset=\"https:\/\/www.festivalethnos.it\/wp-content\/uploads\/2023\/09\/Roberto-Trenca-200x300.jpg 200w, https:\/\/www.festivalethnos.it\/wp-content\/uploads\/2023\/09\/Roberto-Trenca-77x116.jpg 77w, https:\/\/www.festivalethnos.it\/wp-content\/uploads\/2023\/09\/Roberto-Trenca.jpg 333w\" sizes=\"(max-width: 200px) 100vw, 200px\" \/><\/a>\n\t\t\t<\/div><\/figure><figure class='gallery-item'>\n\t\t\t<div class='gallery-icon landscape'>\n\t\t\t\t<a href='https:\/\/www.festivalethnos.it\/?attachment_id=9358'><img loading=\"lazy\" decoding=\"async\" width=\"300\" height=\"249\" src=\"https:\/\/www.festivalethnos.it\/wp-content\/uploads\/2023\/09\/1V8A4068a_tn-300x249.jpg\" class=\"attachment-medium size-medium\" alt=\"\" srcset=\"https:\/\/www.festivalethnos.it\/wp-content\/uploads\/2023\/09\/1V8A4068a_tn-300x249.jpg 300w, https:\/\/www.festivalethnos.it\/wp-content\/uploads\/2023\/09\/1V8A4068a_tn-690x574.jpg 690w, https:\/\/www.festivalethnos.it\/wp-content\/uploads\/2023\/09\/1V8A4068a_tn-768x638.jpg 768w, https:\/\/www.festivalethnos.it\/wp-content\/uploads\/2023\/09\/1V8A4068a_tn-650x540.jpg 650w, https:\/\/www.festivalethnos.it\/wp-content\/uploads\/2023\/09\/1V8A4068a_tn-140x116.jpg 140w, https:\/\/www.festivalethnos.it\/wp-content\/uploads\/2023\/09\/1V8A4068a_tn.jpg 1232w\" sizes=\"(max-width: 300px) 100vw, 300px\" \/><\/a>\n\t\t\t<\/div><\/figure>\n\t\t<\/div>\n\n<h4><\/h4>\n<p>&nbsp;<\/p>\n<p>&nbsp;<\/p>\n<p>&nbsp;<\/p>\n<p>[one_third]<\/p>\n<p>&nbsp;<\/p>\n<p>[\/one_third]<\/p>\n<p><img loading=\"lazy\" decoding=\"async\" class=\"alignnone wp-image-7627 size-full\" src=\"https:\/\/www.festivalethnos.it\/wp-content\/uploads\/2023\/08\/loghi_footer-2.jpg\" alt=\"\" width=\"966\" height=\"115\" \/><\/p>\n","protected":false},"excerpt":{"rendered":"<p>&nbsp; DOMENICA 17 SETTEMBRE ERCOLANO Villa Campolieto, Corso Resina, 283 ore 21.00 \u20ac 5 Concerto di PAMELA VILLORESI IN \u201cDELLA PROFETESSA E DI SPARTACO\u201d Recital con musiche dal vivo Fu Roma a conoscere le pi\u00f9 devastanti insurrezioni degli schiavi. Tra il II e il I secolo a. C si contano tre importanti rivolte di schiavi,&hellip;<\/p>\n","protected":false},"author":1,"featured_media":0,"parent":0,"menu_order":0,"comment_status":"closed","ping_status":"closed","template":"","meta":{"footnotes":""},"class_list":["post-9348","page","type-page","status-publish","hentry"],"_links":{"self":[{"href":"https:\/\/www.festivalethnos.it\/index.php?rest_route=\/wp\/v2\/pages\/9348","targetHints":{"allow":["GET"]}}],"collection":[{"href":"https:\/\/www.festivalethnos.it\/index.php?rest_route=\/wp\/v2\/pages"}],"about":[{"href":"https:\/\/www.festivalethnos.it\/index.php?rest_route=\/wp\/v2\/types\/page"}],"author":[{"embeddable":true,"href":"https:\/\/www.festivalethnos.it\/index.php?rest_route=\/wp\/v2\/users\/1"}],"replies":[{"embeddable":true,"href":"https:\/\/www.festivalethnos.it\/index.php?rest_route=%2Fwp%2Fv2%2Fcomments&post=9348"}],"version-history":[{"count":4,"href":"https:\/\/www.festivalethnos.it\/index.php?rest_route=\/wp\/v2\/pages\/9348\/revisions"}],"predecessor-version":[{"id":9350,"href":"https:\/\/www.festivalethnos.it\/index.php?rest_route=\/wp\/v2\/pages\/9348\/revisions\/9350"}],"wp:attachment":[{"href":"https:\/\/www.festivalethnos.it\/index.php?rest_route=%2Fwp%2Fv2%2Fmedia&parent=9348"}],"curies":[{"name":"wp","href":"https:\/\/api.w.org\/{rel}","templated":true}]}}

<p>&nbsp;</p>
<p><img fetchpriority="high" decoding="async" class="alignnone wp-image-9351 size-full" src="https://www.festivalethnos.it/wp-content/uploads/2023/09/villoresi-artisti.jpg" alt="" width="967" height="413" srcset="https://www.festivalethnos.it/wp-content/uploads/2023/09/villoresi-artisti.jpg 967w, https://www.festivalethnos.it/wp-content/uploads/2023/09/villoresi-artisti-300x128.jpg 300w, https://www.festivalethnos.it/wp-content/uploads/2023/09/villoresi-artisti-690x295.jpg 690w, https://www.festivalethnos.it/wp-content/uploads/2023/09/villoresi-artisti-768x328.jpg 768w, https://www.festivalethnos.it/wp-content/uploads/2023/09/villoresi-artisti-720x308.jpg 720w, https://www.festivalethnos.it/wp-content/uploads/2023/09/villoresi-artisti-228x97.jpg 228w" sizes="(max-width: 967px) 100vw, 967px" /></p>
<h2>DOMENICA 17 SETTEMBRE <span style="color: #d03742;">ERCOLANO</span></h2>
<p><strong>Villa Campolieto</strong>,<br />
Corso Resina, 283<br />
ore 21.00<br />
€ 5</p>
<h2>Concerto di <span style="color: #d03742;">PAMELA VILLORESI IN “DELLA PROFETESSA E DI SPARTACO” </span></h2>
<p><strong>Recital con musiche dal vivo</strong></p>
<p><span style="font-weight: 400;">Fu Roma a conoscere le più devastanti insurrezioni degli schiavi. Tra il II e il I secolo a. C si contano tre importanti rivolte di schiavi, l’ultima e più conosciuta dal 73 al 71 fu quella capeggiata da Spartacus, guerriero prediletto da Dioniso e invincibile gladiatore. Spartacus, alla vigilia della battaglia, davanti a un esercito di decine di migliaia di uomini, avverte tutta la sua fragilità e invoca l’aiuto della Profetessa di Dioniso. Parlare oggi di Spartaco ci obbliga moralmente ed eticamente a parlare del suo sacrificio umano per giungere alla conquista della libertà attraverso la ribellione come in altrettanti casi della storia è successo. Storie umane di donne e di uomini, di bambini a volte, ci narrano del bisogno profondo di una umanità dispera, smarrita. La schiavitù come condizione da cui sottrarsi, la schiavitù psicologica da cui scappare per cercare sempre e comunque la libertà del pensiero e dello spirito. Quanta schiavitù, quanta dipendenza ancora resta allo schiavo che pur si è liberato dalle catene? </span></p>
<p>con<br />
Pamela Villoresi<br />
Massimo De Matteo</p>
<p>musiche:<br />
Mimmo Maglionico: <em>arrangiamenti e fiati </em><br />
Roberto Trenca: <em>plettri </em><br />
Gabriele Borrelli: <em>percussioni </em><br />
Regia Gigi Di Luca</p>
<p>&nbsp;</p>
<h3 style="color: red;"><a href="https://www.azzurroservice.net/biglietti/della-profetessa-e-di-spartaco-italia/" target="_blank" rel="noopener noreferrer">Biglietto acquistabile qui</a></h3>
<p>&nbsp;</p>
<hr />
<p>&nbsp;</p>
<hr />
<div id='gallery-1' class='gallery galleryid-9348 gallery-columns-3 gallery-size-medium'><figure class='gallery-item'>
			<div class='gallery-icon landscape'>
				<a href='https://www.festivalethnos.it/?attachment_id=9353'><img decoding="async" width="259" height="194" src="https://www.festivalethnos.it/wp-content/uploads/2023/09/villoresi.jpg" class="attachment-medium size-medium" alt="" srcset="https://www.festivalethnos.it/wp-content/uploads/2023/09/villoresi.jpg 259w, https://www.festivalethnos.it/wp-content/uploads/2023/09/villoresi-155x116.jpg 155w" sizes="(max-width: 259px) 100vw, 259px" /></a>
			</div></figure><figure class='gallery-item'>
			<div class='gallery-icon landscape'>
				<a href='https://www.festivalethnos.it/?attachment_id=9354'><img decoding="async" width="300" height="201" src="https://www.festivalethnos.it/wp-content/uploads/2023/09/1_MimmoMaglionico_Pietrarsa-300x201.jpg" class="attachment-medium size-medium" alt="" srcset="https://www.festivalethnos.it/wp-content/uploads/2023/09/1_MimmoMaglionico_Pietrarsa-300x201.jpg 300w, https://www.festivalethnos.it/wp-content/uploads/2023/09/1_MimmoMaglionico_Pietrarsa-690x461.jpg 690w, https://www.festivalethnos.it/wp-content/uploads/2023/09/1_MimmoMaglionico_Pietrarsa-768x513.jpg 768w, https://www.festivalethnos.it/wp-content/uploads/2023/09/1_MimmoMaglionico_Pietrarsa-720x481.jpg 720w, https://www.festivalethnos.it/wp-content/uploads/2023/09/1_MimmoMaglionico_Pietrarsa-174x116.jpg 174w, https://www.festivalethnos.it/wp-content/uploads/2023/09/1_MimmoMaglionico_Pietrarsa-272x182.jpg 272w, https://www.festivalethnos.it/wp-content/uploads/2023/09/1_MimmoMaglionico_Pietrarsa.jpg 1532w" sizes="(max-width: 300px) 100vw, 300px" /></a>
			</div></figure><figure class='gallery-item'>
			<div class='gallery-icon landscape'>
				<a href='https://www.festivalethnos.it/?attachment_id=9355'><img loading="lazy" decoding="async" width="300" height="168" src="https://www.festivalethnos.it/wp-content/uploads/2023/09/Gabriele-Borrelli.jpg" class="attachment-medium size-medium" alt="" srcset="https://www.festivalethnos.it/wp-content/uploads/2023/09/Gabriele-Borrelli.jpg 300w, https://www.festivalethnos.it/wp-content/uploads/2023/09/Gabriele-Borrelli-207x116.jpg 207w" sizes="(max-width: 300px) 100vw, 300px" /></a>
			</div></figure><figure class='gallery-item'>
			<div class='gallery-icon landscape'>
				<a href='https://www.festivalethnos.it/?attachment_id=9356'><img loading="lazy" decoding="async" width="300" height="200" src="https://www.festivalethnos.it/wp-content/uploads/2023/09/MassimoDeMattteo4CaremoliCristina-300x200.jpg" class="attachment-medium size-medium" alt="" srcset="https://www.festivalethnos.it/wp-content/uploads/2023/09/MassimoDeMattteo4CaremoliCristina-300x200.jpg 300w, https://www.festivalethnos.it/wp-content/uploads/2023/09/MassimoDeMattteo4CaremoliCristina-690x460.jpg 690w, https://www.festivalethnos.it/wp-content/uploads/2023/09/MassimoDeMattteo4CaremoliCristina-768x512.jpg 768w, https://www.festivalethnos.it/wp-content/uploads/2023/09/MassimoDeMattteo4CaremoliCristina-720x480.jpg 720w, https://www.festivalethnos.it/wp-content/uploads/2023/09/MassimoDeMattteo4CaremoliCristina-174x116.jpg 174w, https://www.festivalethnos.it/wp-content/uploads/2023/09/MassimoDeMattteo4CaremoliCristina-272x182.jpg 272w, https://www.festivalethnos.it/wp-content/uploads/2023/09/MassimoDeMattteo4CaremoliCristina.jpg 1051w" sizes="(max-width: 300px) 100vw, 300px" /></a>
			</div></figure><figure class='gallery-item'>
			<div class='gallery-icon portrait'>
				<a href='https://www.festivalethnos.it/?attachment_id=9357'><img loading="lazy" decoding="async" width="200" height="300" src="https://www.festivalethnos.it/wp-content/uploads/2023/09/Roberto-Trenca-200x300.jpg" class="attachment-medium size-medium" alt="" srcset="https://www.festivalethnos.it/wp-content/uploads/2023/09/Roberto-Trenca-200x300.jpg 200w, https://www.festivalethnos.it/wp-content/uploads/2023/09/Roberto-Trenca-77x116.jpg 77w, https://www.festivalethnos.it/wp-content/uploads/2023/09/Roberto-Trenca.jpg 333w" sizes="(max-width: 200px) 100vw, 200px" /></a>
			</div></figure><figure class='gallery-item'>
			<div class='gallery-icon landscape'>
				<a href='https://www.festivalethnos.it/?attachment_id=9358'><img loading="lazy" decoding="async" width="300" height="249" src="https://www.festivalethnos.it/wp-content/uploads/2023/09/1V8A4068a_tn-300x249.jpg" class="attachment-medium size-medium" alt="" srcset="https://www.festivalethnos.it/wp-content/uploads/2023/09/1V8A4068a_tn-300x249.jpg 300w, https://www.festivalethnos.it/wp-content/uploads/2023/09/1V8A4068a_tn-690x574.jpg 690w, https://www.festivalethnos.it/wp-content/uploads/2023/09/1V8A4068a_tn-768x638.jpg 768w, https://www.festivalethnos.it/wp-content/uploads/2023/09/1V8A4068a_tn-650x540.jpg 650w, https://www.festivalethnos.it/wp-content/uploads/2023/09/1V8A4068a_tn-140x116.jpg 140w, https://www.festivalethnos.it/wp-content/uploads/2023/09/1V8A4068a_tn.jpg 1232w" sizes="(max-width: 300px) 100vw, 300px" /></a>
			</div></figure>
		</div>

<h4></h4>
<p>&nbsp;</p>
<p>&nbsp;</p>
<p>&nbsp;</p>
<p>[one_third]</p>
<p>&nbsp;</p>
<p>[/one_third]</p>
<p><img loading="lazy" decoding="async" class="alignnone wp-image-7627 size-full" src="https://www.festivalethnos.it/wp-content/uploads/2023/08/loghi_footer-2.jpg" alt="" width="966" height="115" /></p>

<p>&nbsp; DOMENICA 17 SETTEMBRE ERCOLANO Villa Campolieto, Corso Resina, 283 ore 21.00 € 5 Concerto di PAMELA VILLORESI IN “DELLA PROFETESSA E DI SPARTACO” Recital con musiche dal vivo Fu Roma a conoscere le più devastanti insurrezioni degli schiavi. Tra il II e il I secolo a. C si contano tre importanti rivolte di schiavi,&hellip;</p>
