{"id":9377,"date":"2023-09-01T21:35:41","date_gmt":"2023-09-01T19:35:41","guid":{"rendered":"https:\/\/www.festivalethnos.it\/?page_id=9377"},"modified":"2023-09-01T21:42:43","modified_gmt":"2023-09-01T19:42:43","slug":"seckou-keita","status":"publish","type":"page","link":"https:\/\/www.festivalethnos.it\/?page_id=9377","title":{"rendered":"Seckou Keita"},"content":{"rendered":"<p>&nbsp;<\/p>\n<p><img fetchpriority=\"high\" decoding=\"async\" class=\"alignnone wp-image-9379 size-full\" src=\"https:\/\/www.festivalethnos.it\/wp-content\/uploads\/2023\/09\/seckou-artisti.jpg\" alt=\"\" width=\"967\" height=\"413\" srcset=\"https:\/\/www.festivalethnos.it\/wp-content\/uploads\/2023\/09\/seckou-artisti.jpg 967w, https:\/\/www.festivalethnos.it\/wp-content\/uploads\/2023\/09\/seckou-artisti-300x128.jpg 300w, https:\/\/www.festivalethnos.it\/wp-content\/uploads\/2023\/09\/seckou-artisti-690x295.jpg 690w, https:\/\/www.festivalethnos.it\/wp-content\/uploads\/2023\/09\/seckou-artisti-768x328.jpg 768w, https:\/\/www.festivalethnos.it\/wp-content\/uploads\/2023\/09\/seckou-artisti-720x308.jpg 720w, https:\/\/www.festivalethnos.it\/wp-content\/uploads\/2023\/09\/seckou-artisti-228x97.jpg 228w\" sizes=\"(max-width: 967px) 100vw, 967px\" \/><\/p>\n<h2>SABATO 23 SETTEMBRE <span style=\"color: #d03742;\">SAN GIORGIO A CREMANO<\/span><\/h2>\n<p><strong>Villa Bruno<\/strong>,<br \/>\nVia Cavalli di Bronzo, 22<br \/>\nore 19.00<br \/>\n\u20ac 5<\/p>\n<h2>Concerto di <span style=\"color: #d03742;\">SECKOU KEITA SOLO<\/span><\/h2>\n<p><em>(Senegal)<\/em><\/p>\n<p><span style=\"font-weight: 400;\">Seckou Keita \u00e8 diventato senza dubbio uno dei pi\u00f9 influenti e stimolanti musicisti di kora della sua generazione, un artista eccezionale e carismatico.\u00a0Sin dall\u2019inizio della sua carriera internazionale, Seckou ha sempre indagato il significato dell\u2019essere un cittadino globale e moderno, pur esprimendo attraverso la sua musica una tradizione vecchia di 7 secoli. Keita ha intrapreso un viaggio creativo che l\u2019ha visto ampliare il raggio idiomatico del suo strumento e allargare le sue ali per volare pi\u00f9 in alto, sia letteralmente che metaforicamente parlando. Seckou Keita \u00e8 considerato uno dei pi\u00f9 importanti musicisti di kora del mondo. <\/span><\/p>\n<p>Formazione:<br \/>\nSeckou Keita: kora<\/p>\n<p><iframe title=\"YouTube video player\" src=\"https:\/\/www.youtube.com\/embed\/FXH1_5hQI9M?si=OI9-fMWBbJNaMufz\" width=\"560\" height=\"315\" frameborder=\"0\" allowfullscreen=\"allowfullscreen\"><\/iframe><\/p>\n<p><iframe title=\"YouTube video player\" src=\"https:\/\/www.youtube.com\/embed\/zVfx_m5--cQ?si=B-SXYZa3zBB4QDF-\" width=\"560\" height=\"315\" frameborder=\"0\" allowfullscreen=\"allowfullscreen\"><\/iframe><\/p>\n<p>&nbsp;<\/p>\n<h3 style=\"color: red;\"><a href=\"https:\/\/www.azzurroservice.net\/biglietti\/seckou-keta-solo-senegal\/\" target=\"_blank\" rel=\"noopener noreferrer\">Biglietto acquistabile qui<\/a><\/h3>\n<p>&nbsp;<\/p>\n<hr \/>\n<p>&nbsp;<\/p>\n<hr \/>\n<div id='gallery-1' class='gallery galleryid-9377 gallery-columns-3 gallery-size-medium'><figure class='gallery-item'>\n\t\t\t<div class='gallery-icon portrait'>\n\t\t\t\t<a href='https:\/\/www.festivalethnos.it\/?attachment_id=9381'><img decoding=\"async\" width=\"199\" height=\"300\" src=\"https:\/\/www.festivalethnos.it\/wp-content\/uploads\/2023\/09\/Seckou-Keita-201412-\u00ae-Andy-Morgan-39--199x300.jpg\" class=\"attachment-medium size-medium\" alt=\"\" srcset=\"https:\/\/www.festivalethnos.it\/wp-content\/uploads\/2023\/09\/Seckou-Keita-201412-\u00ae-Andy-Morgan-39--199x300.jpg 199w, https:\/\/www.festivalethnos.it\/wp-content\/uploads\/2023\/09\/Seckou-Keita-201412-\u00ae-Andy-Morgan-39--690x1042.jpg 690w, https:\/\/www.festivalethnos.it\/wp-content\/uploads\/2023\/09\/Seckou-Keita-201412-\u00ae-Andy-Morgan-39--768x1160.jpg 768w, https:\/\/www.festivalethnos.it\/wp-content\/uploads\/2023\/09\/Seckou-Keita-201412-\u00ae-Andy-Morgan-39--1017x1536.jpg 1017w, https:\/\/www.festivalethnos.it\/wp-content\/uploads\/2023\/09\/Seckou-Keita-201412-\u00ae-Andy-Morgan-39--1356x2048.jpg 1356w, https:\/\/www.festivalethnos.it\/wp-content\/uploads\/2023\/09\/Seckou-Keita-201412-\u00ae-Andy-Morgan-39--358x540.jpg 358w, https:\/\/www.festivalethnos.it\/wp-content\/uploads\/2023\/09\/Seckou-Keita-201412-\u00ae-Andy-Morgan-39--77x116.jpg 77w, https:\/\/www.festivalethnos.it\/wp-content\/uploads\/2023\/09\/Seckou-Keita-201412-\u00ae-Andy-Morgan-39-.jpg 1500w\" sizes=\"(max-width: 199px) 100vw, 199px\" \/><\/a>\n\t\t\t<\/div><\/figure><figure class='gallery-item'>\n\t\t\t<div class='gallery-icon landscape'>\n\t\t\t\t<a href='https:\/\/www.festivalethnos.it\/?attachment_id=9382'><img decoding=\"async\" width=\"300\" height=\"199\" src=\"https:\/\/www.festivalethnos.it\/wp-content\/uploads\/2023\/09\/Seckou-Keita-201412-\u00ae-Andy-Morgan-32--300x199.jpg\" class=\"attachment-medium size-medium\" alt=\"\" srcset=\"https:\/\/www.festivalethnos.it\/wp-content\/uploads\/2023\/09\/Seckou-Keita-201412-\u00ae-Andy-Morgan-32--300x199.jpg 300w, https:\/\/www.festivalethnos.it\/wp-content\/uploads\/2023\/09\/Seckou-Keita-201412-\u00ae-Andy-Morgan-32--690x457.jpg 690w, https:\/\/www.festivalethnos.it\/wp-content\/uploads\/2023\/09\/Seckou-Keita-201412-\u00ae-Andy-Morgan-32--768x509.jpg 768w, https:\/\/www.festivalethnos.it\/wp-content\/uploads\/2023\/09\/Seckou-Keita-201412-\u00ae-Andy-Morgan-32--720x477.jpg 720w, https:\/\/www.festivalethnos.it\/wp-content\/uploads\/2023\/09\/Seckou-Keita-201412-\u00ae-Andy-Morgan-32--175x116.jpg 175w, https:\/\/www.festivalethnos.it\/wp-content\/uploads\/2023\/09\/Seckou-Keita-201412-\u00ae-Andy-Morgan-32-.jpg 1500w\" sizes=\"(max-width: 300px) 100vw, 300px\" \/><\/a>\n\t\t\t<\/div><\/figure><figure class='gallery-item'>\n\t\t\t<div class='gallery-icon portrait'>\n\t\t\t\t<a href='https:\/\/www.festivalethnos.it\/?attachment_id=9383'><img loading=\"lazy\" decoding=\"async\" width=\"228\" height=\"300\" src=\"https:\/\/www.festivalethnos.it\/wp-content\/uploads\/2023\/09\/seckou_keita_1_big_53935-228x300.jpg\" class=\"attachment-medium size-medium\" alt=\"\" srcset=\"https:\/\/www.festivalethnos.it\/wp-content\/uploads\/2023\/09\/seckou_keita_1_big_53935-228x300.jpg 228w, https:\/\/www.festivalethnos.it\/wp-content\/uploads\/2023\/09\/seckou_keita_1_big_53935-410x540.jpg 410w, https:\/\/www.festivalethnos.it\/wp-content\/uploads\/2023\/09\/seckou_keita_1_big_53935-88x116.jpg 88w, https:\/\/www.festivalethnos.it\/wp-content\/uploads\/2023\/09\/seckou_keita_1_big_53935.jpg 420w\" sizes=\"(max-width: 228px) 100vw, 228px\" \/><\/a>\n\t\t\t<\/div><\/figure>\n\t\t<\/div>\n\n<h4><\/h4>\n<p>&nbsp;<\/p>\n<p>&nbsp;<\/p>\n<p>&nbsp;<\/p>\n<p>[one_third]<\/p>\n<p>&nbsp;<\/p>\n<p>[\/one_third]<\/p>\n<p><img loading=\"lazy\" decoding=\"async\" class=\"alignnone wp-image-7627 size-full\" src=\"https:\/\/www.festivalethnos.it\/wp-content\/uploads\/2023\/08\/loghi_footer-2.jpg\" alt=\"\" width=\"966\" height=\"115\" \/><\/p>\n","protected":false},"excerpt":{"rendered":"<p>&nbsp; SABATO 23 SETTEMBRE SAN GIORGIO A CREMANO Villa Bruno, Via Cavalli di Bronzo, 22 ore 19.00 \u20ac 5 Concerto di SECKOU KEITA SOLO (Senegal) Seckou Keita \u00e8 diventato senza dubbio uno dei pi\u00f9 influenti e stimolanti musicisti di kora della sua generazione, un artista eccezionale e carismatico.\u00a0Sin dall\u2019inizio della sua carriera internazionale, Seckou ha&hellip;<\/p>\n","protected":false},"author":1,"featured_media":0,"parent":0,"menu_order":0,"comment_status":"closed","ping_status":"closed","template":"","meta":{"footnotes":""},"class_list":["post-9377","page","type-page","status-publish","hentry"],"_links":{"self":[{"href":"https:\/\/www.festivalethnos.it\/index.php?rest_route=\/wp\/v2\/pages\/9377","targetHints":{"allow":["GET"]}}],"collection":[{"href":"https:\/\/www.festivalethnos.it\/index.php?rest_route=\/wp\/v2\/pages"}],"about":[{"href":"https:\/\/www.festivalethnos.it\/index.php?rest_route=\/wp\/v2\/types\/page"}],"author":[{"embeddable":true,"href":"https:\/\/www.festivalethnos.it\/index.php?rest_route=\/wp\/v2\/users\/1"}],"replies":[{"embeddable":true,"href":"https:\/\/www.festivalethnos.it\/index.php?rest_route=%2Fwp%2Fv2%2Fcomments&post=9377"}],"version-history":[{"count":3,"href":"https:\/\/www.festivalethnos.it\/index.php?rest_route=\/wp\/v2\/pages\/9377\/revisions"}],"predecessor-version":[{"id":9384,"href":"https:\/\/www.festivalethnos.it\/index.php?rest_route=\/wp\/v2\/pages\/9377\/revisions\/9384"}],"wp:attachment":[{"href":"https:\/\/www.festivalethnos.it\/index.php?rest_route=%2Fwp%2Fv2%2Fmedia&parent=9377"}],"curies":[{"name":"wp","href":"https:\/\/api.w.org\/{rel}","templated":true}]}}

<p>&nbsp;</p>
<p><img fetchpriority="high" decoding="async" class="alignnone wp-image-9379 size-full" src="https://www.festivalethnos.it/wp-content/uploads/2023/09/seckou-artisti.jpg" alt="" width="967" height="413" srcset="https://www.festivalethnos.it/wp-content/uploads/2023/09/seckou-artisti.jpg 967w, https://www.festivalethnos.it/wp-content/uploads/2023/09/seckou-artisti-300x128.jpg 300w, https://www.festivalethnos.it/wp-content/uploads/2023/09/seckou-artisti-690x295.jpg 690w, https://www.festivalethnos.it/wp-content/uploads/2023/09/seckou-artisti-768x328.jpg 768w, https://www.festivalethnos.it/wp-content/uploads/2023/09/seckou-artisti-720x308.jpg 720w, https://www.festivalethnos.it/wp-content/uploads/2023/09/seckou-artisti-228x97.jpg 228w" sizes="(max-width: 967px) 100vw, 967px" /></p>
<h2>SABATO 23 SETTEMBRE <span style="color: #d03742;">SAN GIORGIO A CREMANO</span></h2>
<p><strong>Villa Bruno</strong>,<br />
Via Cavalli di Bronzo, 22<br />
ore 19.00<br />
€ 5</p>
<h2>Concerto di <span style="color: #d03742;">SECKOU KEITA SOLO</span></h2>
<p><em>(Senegal)</em></p>
<p><span style="font-weight: 400;">Seckou Keita è diventato senza dubbio uno dei più influenti e stimolanti musicisti di kora della sua generazione, un artista eccezionale e carismatico. Sin dall’inizio della sua carriera internazionale, Seckou ha sempre indagato il significato dell’essere un cittadino globale e moderno, pur esprimendo attraverso la sua musica una tradizione vecchia di 7 secoli. Keita ha intrapreso un viaggio creativo che l’ha visto ampliare il raggio idiomatico del suo strumento e allargare le sue ali per volare più in alto, sia letteralmente che metaforicamente parlando. Seckou Keita è considerato uno dei più importanti musicisti di kora del mondo. </span></p>
<p>Formazione:<br />
Seckou Keita: kora</p>
<p><iframe title="YouTube video player" src="https://www.youtube.com/embed/FXH1_5hQI9M?si=OI9-fMWBbJNaMufz" width="560" height="315" frameborder="0" allowfullscreen="allowfullscreen"></iframe></p>
<p><iframe title="YouTube video player" src="https://www.youtube.com/embed/zVfx_m5--cQ?si=B-SXYZa3zBB4QDF-" width="560" height="315" frameborder="0" allowfullscreen="allowfullscreen"></iframe></p>
<p>&nbsp;</p>
<h3 style="color: red;"><a href="https://www.azzurroservice.net/biglietti/seckou-keta-solo-senegal/" target="_blank" rel="noopener noreferrer">Biglietto acquistabile qui</a></h3>
<p>&nbsp;</p>
<hr />
<p>&nbsp;</p>
<hr />
<div id='gallery-1' class='gallery galleryid-9377 gallery-columns-3 gallery-size-medium'><figure class='gallery-item'>
			<div class='gallery-icon portrait'>
				<a href='https://www.festivalethnos.it/?attachment_id=9381'><img decoding="async" width="199" height="300" src="https://www.festivalethnos.it/wp-content/uploads/2023/09/Seckou-Keita-201412-®-Andy-Morgan-39--199x300.jpg" class="attachment-medium size-medium" alt="" srcset="https://www.festivalethnos.it/wp-content/uploads/2023/09/Seckou-Keita-201412-®-Andy-Morgan-39--199x300.jpg 199w, https://www.festivalethnos.it/wp-content/uploads/2023/09/Seckou-Keita-201412-®-Andy-Morgan-39--690x1042.jpg 690w, https://www.festivalethnos.it/wp-content/uploads/2023/09/Seckou-Keita-201412-®-Andy-Morgan-39--768x1160.jpg 768w, https://www.festivalethnos.it/wp-content/uploads/2023/09/Seckou-Keita-201412-®-Andy-Morgan-39--1017x1536.jpg 1017w, https://www.festivalethnos.it/wp-content/uploads/2023/09/Seckou-Keita-201412-®-Andy-Morgan-39--1356x2048.jpg 1356w, https://www.festivalethnos.it/wp-content/uploads/2023/09/Seckou-Keita-201412-®-Andy-Morgan-39--358x540.jpg 358w, https://www.festivalethnos.it/wp-content/uploads/2023/09/Seckou-Keita-201412-®-Andy-Morgan-39--77x116.jpg 77w, https://www.festivalethnos.it/wp-content/uploads/2023/09/Seckou-Keita-201412-®-Andy-Morgan-39-.jpg 1500w" sizes="(max-width: 199px) 100vw, 199px" /></a>
			</div></figure><figure class='gallery-item'>
			<div class='gallery-icon landscape'>
				<a href='https://www.festivalethnos.it/?attachment_id=9382'><img decoding="async" width="300" height="199" src="https://www.festivalethnos.it/wp-content/uploads/2023/09/Seckou-Keita-201412-®-Andy-Morgan-32--300x199.jpg" class="attachment-medium size-medium" alt="" srcset="https://www.festivalethnos.it/wp-content/uploads/2023/09/Seckou-Keita-201412-®-Andy-Morgan-32--300x199.jpg 300w, https://www.festivalethnos.it/wp-content/uploads/2023/09/Seckou-Keita-201412-®-Andy-Morgan-32--690x457.jpg 690w, https://www.festivalethnos.it/wp-content/uploads/2023/09/Seckou-Keita-201412-®-Andy-Morgan-32--768x509.jpg 768w, https://www.festivalethnos.it/wp-content/uploads/2023/09/Seckou-Keita-201412-®-Andy-Morgan-32--720x477.jpg 720w, https://www.festivalethnos.it/wp-content/uploads/2023/09/Seckou-Keita-201412-®-Andy-Morgan-32--175x116.jpg 175w, https://www.festivalethnos.it/wp-content/uploads/2023/09/Seckou-Keita-201412-®-Andy-Morgan-32-.jpg 1500w" sizes="(max-width: 300px) 100vw, 300px" /></a>
			</div></figure><figure class='gallery-item'>
			<div class='gallery-icon portrait'>
				<a href='https://www.festivalethnos.it/?attachment_id=9383'><img loading="lazy" decoding="async" width="228" height="300" src="https://www.festivalethnos.it/wp-content/uploads/2023/09/seckou_keita_1_big_53935-228x300.jpg" class="attachment-medium size-medium" alt="" srcset="https://www.festivalethnos.it/wp-content/uploads/2023/09/seckou_keita_1_big_53935-228x300.jpg 228w, https://www.festivalethnos.it/wp-content/uploads/2023/09/seckou_keita_1_big_53935-410x540.jpg 410w, https://www.festivalethnos.it/wp-content/uploads/2023/09/seckou_keita_1_big_53935-88x116.jpg 88w, https://www.festivalethnos.it/wp-content/uploads/2023/09/seckou_keita_1_big_53935.jpg 420w" sizes="(max-width: 228px) 100vw, 228px" /></a>
			</div></figure>
		</div>

<h4></h4>
<p>&nbsp;</p>
<p>&nbsp;</p>
<p>&nbsp;</p>
<p>[one_third]</p>
<p>&nbsp;</p>
<p>[/one_third]</p>
<p><img loading="lazy" decoding="async" class="alignnone wp-image-7627 size-full" src="https://www.festivalethnos.it/wp-content/uploads/2023/08/loghi_footer-2.jpg" alt="" width="966" height="115" /></p>

<p>&nbsp; SABATO 23 SETTEMBRE SAN GIORGIO A CREMANO Villa Bruno, Via Cavalli di Bronzo, 22 ore 19.00 € 5 Concerto di SECKOU KEITA SOLO (Senegal) Seckou Keita è diventato senza dubbio uno dei più influenti e stimolanti musicisti di kora della sua generazione, un artista eccezionale e carismatico. Sin dall’inizio della sua carriera internazionale, Seckou ha&hellip;</p>
